000
CXUS54 KJAN 011510
CF6TVR
PRELIMINARY LOCAL CLIMATOLOGICAL DATA (WS FORM: F-6)
STATION: VICKSBURG
MONTH: DECEMBER
YEAR: 2021
LATITUDE: 32 20 N
LONGITUDE: 91 2 W
TEMPERATURE IN F: :PCPN: SNOW: WIND :SUNSHINE: SKY :PK WND
================================================================================
1 2 3 4 5 6A 6B 7 8 9 10 11 12 13 14 15 16 17 18
12Z AVG MX 2MIN
DY MAX MIN AVG DEP HDD CDD WTR SNW DPTH SPD SPD DIR MIN PSBL S-S WX SPD DR
================================================================================
1 77 40 59 7 6 0 0.00 0.0 0 1.7 9 190 M M 0 1 17 210
2 80 49 65 13 0 0 0.00 0.0 0 0.8 6 190 M M 1 12 12 290
3 74 51 63 11 2 0 0.00 0.0 0 1.7 13 170 M M 3 12 17 180
4 74 55 65 13 0 0 0.00 0.0 0 1.6 10 170 M M 6 12 12 140
5 81 56 69 18 0 4 0.00 0.0 0 6.6 18 170 M M 3 12 26 170
6 73 46 60 9 5 0 0.54 0.0 0 10.8 25 10 M M 8 13 34 360
7 49 45 47 -4 18 0 T 0.0 0 5.6 15 30 M M 10 20 30
8 63 44 54 3 11 0 0.01 0.0 0 3.7 13 20 M M 4 1 15 20
9 72 42 57 6 8 0 0.00 0.0 0 7.4 17 180 M M 7 22 180
10 85 69 77 27 0 12 0.00 0.0 0 9.2 17 180 M M 8 1 31 170
11 78 41 60 10 5 0 0.42 0.0 0 8.6 21 290 M M 6 1 34 320
12 60 34 47 -3 18 0 0.00 0.0 0 3.3 12 30 M M 0 16 40
13 70 32 51 1 14 0 0.00 0.0 0 1.6 6 70 M M 0 1 9 120
14 80 51 66 16 0 1 0.00 0.0 0 5.0 10 160 M M 5 15 160
15 79 59 69 19 0 4 0.00 0.0 0 9.6 15 160 M M 5 1 22 170
16 81 61 71 21 0 6 0.00 0.0 0 7.0 16 180 M M 4 1 22 170
17 80 65 73 24 0 8 0.00 0.0 0 6.9 14 150 M M 5 19 130
18 80 48 64 15 1 0 0.34 0.0 0 8.3 24 360 M M 7 1 33 360
19 48 39 44 -5 21 0 0.00 0.0 0 11.8 22 10 M M 8 31 360
20 46 38 42 -7 23 0 0.06 M 0 5.2 13 30 M M 6 1 18 20
21 55 34 45 -4 20 0 0.00 0.0 0 2.9 9 320 M M 4 1 15 10
22 64 31 48 -1 17 0 0.00 0.0 0 2.3 10 30 M M 0 18 14 30
23 70 34 52 4 13 0 0.00 0.0 0 6.1 14 170 M M 0 19 180
24 79 50 65 17 0 0 0.00 0.0 0 9.7 21 190 M M 1 36 170
25 80 68 74 26 0 9 0.00 0.0 0 4.8 14 220 M M 6 28 180
26 80 64 72 24 0 7 0.00 0.0 0 4.8 14 180 M M 6 18 23 180
27 82 66 74 26 0 9 0.00 0.0 0 5.7 16 180 M M 7 33 180
28 80 64 72 24 0 7 0.17 0.0 0 6.8 14 190 M M 6 3 25 200
29 84 67 76 28 0 11 0.29 0.0 0 5.1 18 180 M M 5 12 30 230
30 85 63 74 26 0 9 0.00 0.0 0 2.1 9 180 M M 3 18 12 120
31 85 64 75 27 0 10 0.00 0.0 0 6.1 14 180 M M 3 18 27 230
================================================================================
SM 2274 1570 182 97 1.83 0.0 172.8 M 137
================================================================================
AV 73.4 50.6 5.6 FASTST M M 4 MAX(MPH)
MISC ----> 25 10 36 170
================================================================================
NOTES:
# LAST OF SEVERAL OCCURRENCES
COLUMN 17 PEAK WIND IN M.P.H.
PRELIMINARY LOCAL CLIMATOLOGICAL DATA (WS FORM: F-6) , PAGE 2
STATION: VICKSBURG
MONTH: DECEMBER
YEAR: 2021
LATITUDE: 32 20 N
LONGITUDE: 91 2 W
[TEMPERATURE DATA] [PRECIPITATION DATA] SYMBOLS USED IN COLUMN 16
AVERAGE MONTHLY: 62.0 TOTAL FOR MONTH: 1.83 1 = FOG OR MIST
DPTR FM NORMAL: 12.3 DPTR FM NORMAL: -3.55 2 = FOG REDUCING VISIBILITY
HIGHEST: 85 ON 31,30 GRTST 24HR 0.54 ON 6- 6 TO 1/4 MILE OR LESS
LOWEST: 31 ON 22 3 = THUNDER
SNOW, ICE PELLETS, HAIL 4 = ICE PELLETS
TOTAL MONTH: 0.0 INCH 5 = HAIL
GRTST 24HR 0.0 6 = FREEZING RAIN OR DRIZZLE
GRTST DEPTH: 0 7 = DUSTSTORM OR SANDSTORM:
VSBY 1/2 MILE OR LESS
8 = SMOKE OR HAZE
[NO. OF DAYS WITH] [WEATHER - DAYS WITH] 9 = BLOWING SNOW
X = TORNADO
MAX 32 OR BELOW: 0 0.01 INCH OR MORE: 7
MAX 90 OR ABOVE: 0 0.10 INCH OR MORE: 5
MIN 32 OR BELOW: 2 0.50 INCH OR MORE: 1
MIN 0 OR BELOW: 0 1.00 INCH OR MORE: 0
[HDD (BASE 65) ]
TOTAL THIS MO. 182 CLEAR (SCALE 0-3) 10
DPTR FM NORMAL -304 PTCLDY (SCALE 4-7) 18
TOTAL FM JUL 1 515 CLOUDY (SCALE 8-10) 3
DPTR FM NORMAL -353
[CDD (BASE 65) ]
TOTAL THIS MO. 97
DPTR FM NORMAL 87 [PRESSURE DATA]
TOTAL FM JAN 1 2966 HIGHEST SLP 30.40 ON 13
DPTR FM NORMAL 426 LOWEST SLP 29.73 ON 28
[REMARKS]
#FINAL-12-21#