000
CXUS56 KPQR 011210
CF6UAO
PRELIMINARY LOCAL CLIMATOLOGICAL DATA (WS FORM: F-6)
STATION: AURORA STATE OR
MONTH: FEBRUARY
YEAR: 2021
LATITUDE: 45 15 N
LONGITUDE: 122 46 W
TEMPERATURE IN F: :PCPN: SNOW: WIND :SUNSHINE: SKY :PK WND
================================================================================
1 2 3 4 5 6A 6B 7 8 9 10 11 12 13 14 15 16 17 18
12Z AVG MX 2MIN
DY MAX MIN AVG DEP HDD CDD WTR SNW DPTH SPD SPD DIR MIN PSBL S-S WX SPD DR
================================================================================
1 50 47 49 6 16 0 0.71 M M 5.4 17 190 M M 10 1 25 170
2 50 41 46 3 19 0 0.28 M M 11.9 24 180 M M 8 1 32 180
3 48 38 43 0 22 0 0.26 M M 4.1 26 180 M M 9 1 35 180
4 45 37 41 -2 24 0 0.00 M M 4.9 12 190 M M 10 18 16 190
5 52 38 45 2 20 0 0.01 M M 9.5 20 190 M M 10 1 26 190
6 47 35 41 -2 24 0 0.03 M M 8.4 22 190 M M 8 18 30 190
7 48 37 43 0 22 0 0.01 M M 6.0 14 250 M M 8 19 250
8 46 34 40 -3 25 0 0.00 M M 2.3 7 10 M M 7 9 180
9 48 30 39 -4 26 0 0.00 M M 4.0 9 30 M M 0 12 350
10 46 29 38 -5 27 0 0.00 M M 1.0 6 240 M M 8 7 60
11 41 30 36 -8 29 0 0.10 M M 11.2 22 40 M M 10 16 33 40
12 30 28 29 -15 36 0 M M M 10.6 18 40 M M 10 16 24 40
13 M M M M M M M M M M M M M M M M M
14 M M M M M M M M M M M M M M M 1 M M
15 M M M M M M M M M M M M M M 8 M M
16 M M M M M M M M M M M M M M M M M
17 M M M M M M M M M M M M M M 3 M M
18 M M M M M M M M M M M M M M M 18 M M
19 M M M M M M M M M M M M M M M 8 M M
20 M M M M M M M M M M M M M M M M M
21 49 43 46 2 19 0 T M M 16.7 25 190 M M 10 34 180
22 52 43 48 3 17 0 0.19 M M 13.2 25 190 M M 9 18 35 190
23 50 35 43 -2 22 0 0.05 M M 6.5 17 250 M M 6 18 27 240
24 49 32 41 -4 24 0 0.01 M M 2.3 9 10 M M 5 128 11 40
25 49 38 44 -1 21 0 0.10 M M 10.6 20 190 M M 10 18 26 250
26 49 39 44 -1 21 0 0.18 M M 8.9 21 190 M M 9 18 29 200
27 51 40 46 1 19 0 0.01 M M 5.7 13 230 M M 9 8 20 210
28 56 42 49 3 16 0 0.00 M M 4.4 15 170 M M 4 8 18 180
================================================================================
SM 956 736 449 0 1.94 M 147.6 M 171
================================================================================
AV 47.8 36.8 7.4 FASTST M M 8 MAX(MPH)
MISC ----> 26 180 # 35 180
================================================================================
NOTES:
# LAST OF SEVERAL OCCURRENCES
COLUMN 17 PEAK WIND IN M.P.H.
PRELIMINARY LOCAL CLIMATOLOGICAL DATA (WS FORM: F-6) , PAGE 2
STATION: AURORA STATE OR
MONTH: FEBRUARY
YEAR: 2021
LATITUDE: 45 15 N
LONGITUDE: 122 46 W
[TEMPERATURE DATA] [PRECIPITATION DATA] SYMBOLS USED IN COLUMN 16
AVERAGE MONTHLY: 42.3 TOTAL FOR MONTH: 1.94 1 = FOG OR MIST
DPTR FM NORMAL: -1.6 DPTR FM NORMAL: -2.81 2 = FOG REDUCING VISIBILITY
HIGHEST: 56 ON 28 GRTST 24HR 0.80 ON 31- 1 TO 1/4 MILE OR LESS
LOWEST: 28 ON 12 3 = THUNDER
SNOW, ICE PELLETS, HAIL 4 = ICE PELLETS
TOTAL MONTH: M 5 = HAIL
GRTST 24HR M ON M 6 = FREEZING RAIN OR DRIZZLE
GRTST DEPTH: M ON M 7 = DUSTSTORM OR SANDSTORM:
VSBY 1/2 MILE OR LESS
8 = SMOKE OR HAZE
[NO. OF DAYS WITH] [WEATHER - DAYS WITH] 9 = BLOWING SNOW
X = TORNADO
MAX 32 OR BELOW: 1 0.01 INCH OR MORE: 13
MAX 90 OR ABOVE: 0 0.10 INCH OR MORE: 7
MIN 32 OR BELOW: 5 0.50 INCH OR MORE: 1
MIN 0 OR BELOW: 0 1.00 INCH OR MORE: 0
[HDD (BASE 65) ]
TOTAL THIS MO. 449 CLEAR (SCALE 0-3) 2
DPTR FM NORMAL -140 PTCLDY (SCALE 4-7) 7
TOTAL FM JUL 1 2707 CLOUDY (SCALE 8-10) 19
DPTR FM NORMAL -448
[CDD (BASE 65) ]
TOTAL THIS MO. 0
DPTR FM NORMAL 0 [PRESSURE DATA]
TOTAL FM JAN 1 0 HIGHEST SLP 30.62 ON 24
DPTR FM NORMAL 0 LOWEST SLP 29.70 ON 1
[REMARKS]
#FINAL-02-21#