000
CXUS56 KEKA 011610
CF6UKI
PRELIMINARY LOCAL CLIMATOLOGICAL DATA (WS FORM: F-6)
STATION: UKIAH CA
MONTH: JULY
YEAR: 2020
LATITUDE: 39 7 N
LONGITUDE: 123 12 W
TEMPERATURE IN F: :PCPN: SNOW: WIND :SUNSHINE: SKY :PK WND
================================================================================
1 2 3 4 5 6A 6B 7 8 9 10 11 12 13 14 15 16 17 18
12Z AVG MX 2MIN
DY MAX MIN AVG DEP HDD CDD WTR SNW DPTH SPD SPD DIR MIN PSBL S-S WX SPD DR
================================================================================
1 94 54 74 2 0 9 0.00 0.0 0 3.7 20 270 M M 0 25 270
2 93 56 75 3 0 10 0.00 0.0 0 4.6 14 260 M M 0 20 170
3 90 52 71 -1 0 6 0.00 0.0 0 5.3 17 310 M M 0 21 320
4 92 53 73 0 0 8 0.00 0.0 0 4.7 15 330 M M 0 21 270
5 91 53 72 -1 0 7 0.00 0.0 M 5.9 17 320 M M M 24 320
6 83 57 70 -3 0 5 0.00 0.0 0 9.3 20 350 M M 0 25 350
7 87 51 69 -4 0 4 0.00 0.0 0 5.9 15 310 M M 0 22 320
8 93 54 74 1 0 9 0.00 0.0 0 4.2 15 310 M M 0 19 310
9 94 57 76 2 0 11 0.00 0.0 0 5.3 22 300 M M 0 29 300
10 98 54 76 2 0 11 0.00 0.0 0 3.5 15 320 M M 0 18 330
11 101 55 78 4 0 13 0.00 0.0 0 3.4 14 350 M M 0 18 340
12 99 55 77 3 0 12 0.00 0.0 0 4.8 15 310 M M 0 23 310
13 97 61 79 5 0 14 0.00 0.0 0 3.8 15 270 M M 0 20 250
14 99 59 79 5 0 14 0.00 0.0 0 5.3 15 270 M M 0 19 260
15 102 55 79 5 0 14 0.00 0.0 0 5.6 14 310 M M 0 18 320
16 98 56 77 3 0 12 0.00 0.0 0 5.4 13 60 M M 0 17 60
17 93 55 74 -1 0 9 0.00 0.0 0 7.3 15 150 M M 0 21 140
18 99 57 78 3 0 13 0.00 0.0 0 6.1 15 140 M M 0 20 140
19 99 58 79 4 0 14 0.00 0.0 0 5.2 13 90 M M 0 16 90
20 97 56 77 2 0 12 0.00 0.0 0 5.9 13 40 M M 0 16 130
21 94 56 75 0 0 10 0.00 0.0 0 7.7 17 140 M M 0 8 23 150
22 92 57 75 0 0 10 0.00 0.0 0 7.2 17 140 M M 0 22 130
23 96 58 77 2 0 12 0.00 0.0 0 4.9 15 330 M M 0 23 330
24 95 58 77 2 0 12 0.00 0.0 0 4.6 15 130 M M 0 20 130
25 98 55 77 2 0 12 0.00 0.0 0 5.1 16 140 M M 0 22 130
26 100 57 79 4 0 14 0.00 0.0 0 4.6 16 130 M M 0 21 140
27 101 57 79 4 0 14 0.00 0.0 0 3.4 15 340 M M 0 20 290
28 102 56 79 4 0 14 0.00 0.0 0 3.7 16 260 M M 0 23 280
29 100 57 79 5 0 14 0.00 0.0 M 3.7 13 150 M M 0 18 240
30 99 54 77 3 0 12 0.00 M M 3.8 14 290 M M 0 19 280
31 94 52 73 -1 0 8 0.00 0.0 M 3.7 14 340 M M 0 22 340
================================================================================
SM 2970 1725 0 339 0.00 0.0 157.6 M 0
================================================================================
AV 95.8 55.6 5.1 FASTST M M 0 MAX(MPH)
MISC ----> 22 300 29 300
================================================================================
NOTES:
# LAST OF SEVERAL OCCURRENCES
COLUMN 17 PEAK WIND IN M.P.H.
PRELIMINARY LOCAL CLIMATOLOGICAL DATA (WS FORM: F-6) , PAGE 2
STATION: UKIAH CA
MONTH: JULY
YEAR: 2020
LATITUDE: 39 7 N
LONGITUDE: 123 12 W
[TEMPERATURE DATA] [PRECIPITATION DATA] SYMBOLS USED IN COLUMN 16
AVERAGE MONTHLY: 75.7 TOTAL FOR MONTH: 0.00 1 = FOG OR MIST
DPTR FM NORMAL: 1.7 DPTR FM NORMAL: -0.04 2 = FOG REDUCING VISIBILITY
HIGHEST: 102 ON 15,28 GRTST 24HR 0.00 ON 1- 1 TO 1/4 MILE OR LESS
LOWEST: 51 ON 7 3 = THUNDER
SNOW, ICE PELLETS, HAIL 4 = ICE PELLETS
TOTAL MONTH: 0.0 INCH 5 = HAIL
GRTST 24HR 0.0 6 = FREEZING RAIN OR DRIZZLE
GRTST DEPTH: 0 7 = DUSTSTORM OR SANDSTORM:
VSBY 1/2 MILE OR LESS
8 = SMOKE OR HAZE
[NO. OF DAYS WITH] [WEATHER - DAYS WITH] 9 = BLOWING SNOW
X = TORNADO
MAX 32 OR BELOW: 0 0.01 INCH OR MORE: 0
MAX 90 OR ABOVE: 29 0.10 INCH OR MORE: 0
MIN 32 OR BELOW: 0 0.50 INCH OR MORE: 0
MIN 0 OR BELOW: 0 1.00 INCH OR MORE: 0
[HDD (BASE 65) ]
TOTAL THIS MO. 0 CLEAR (SCALE 0-3) 30
DPTR FM NORMAL -1 PTCLDY (SCALE 4-7) 0
TOTAL FM JUL 1 0 CLOUDY (SCALE 8-10) 1
DPTR FM NORMAL 0
[CDD (BASE 65) ]
TOTAL THIS MO. 339
DPTR FM NORMAL 60 [PRESSURE DATA]
TOTAL FM JAN 1 659 HIGHEST SLP 30.04 ON 4
DPTR FM NORMAL 216 LOWEST SLP 29.69 ON 21
[REMARKS]
#FINAL-07-20#