000
CXUS53 KSGF 011408
CF6UNO
PRELIMINARY LOCAL CLIMATOLOGICAL DATA (WS FORM: F-6)
STATION: WEST PLAINS MO
MONTH: APRIL
YEAR: 2022
LATITUDE: 36 52 N
LONGITUDE: 91 55 W
TEMPERATURE IN F: :PCPN: SNOW: WIND :SUNSHINE: SKY :PK WND
================================================================================
1 2 3 4 5 6A 6B 7 8 9 10 11 12 13 14 15 16 17 18
12Z AVG MX 2MIN
DY MAX MIN AVG DEP HDD CDD WTR SNW DPTH SPD SPD DIR MIN PSBL S-S WX SPD DR
================================================================================
1 58 27 43 -10 22 0 0.00 M M 3.2 8 130 M M 0 14 150
2 68 44 56 3 9 0 0.02 M M 8.1 22 330 M M 4 1 34 320
3 68 35 52 -2 13 0 T M M 7.1 15 160 M M 2 24 150
4 62 48 55 1 10 0 0.60 M M 4.3 12 170 M M 9 13 17 180
5 72 51 62 8 3 0 0.01 M M 7.8 25 330 M M 5 38 320
6 66 48 57 2 8 0 T M M 12.2 24 270 M M 4 38 340
7 57 39 48 -7 17 0 0.02 M M 12.7 30 280 M M 5 43 260
8 43 33 38 -17 27 0 0.01 M M 10.7 24 290 M M 9 39 270
9 65 30 48 -8 17 0 0.00 M M 6.5 15 280 M M 0 22 320
10 78 49 64 8 1 0 0.00 M M 11.5 30 170 M M 2 42 170
11 68 56 62 6 3 0 0.68 M M 7.1 26 320 M M 8 13 41 330
12 77 58 68 12 0 3 0.01 M M 11.9 23 170 M M 10 12 33 190
13 68 37 53 -4 12 0 1.38 M M 10.0 24 320 M M 8 13 34 150
14 64 31 48 -9 17 0 0.00 M M 5.7 17 220 M M 0 25 220
15 61 47 54 -3 11 0 0.21 M M 8.1 17 120 M M 5 13 26 130
16 63 46 55 -3 10 0 0.00 M M 9.7 18 30 M M 7 27 30
17 52 39 46 -12 19 0 0.74 M M 8.7 18 90 M M 10 13 27 80
18 59 39 49 -9 16 0 0.00 M M 10.0 22 350 M M 5 31 310
19 62 33 48 -10 17 0 0.00 M M 5.6 10 140 M M 1 17 140
20 55 47 51 -8 14 0 0.56 M M 10.5 22 170 M M 9 13 33 180
21 69 50 60 1 5 0 T M M 5.2 13 130 M M 10 1 19 140
22 81 63 72 13 0 7 0.00 M M 11.0 20 160 M M 4 1 32 170
23 81 63 72 12 0 7 0.00 M M 13.8 26 170 M M 1 45 180
24 71 56 64 4 1 0 0.39 M M 8.0 18 230 M M 7 13 29 230
25 63 47 55 -5 10 0 0.30 M M 7.8 15 320 M M 4 1 24 340
26 65 41 53 -7 12 0 0.00 M M 4.6 15 30 M M 0 19 30
27 70 36 53 -8 12 0 0.00 M M 6.6 16 170 M M 0 22 170
28 67 48 58 -3 7 0 0.06 M M 5.1 14 160 M M 7 19 160
29 80 57 69 8 0 4 T M M 11.1 23 160 M M 4 33 170
30 81 55 68 7 0 3 0.06 M M 9.4 20 280 M M 4 13 30 290
================================================================================
SM 1994 1353 293 24 5.05 M 254.0 M 144
================================================================================
AV 66.5 45.1 8.5 FASTST M M 5 MAX(MPH)
MISC ----> # 30 280 45 180
================================================================================
NOTES:
# LAST OF SEVERAL OCCURRENCES
COLUMN 17 PEAK WIND IN M.P.H.
PRELIMINARY LOCAL CLIMATOLOGICAL DATA (WS FORM: F-6) , PAGE 2
STATION: WEST PLAINS MO
MONTH: APRIL
YEAR: 2022
LATITUDE: 36 52 N
LONGITUDE: 91 55 W
[TEMPERATURE DATA] [PRECIPITATION DATA] SYMBOLS USED IN COLUMN 16
AVERAGE MONTHLY: 55.8 TOTAL FOR MONTH: 5.05 1 = FOG OR MIST
DPTR FM NORMAL: -1.6 DPTR FM NORMAL: -0.26 2 = FOG REDUCING VISIBILITY
HIGHEST: 81 ON 30,23 GRTST 24HR 1.39 ON 12-13 TO 1/4 MILE OR LESS
LOWEST: 27 ON 1 3 = THUNDER
SNOW, ICE PELLETS, HAIL 4 = ICE PELLETS
TOTAL MONTH: M 5 = HAIL
GRTST 24HR M ON M 6 = FREEZING RAIN OR DRIZZLE
GRTST DEPTH: M ON M 7 = DUSTSTORM OR SANDSTORM:
VSBY 1/2 MILE OR LESS
8 = SMOKE OR HAZE
[NO. OF DAYS WITH] [WEATHER - DAYS WITH] 9 = BLOWING SNOW
X = TORNADO
MAX 32 OR BELOW: 0 0.01 INCH OR MORE: 15
MAX 90 OR ABOVE: 0 0.10 INCH OR MORE: 8
MIN 32 OR BELOW: 3 0.50 INCH OR MORE: 5
MIN 0 OR BELOW: 0 1.00 INCH OR MORE: 1
[HDD (BASE 65) ]
TOTAL THIS MO. 293 CLEAR (SCALE 0-3) 9
DPTR FM NORMAL 40 PTCLDY (SCALE 4-7) 14
TOTAL FM JUL 1 3650 CLOUDY (SCALE 8-10) 7
DPTR FM NORMAL -524
[CDD (BASE 65) ]
TOTAL THIS MO. 24
DPTR FM NORMAL 0 [PRESSURE DATA]
TOTAL FM JAN 1 24 HIGHEST SLP 30.43 ON 26
DPTR FM NORMAL -4 LOWEST SLP 29.47 ON 5
[REMARKS]
#FINAL-04-22#