000
CXUS53 KSGF 010629
CF6UNO
PRELIMINARY LOCAL CLIMATOLOGICAL DATA (WS FORM: F-6)
STATION: WEST PLAINS MO
MONTH: AUGUST
YEAR: 2020
LATITUDE: 36 52 N
LONGITUDE: 91 55 W
TEMPERATURE IN F: :PCPN: SNOW: WIND :SUNSHINE: SKY :PK WND
================================================================================
1 2 3 4 5 6A 6B 7 8 9 10 11 12 13 14 15 16 17 18
12Z AVG MX 2MIN
DY MAX MIN AVG DEP HDD CDD WTR SNW DPTH SPD SPD DIR MIN PSBL S-S WX SPD DR
================================================================================
1 82 64 73 -5 0 8 0.01 M M 7.0 15 10 M M 6 1 24 340
2 85 63 74 -4 0 9 1.91 M M 5.2 18 290 M M 3 13 33 270
3 83 62 73 -5 0 8 0.00 M M 5.3 17 350 M M 3 1 24 330
4 77 58 68 -10 0 3 0.00 M M 5.5 13 10 M M 2 17 30
5 80 57 69 -9 0 4 0.00 M M 2.7 9 60 M M 4 12 50
6 83 58 71 -7 0 6 0.00 M M 4.1 10 100 M M 0 16 130
7 85 64 75 -3 0 10 0.00 M M 4.2 10 160 M M 1 17 210
8 88 69 79 1 0 14 0.02 M M 5.2 12 170 M M 1 18 130
9 90 73 82 4 0 17 0.00 M M 4.3 13 190 M M 1 1 20 210
10 94 71 83 5 0 18 0.00 M M 5.2 16 10 M M 1 3 23 20
11 79 70 75 -3 0 10 0.36 M M 4.2 13 360 M M 3 13 17 360
12 84 69 77 -1 0 12 0.00 M M 3.6 12 120 M M 5 1 16 120
13 87 70 79 1 0 14 0.00 M M 2.5 9 120 M M 5 12 14 110
14 91 70 81 3 0 16 0.00 M M 2.3 9 60 M M 4 12 13 60
15 93 67 80 2 0 15 0.00 M M 3.6 10 340 M M 2 12 16 260
16 88 62 75 -3 0 10 0.00 M M 6.0 15 30 M M 0 20 30
17 91 58 75 -3 0 10 0.00 M M 5.3 12 260 M M 1 22 220
18 85 64 75 -2 0 10 0.00 M M 6.6 15 340 M M 0 22 340
19 84 59 72 -5 0 7 0.00 M M 6.6 18 60 M M 0 24 50
20 86 54 70 -7 0 5 0.00 M M 3.0 10 70 M M 1 14 80
21 90 57 74 -3 0 9 0.00 M M 2.2 13 50 M M 1 1 17 50
22 91 61 76 -1 0 11 0.00 M M 2.0 9 240 M M 0 15 260
23 93 63 78 1 0 13 0.00 M M 3.7 14 270 M M 1 19 280
24 96 68 82 6 0 17 0.00 M M 2.5 10 120 M M 2 16 100
25 95 65 80 4 0 15 0.00 M M 4.1 12 150 M M 0 1 19 150
26 88 68 78 2 0 13 T M M 4.6 14 200 M M 6 13 21 200
27 80 71 76 0 0 11 0.50 M M 8.1 29 110 M M 3 1 44 120
28 89 71 80 4 0 15 0.41 M M 6.4 17 340 M M 6 1 29 320
29 88 70 79 4 0 14 0.02 M M 5.3 26 310 M M 4 138 46 300
30 74 69 72 -3 0 7 M M M 4.3 9 80 M M 10 1 13 80
31 85 67 76 1 0 11 0.37 M M 5.6 28 350 M M 6 12 44 340
================================================================================
SM 2684 2012 0 342 3.60 M 141.2 M 82
================================================================================
AV 86.6 64.9 4.6 FASTST M M 3 MAX(MPH)
MISC ----> 29 110 46 300
================================================================================
NOTES:
# LAST OF SEVERAL OCCURRENCES
COLUMN 17 PEAK WIND IN M.P.H.
PRELIMINARY LOCAL CLIMATOLOGICAL DATA (WS FORM: F-6) , PAGE 2
STATION: WEST PLAINS MO
MONTH: AUGUST
YEAR: 2020
LATITUDE: 36 52 N
LONGITUDE: 91 55 W
[TEMPERATURE DATA] [PRECIPITATION DATA] SYMBOLS USED IN COLUMN 16
AVERAGE MONTHLY: 75.7 TOTAL FOR MONTH: 3.60 1 = FOG OR MIST
DPTR FM NORMAL: -1.5 DPTR FM NORMAL: 0.37 2 = FOG REDUCING VISIBILITY
HIGHEST: 96 ON 24 GRTST 24HR 1.91 ON 2- 2 TO 1/4 MILE OR LESS
LOWEST: 54 ON 20 3 = THUNDER
SNOW, ICE PELLETS, HAIL 4 = ICE PELLETS
TOTAL MONTH: M 5 = HAIL
GRTST 24HR M ON M 6 = FREEZING RAIN OR DRIZZLE
GRTST DEPTH: M ON M 7 = DUSTSTORM OR SANDSTORM:
VSBY 1/2 MILE OR LESS
8 = SMOKE OR HAZE
[NO. OF DAYS WITH] [WEATHER - DAYS WITH] 9 = BLOWING SNOW
X = TORNADO
MAX 32 OR BELOW: 0 0.01 INCH OR MORE: 8
MAX 90 OR ABOVE: 10 0.10 INCH OR MORE: 5
MIN 32 OR BELOW: 0 0.50 INCH OR MORE: 2
MIN 0 OR BELOW: 0 1.00 INCH OR MORE: 1
[HDD (BASE 65) ]
TOTAL THIS MO. 0 CLEAR (SCALE 0-3) 20
DPTR FM NORMAL -1 PTCLDY (SCALE 4-7) 10
TOTAL FM JUL 1 0 CLOUDY (SCALE 8-10) 1
DPTR FM NORMAL 0
[CDD (BASE 65) ]
TOTAL THIS MO. 342
DPTR FM NORMAL -37 [PRESSURE DATA]
TOTAL FM JAN 1 1218 HIGHEST SLP M ON M
DPTR FM NORMAL 46 LOWEST SLP 29.62 ON 28
[REMARKS]
#FINAL-08-20#