000
CXUS54 KEWX 011010
CF6UVA
PRELIMINARY LOCAL CLIMATOLOGICAL DATA (WS FORM: F-6)
STATION: UVALDE
MONTH: APRIL
YEAR: 2022
LATITUDE: 29 12 N
LONGITUDE: 99 44 W
TEMPERATURE IN F: :PCPN: SNOW: WIND :SUNSHINE: SKY :PK WND
================================================================================
1 2 3 4 5 6A 6B 7 8 9 10 11 12 13 14 15 16 17 18
12Z AVG MX 2MIN
DY MAX MIN AVG DEP HDD CDD WTR SNW DPTH SPD SPD DIR MIN PSBL S-S WX SPD DR
================================================================================
1 86 51 69 M 0 4 0.00 M M 10.7 17 150 M M 0 28 150
2 91 63 77 M 0 12 0.00 M M 2.2 12 40 M M 4 1 M M
3 90 60 75 M 0 10 0.00 M M 7.9 17 120 M M 3 23 140
4 84 66 75 M 0 10 0.00 M M 7.5 15 130 M M 7 18 140
5 95 62 79 M 0 14 0.00 M M 3.3 20 170 M M 1 1 27 170
6 83 56 70 M 0 5 0.00 M M 8.7 21 360 M M 0 28 360
7 79 46 63 M 2 0 0.00 M M 5.3 10 330 M M 0 18 30
8 80 44 62 M 3 0 0.00 M M 2.7 10 360 M M 0 M M
9 89 46 68 M 0 3 0.00 M M 7.8 20 150 M M 0 30 150
10 94 56 75 M 0 10 0.00 M M 7.5 17 80 M M 0 24 80
11 90 68 79 M 0 14 0.00 M M 7.9 14 110 M M 4 20 110
12 100 71 86 M 0 21 0.00 M M 10.4 20 220 M M 4 1 29 220
13 94 65 80 M 0 15 0.00 M M 9.6 18 330 M M 3 18 29 350
14 87 59 73 M 0 8 0.00 M M 12.6 18 110 M M 1 26 100
15 86 65 76 M 0 11 0.00 M M 7.6 14 170 M M 7 18 160
16 92 69 81 M 0 16 0.00 M M 6.5 14 130 M M 4 1 M M
17 92 67 80 M 0 15 0.11 M M 7.0 12 80 M M 3 28 80
18 89 66 78 M 0 13 0.00 M M 11.0 15 100 M M 1 1 28 100
19 71 63 67 M 0 2 0.07 M M 10.7 15 100 M M 9 1 24 140
20 87 69 78 M 0 13 0.00 M M 10.0 14 160 M M 7 20 130
21 86 70 78 M 0 13 0.00 M M 11.7 20 120 M M 9 27 110
22 92 72 82 M 0 17 0.00 M M 16.3 24 130 M M 7 31 130
23 92 71 82 M 0 17 0.00 M M 15.3 21 150 M M 8 29 140
24 92 72 82 M 0 17 0.00 M M 12.1 21 130 M M 8 3 26 130
25 78 62 70 M 0 5 0.11 M M 14.0 22 60 M M 9 30 60
26 73 58 66 M 0 1 0.00 M M 8.3 18 50 M M 10 23 50
27 81 65 73 M 0 8 0.00 M M 8.0 15 130 M M 8 20 140
28 89 69 79 M 0 14 0.00 M M 12.5 18 140 M M 8 25 140
29 90 71 81 M 0 16 0.00 M M 10.9 17 140 M M 7 23 140
30 89 72 81 M 0 16 M M M 9.0 14 120 M M 7 21 120
================================================================================
SM 2621 1894 5 320 0.29 M 274.9 M 139
================================================================================
AV 87.4 63.1 9.2 FASTST M M 5 MAX(MPH)
MISC ----> 24 130 31 130
================================================================================
NOTES:
# LAST OF SEVERAL OCCURRENCES
COLUMN 17 PEAK WIND IN M.P.H.
PRELIMINARY LOCAL CLIMATOLOGICAL DATA (WS FORM: F-6) , PAGE 2
STATION: UVALDE
MONTH: APRIL
YEAR: 2022
LATITUDE: 29 12 N
LONGITUDE: 99 44 W
[TEMPERATURE DATA] [PRECIPITATION DATA] SYMBOLS USED IN COLUMN 16
AVERAGE MONTHLY: 75.3 TOTAL FOR MONTH: 0.29 1 = FOG OR MIST
DPTR FM NORMAL: 0.0 DPTR FM NORMAL: M 2 = FOG REDUCING VISIBILITY
HIGHEST: 100 ON 12 GRTST 24HR 0.11 ON 17-17 TO 1/4 MILE OR LESS
LOWEST: 44 ON 8 3 = THUNDER
SNOW, ICE PELLETS, HAIL 4 = ICE PELLETS
TOTAL MONTH: M 5 = HAIL
GRTST 24HR M ON M 6 = FREEZING RAIN OR DRIZZLE
GRTST DEPTH: M ON M 7 = DUSTSTORM OR SANDSTORM:
VSBY 1/2 MILE OR LESS
8 = SMOKE OR HAZE
[NO. OF DAYS WITH] [WEATHER - DAYS WITH] 9 = BLOWING SNOW
X = TORNADO
MAX 32 OR BELOW: 0 0.01 INCH OR MORE: 3
MAX 90 OR ABOVE: 13 0.10 INCH OR MORE: 2
MIN 32 OR BELOW: 0 0.50 INCH OR MORE: 0
MIN 0 OR BELOW: 0 1.00 INCH OR MORE: 0
[HDD (BASE 65) ]
TOTAL THIS MO. 5 CLEAR (SCALE 0-3) 11
DPTR FM NORMAL M PTCLDY (SCALE 4-7) 14
TOTAL FM JUL 1 1290 CLOUDY (SCALE 8-10) 5
DPTR FM NORMAL M
[CDD (BASE 65) ]
TOTAL THIS MO. 320
DPTR FM NORMAL M [PRESSURE DATA]
TOTAL FM JAN 1 426 HIGHEST SLP M ON M
DPTR FM NORMAL M LOWEST SLP M ON M
[REMARKS]
#FINAL-04-22#