000
CXUS54 KEWX 011110
CF6UVA
PRELIMINARY LOCAL CLIMATOLOGICAL DATA (WS FORM: F-6)
STATION: UVALDE
MONTH: FEBRUARY
YEAR: 2022
LATITUDE: 29 12 N
LONGITUDE: 99 44 W
TEMPERATURE IN F: :PCPN: SNOW: WIND :SUNSHINE: SKY :PK WND
================================================================================
1 2 3 4 5 6A 6B 7 8 9 10 11 12 13 14 15 16 17 18
12Z AVG MX 2MIN
DY MAX MIN AVG DEP HDD CDD WTR SNW DPTH SPD SPD DIR MIN PSBL S-S WX SPD DR
================================================================================
1 75 47 61 M 4 0 0.00 M M 3.3 9 200 M M 3 1 M M
2 67 40 54 M 11 0 0.00 M M 8.6 17 10 M M 8 24 20
3 41 27 34 M 31 0 0.20 M M 12.8 18 340 M M 7 23 340
4 45 26 36 M 29 0 0.00 M M 10.4 16 360 M M 4 22 340
5 52 19 36 M 29 0 0.00 M M 3.5 8 140 M M 0 M M
6 61 26 44 M 21 0 0.00 M M 3.6 7 40 M M 0 M M
7 64 38 51 M 14 0 0.00 M M 7.9 15 330 M M 0 21 20
8 66 29 48 M 17 0 0.00 M M 2.6 10 220 M M 0 16 220
9 71 31 51 M 14 0 0.00 M M 2.7 7 260 M M 0 M M
10 71 38 55 M 10 0 0.00 M M 3.9 7 220 M M 0 M M
11 78 37 58 M 7 0 0.00 M M 4.7 14 180 M M 1 22 180
12 61 36 49 M 16 0 0.00 M M 11.7 23 30 M M 4 31 10
13 62 29 46 M 19 0 0.00 M M 2.9 8 240 M M 0 M M
14 71 28 50 M 15 0 0.00 M M 5.8 14 150 M M 0 21 140
15 75 38 57 M 8 0 0.00 M M 9.7 18 150 M M 0 25 170
16 82 55 69 M 0 4 0.00 M M 9.6 16 120 M M 5 21 120
17 75 42 59 M 6 0 0.00 M M 13.6 27 320 M M 3 32 320
18 62 33 48 M 17 0 0.00 M M 5.0 14 360 M M 0 21 360
19 66 35 51 M 14 0 0.00 M M 6.7 10 100 M M 0 23 120
20 73 39 56 M 9 0 0.00 M M 4.9 12 130 M M 0 16 130
21 89 60 75 M 0 10 0.00 M M 9.7 20 160 M M 4 28 160
22 88 58 73 M 0 8 0.00 M M 9.3 18 60 M M 1 1 28 60
23 62 34 48 M 17 0 0.00 M M 11.8 20 70 M M 10 1 25 60
24 51 32 42 M 23 0 0.00 M M 3.6 14 60 M M 7 1 17 60
25 43 26 35 M 30 0 0.00 M M 4.3 12 50 M M 7 M M
26 46 36 41 M 24 0 0.00 M M 4.3 8 70 M M 10 1 M M
27 66 38 52 M 13 0 0.00 M M 6.2 13 350 M M 4 21 350
28 69 28 49 M 16 0 0.00 M M 2.5 7 120 M M 0 M M
================================================================================
SM 1832 1005 414 22 0.20 M 185.7 M 78
================================================================================
AV 65.4 35.9 6.6 FASTST M M 3 MAX(MPH)
MISC ----> 27 320 32 320
================================================================================
NOTES:
# LAST OF SEVERAL OCCURRENCES
COLUMN 17 PEAK WIND IN M.P.H.
PRELIMINARY LOCAL CLIMATOLOGICAL DATA (WS FORM: F-6) , PAGE 2
STATION: UVALDE
MONTH: FEBRUARY
YEAR: 2022
LATITUDE: 29 12 N
LONGITUDE: 99 44 W
[TEMPERATURE DATA] [PRECIPITATION DATA] SYMBOLS USED IN COLUMN 16
AVERAGE MONTHLY: 50.7 TOTAL FOR MONTH: 0.20 1 = FOG OR MIST
DPTR FM NORMAL: 0.0 DPTR FM NORMAL: 0.20 2 = FOG REDUCING VISIBILITY
HIGHEST: 89 ON 21 GRTST 24HR 0.20 ON 3- 3 TO 1/4 MILE OR LESS
LOWEST: 19 ON 5 3 = THUNDER
SNOW, ICE PELLETS, HAIL 4 = ICE PELLETS
TOTAL MONTH: M 5 = HAIL
GRTST 24HR M ON M 6 = FREEZING RAIN OR DRIZZLE
GRTST DEPTH: M ON M 7 = DUSTSTORM OR SANDSTORM:
VSBY 1/2 MILE OR LESS
8 = SMOKE OR HAZE
[NO. OF DAYS WITH] [WEATHER - DAYS WITH] 9 = BLOWING SNOW
X = TORNADO
MAX 32 OR BELOW: 0 0.01 INCH OR MORE: 1
MAX 90 OR ABOVE: 0 0.10 INCH OR MORE: 1
MIN 32 OR BELOW: 11 0.50 INCH OR MORE: 0
MIN 0 OR BELOW: 0 1.00 INCH OR MORE: 0
[HDD (BASE 65) ]
TOTAL THIS MO. 414 CLEAR (SCALE 0-3) 16
DPTR FM NORMAL M PTCLDY (SCALE 4-7) 10
TOTAL FM JUL 1 1137 CLOUDY (SCALE 8-10) 2
DPTR FM NORMAL M
[CDD (BASE 65) ]
TOTAL THIS MO. 22
DPTR FM NORMAL M [PRESSURE DATA]
TOTAL FM JAN 1 31 HIGHEST SLP M ON M
DPTR FM NORMAL M LOWEST SLP M ON M
[REMARKS]
#FINAL-02-22#