000
CXUS54 KCRP 021409
CF6VCT
PRELIMINARY LOCAL CLIMATOLOGICAL DATA (WS FORM: F-6)
STATION: VICTORIA
MONTH: APRIL
YEAR: 2023
LATITUDE: 28 51 N
LONGITUDE: 96 55 W
TEMPERATURE IN F: :PCPN: SNOW: WIND :SUNSHINE: SKY :PK WND
================================================================================
1 2 3 4 5 6A 6B 7 8 9 10 11 12 13 14 15 16 17 18
12Z AVG MX 2MIN
DY MAX MIN AVG DEP HDD CDD WTR SNW DPTH SPD SPD DIR MIN PSBL S-S WX SPD DR
================================================================================
1 90 69 80 12 0 15 0.31 0.0 0 7.1 21 130 M M 8 13 28 140
2 86 68 77 9 0 12 0.00 0.0 0 13.4 28 170 M M 6 18 35 170
3 86 73 80 12 0 15 0.00 0.0 0 15.4 26 150 M M 8 18 32 150
4 83 74 79 11 0 14 0.00 0.0 0 17.3 29 180 M M 10 18 39 180
5 79 58 69 1 0 4 0.47 0.0 0 12.7 23 360 M M 10 13 31 360
6 61 55 58 -10 7 0 0.70 0.0 0 13.7 28 40 M M 10 13 41 30
7 57 54 56 -13 9 0 0.91 0.0 0 11.2 22 350 M M 10 13 30 10
8 73 55 64 -5 1 0 0.00 0.0 0 8.6 15 10 M M 9 1 20 20
9 76 53 65 -4 0 0 0.00 0.0 0 5.8 12 100 M M 8 1 16 80
10 78 59 69 0 0 4 0.00 0.0 0 6.5 14 40 M M 7 19 50
11 79 54 67 -3 0 2 0.00 0.0 0 6.9 16 130 M M 2 1 27 30
12 81 53 67 -3 0 2 0.00 0.0 0 6.6 15 140 M M 2 1 19 110
13 81 54 68 -2 0 3 0.00 0.0 0 6.3 25 140 M M 1 1 25 140
14 80 60 70 0 0 5 T 0.0 0 12.0 23 160 M M 8 18 30 160
15 93 69 81 11 0 16 0.00 0.0 0 7.7 15 200 M M 5 18 20 190
16 78 53 66 -4 0 1 0.00 0.0 0 10.3 25 40 M M 0 8 36 40
17 78 51 65 -6 0 0 0.00 0.0 0 9.4 22 140 M M 0 28 130
18 84 60 72 1 0 7 0.00 0.0 0 14.0 26 150 M M 7 18 37 160
19 84 69 77 6 0 12 0.00 0.0 0 13.2 24 150 M M 9 18 30 140
20 84 72 78 7 0 13 0.02 0.0 0 13.9 29 160 M M 9 18 35 160
21 83 63 73 2 0 8 0.97 0.0 0 7.9 22 70 M M 4 13 31 340
22 80 57 69 -3 0 4 0.00 0.0 0 11.7 23 140 M M 1 30 140
23 67 58 63 -9 2 0 1.68 0.0 0 12.5 29 10 M M 7 13 42 10
24 73 57 65 -7 0 0 T 0.0 0 8.6 17 40 M M 9 23 30
25 80 64 72 0 0 7 T 0.0 0 11.6 21 130 M M 9 18 27 140
26 84 71 78 6 0 13 0.09 0.0 0 11.6 20 140 M M 8 18 27 150
27 82 64 73 0 0 8 0.32 0.0 0 5.6 24 360 M M 6 13 31 360
28 84 61 73 0 0 8 0.69 0.0 0 11.6 40 300 M M 6 1238 53 300
29 76 56 66 -7 0 1 T 0.0 0 15.5 31 320 M M 2 42 310
30 87 53 70 -3 0 5 0.00 0.0 0 8.2 20 160 M M 0 24 170
================================================================================
SM 2387 1817 19 179 6.16 0.0 316.8 M 181
================================================================================
AV 79.6 60.6 10.6 FASTST M M 6 MAX(MPH)
MISC ----> 40 300 53 300
================================================================================
NOTES:
# LAST OF SEVERAL OCCURRENCES
COLUMN 17 PEAK WIND IN M.P.H.
PRELIMINARY LOCAL CLIMATOLOGICAL DATA (WS FORM: F-6) , PAGE 2
STATION: VICTORIA
MONTH: APRIL
YEAR: 2023
LATITUDE: 28 51 N
LONGITUDE: 96 55 W
[TEMPERATURE DATA] [PRECIPITATION DATA] SYMBOLS USED IN COLUMN 16
AVERAGE MONTHLY: 70.1 TOTAL FOR MONTH: 6.16 1 = FOG OR MIST
DPTR FM NORMAL: -0.3 DPTR FM NORMAL: 3.15 2 = FOG REDUCING VISIBILITY
HIGHEST: 93 ON 15 GRTST 24HR 1.68 ON 23-23 TO 1/4 MILE OR LESS
LOWEST: 51 ON 17 3 = THUNDER
SNOW, ICE PELLETS, HAIL 4 = ICE PELLETS
TOTAL MONTH: 0.0 INCH 5 = HAIL
GRTST 24HR 0.0 6 = FREEZING RAIN OR DRIZZLE
GRTST DEPTH: 0 7 = DUSTSTORM OR SANDSTORM:
VSBY 1/2 MILE OR LESS
8 = SMOKE OR HAZE
[NO. OF DAYS WITH] [WEATHER - DAYS WITH] 9 = BLOWING SNOW
X = TORNADO
MAX 32 OR BELOW: 0 0.01 INCH OR MORE: 10
MAX 90 OR ABOVE: 2 0.10 INCH OR MORE: 8
MIN 32 OR BELOW: 0 0.50 INCH OR MORE: 5
MIN 0 OR BELOW: 0 1.00 INCH OR MORE: 1
[HDD (BASE 65) ]
TOTAL THIS MO. 19 CLEAR (SCALE 0-3) 8
DPTR FM NORMAL -6 PTCLDY (SCALE 4-7) 12
TOTAL FM JUL 1 1009 CLOUDY (SCALE 8-10) 10
DPTR FM NORMAL -155
[CDD (BASE 65) ]
TOTAL THIS MO. 179
DPTR FM NORMAL -8 [PRESSURE DATA]
TOTAL FM JAN 1 505 HIGHEST SLP 30.25 ON 16
DPTR FM NORMAL 175 LOWEST SLP 29.59 ON 4
[REMARKS]
#FINAL-04-23#