000
CXUS55 KGJT 011000
CF6VEL
PRELIMINARY LOCAL CLIMATOLOGICAL DATA (WS FORM: F-6)
STATION: VERNAL UT
MONTH: SEPTEMBER
YEAR: 2020
LATITUDE: 40 27 N
LONGITUDE: 109 31 W
TEMPERATURE IN F: :PCPN: SNOW: WIND :SUNSHINE: SKY :PK WND
================================================================================
1 2 3 4 5 6A 6B 7 8 9 10 11 12 13 14 15 16 17 18
12Z AVG MX 2MIN
DY MAX MIN AVG DEP HDD CDD WTR SNW DPTH SPD SPD DIR MIN PSBL S-S WX SPD DR
================================================================================
1 76 45 61 -5 4 0 0.00 M M 5.4 16 50 M M 0 22 60
2 85 47 66 0 0 1 0.00 M M 4.1 10 290 M M 0 15 210
3 90 45 68 3 0 3 0.00 M M 3.7 10 310 M M 0 14 190
4 93 51 72 7 0 7 0.00 M M 3.3 9 290 M M 0 12 250
5 96 50 73 9 0 8 0.00 M M 3.2 10 330 M M 0 14 140
6 94 51 73 9 0 8 0.00 M M 4.4 14 260 M M 1 8 17 60
7 90 47 69 5 0 4 T M M 11.1 41 40 M M 3 8 56 40
8 48 32 40 -23 25 0 0.02 M M 20.0 38 10 M M 8 1 56 20
9 54 32 43 -20 22 0 T M M 11.7 23 60 M M 4 18 32 70
10 49 36 43 -19 22 0 0.03 M M 3.2 17 80 M M 7 1 23 70
11 66 40 53 -9 12 0 T M M 2.8 9 290 M M 4 11 190
12 79 40 60 -2 5 0 0.00 M M 3.0 10 280 M M 0 13 160
13 82 40 61 0 4 0 0.00 M M 3.9 12 160 M M 0 17 170
14 84 41 63 2 2 0 0.00 M M 3.2 13 160 M M 0 16 250
15 81 43 62 2 3 0 0.00 M M 3.6 9 300 M M 0 11 280
16 83 42 63 3 2 0 0.00 M M 3.3 8 290 M M 0 10 190
17 83 43 63 3 2 0 0.00 M M 3.9 9 260 M M 0 8 11 310
18 84 44 64 5 1 0 0.00 M M 3.5 9 260 M M 0 12 190
19 81 56 69 10 0 4 T M M 6.3 35 250 M M 0 56 240
20 80 45 63 5 2 0 0.00 M M 4.9 16 210 M M 0 21 210
21 84 45 65 7 0 0 0.00 M M 4.0 14 200 M M 0 18 200
22 78 49 64 6 1 0 0.00 M M 5.9 16 330 M M 1 8 23 240
23 81 44 63 6 2 0 0.00 M M 3.5 9 290 M M 0 8 11 180
24 86 44 65 8 0 0 0.00 M M 4.5 14 200 M M 0 8 18 190
25 87 45 66 10 0 1 0.00 M M 7.8 22 270 M M 0 31 190
26 85 47 66 10 0 1 0.00 M M 7.8 26 260 M M 0 38 230
27 69 45 57 1 8 0 0.00 M M 8.8 23 360 M M 0 33 10
28 63 37 50 -5 15 0 0.00 M M 4.0 12 240 M M 0 16 280
29 71 33 52 -3 13 0 0.00 M M 3.0 9 280 M M 0 11 140
30 78 37 58 4 7 0 0.00 M M 4.8 10 340 M M 0 14 330
================================================================================
SM 2360 1296 152 37 0.05 M 162.6 M 28
================================================================================
AV 78.7 43.2 5.4 FASTST M M 1 MAX(MPH)
MISC ----> # 41 40 # 56 40
================================================================================
NOTES:
# LAST OF SEVERAL OCCURRENCES
COLUMN 17 PEAK WIND IN M.P.H.
PRELIMINARY LOCAL CLIMATOLOGICAL DATA (WS FORM: F-6) , PAGE 2
STATION: VERNAL UT
MONTH: SEPTEMBER
YEAR: 2020
LATITUDE: 40 27 N
LONGITUDE: 109 31 W
[TEMPERATURE DATA] [PRECIPITATION DATA] SYMBOLS USED IN COLUMN 16
AVERAGE MONTHLY: 60.9 TOTAL FOR MONTH: 0.05 1 = FOG OR MIST
DPTR FM NORMAL: 0.7 DPTR FM NORMAL: -1.03 2 = FOG REDUCING VISIBILITY
HIGHEST: 96 ON 5 GRTST 24HR 0.03 ON 10-10 TO 1/4 MILE OR LESS
LOWEST: 32 ON 9, 8 3 = THUNDER
SNOW, ICE PELLETS, HAIL 4 = ICE PELLETS
TOTAL MONTH: M 5 = HAIL
GRTST 24HR M ON M 6 = FREEZING RAIN OR DRIZZLE
GRTST DEPTH: M ON M 7 = DUSTSTORM OR SANDSTORM:
VSBY 1/2 MILE OR LESS
8 = SMOKE OR HAZE
[NO. OF DAYS WITH] [WEATHER - DAYS WITH] 9 = BLOWING SNOW
X = TORNADO
MAX 32 OR BELOW: 0 0.01 INCH OR MORE: 2
MAX 90 OR ABOVE: 5 0.10 INCH OR MORE: 0
MIN 32 OR BELOW: 2 0.50 INCH OR MORE: 0
MIN 0 OR BELOW: 0 1.00 INCH OR MORE: 0
[HDD (BASE 65) ]
TOTAL THIS MO. 152 CLEAR (SCALE 0-3) 26
DPTR FM NORMAL -14 PTCLDY (SCALE 4-7) 3
TOTAL FM JUL 1 152 CLOUDY (SCALE 8-10) 1
DPTR FM NORMAL -30
[CDD (BASE 65) ]
TOTAL THIS MO. 37
DPTR FM NORMAL 15 [PRESSURE DATA]
TOTAL FM JAN 1 874 HIGHEST SLP 30.42 ON 29
DPTR FM NORMAL 363 LOWEST SLP 29.44 ON 7
[REMARKS]
#FINAL-09-20#