000
CXUS55 KVEF 010910
CF6VGT
PRELIMINARY LOCAL CLIMATOLOGICAL DATA (WS FORM: F-6)
STATION: NORTH_LAS_VEGAS NV
MONTH: DECEMBER
YEAR: 2021
LATITUDE: 36 12 N
LONGITUDE: 115 12 W
TEMPERATURE IN F: :PCPN: SNOW: WIND :SUNSHINE: SKY :PK WND
================================================================================
1 2 3 4 5 6A 6B 7 8 9 10 11 12 13 14 15 16 17 18
12Z AVG MX 2MIN
DY MAX MIN AVG DEP HDD CDD WTR SNW DPTH SPD SPD DIR MIN PSBL S-S WX SPD DR
================================================================================
1 76 51 64 14 1 0 0.00 M M 5.9 20 290 M M 0 25 290
2 71 47 59 10 6 0 0.00 M M 3.0 10 310 M M 0 11 310
3 71 47 59 10 6 0 0.00 M M 2.9 9 320 M M 0 11 310
4 71 45 58 9 7 0 0.00 M M 3.2 8 280 M M 0 9 290
5 79 49 64 16 1 0 0.00 M M 9.3 22 330 M M 0 29 320
6 70 51 61 13 4 0 0.00 M M 3.9 18 320 M M 0 20 320
7 62 54 58 10 7 0 T M M 3.1 14 140 M M 6 15 140
8 65 48 57 9 8 0 0.00 M M 3.6 12 60 M M 2 14 150
9 59 48 54 6 11 0 T M M 14.8 28 310 M M 5 35 300
10 55 39 47 0 18 0 0.00 M M 9.7 26 320 M M 0 33 320
11 50 32 41 -6 24 0 0.00 M M 3.1 8 150 M M 0 11 320
12 54 32 43 -4 22 0 0.00 M M 4.2 9 130 M M 0 12 120
13 58 33 46 -1 19 0 0.00 M M 4.3 12 120 M M 0 13 120
14 58 41 50 3 15 0 M M M 11.2 38 250 M M 6 48 240
15 50 36 43 -4 22 0 0.00 M M 7.2 22 280 M M 0 28 310
16 50 32 41 -5 24 0 0.00 M M 3.9 14 130 M M 0 15 120
17 55 37 46 0 19 0 0.00 M M 12.9 23 320 M M 0 29 320
18 55 34 45 -1 20 0 0.00 M M 4.7 16 330 M M 0 20 330
19 54 32 43 -3 22 0 0.00 M M 4.0 9 120 M M 0 12 120
20 55 32 44 -2 21 0 0.00 M M 3.0 9 330 M M 0 12 340
21 56 38 47 1 18 0 0.00 M M 4.1 10 330 M M 0 14 330
22 57 36 47 1 18 0 0.00 M M 2.7 9 60 M M 1 10 70
23 58 47 53 7 12 0 0.04 M M 6.3 24 200 M M 9 33 200
24 63 47 55 9 10 0 0.01 M M 14.5 33 200 M M 3 46 200
25 60 39 50 4 15 0 0.01 M M 8.7 26 210 M M 2 32 200
26 56 45 51 5 14 0 0.00 M M 13.2 33 230 M M 1 48 210
27 54 36 45 -1 20 0 0.00 M M 12.5 32 230 M M 1 43 220
28 50 36 43 -4 22 0 T M M 6.7 18 250 M M 3 23 250
29 50 31 41 -6 24 0 T M M 5.9 16 120 M M 5 19 130
30 56 44 50 3 15 0 T M M 8.1 17 180 M M 8 22 170
31 57 45 51 4 14 0 T M M 12.7 38 310 M M 6 50 310
================================================================================
SM 1835 1264 459 0 0.06 M 213.3 M 58
================================================================================
AV 59.2 40.8 6.9 FASTST M M 2 MAX(MPH)
MISC ----> # 38 250 50 310
================================================================================
NOTES:
# LAST OF SEVERAL OCCURRENCES
COLUMN 17 PEAK WIND IN M.P.H.
PRELIMINARY LOCAL CLIMATOLOGICAL DATA (WS FORM: F-6) , PAGE 2
STATION: NORTH_LAS_VEGAS NV
MONTH: DECEMBER
YEAR: 2021
LATITUDE: 36 12 N
LONGITUDE: 115 12 W
[TEMPERATURE DATA] [PRECIPITATION DATA] SYMBOLS USED IN COLUMN 16
AVERAGE MONTHLY: 50.0 TOTAL FOR MONTH: 0.06 1 = FOG OR MIST
DPTR FM NORMAL: 2.8 DPTR FM NORMAL: -0.38 2 = FOG REDUCING VISIBILITY
HIGHEST: 79 ON 5 GRTST 24HR 0.05 ON 23-24 TO 1/4 MILE OR LESS
LOWEST: 31 ON 29 3 = THUNDER
SNOW, ICE PELLETS, HAIL 4 = ICE PELLETS
TOTAL MONTH: M 5 = HAIL
GRTST 24HR M ON M 6 = FREEZING RAIN OR DRIZZLE
GRTST DEPTH: M ON M 7 = DUSTSTORM OR SANDSTORM:
VSBY 1/2 MILE OR LESS
8 = SMOKE OR HAZE
[NO. OF DAYS WITH] [WEATHER - DAYS WITH] 9 = BLOWING SNOW
X = TORNADO
MAX 32 OR BELOW: 0 0.01 INCH OR MORE: 3
MAX 90 OR ABOVE: 0 0.10 INCH OR MORE: 0
MIN 32 OR BELOW: 6 0.50 INCH OR MORE: 0
MIN 0 OR BELOW: 0 1.00 INCH OR MORE: 0
[HDD (BASE 65) ]
TOTAL THIS MO. 459 CLEAR (SCALE 0-3) 24
DPTR FM NORMAL -94 PTCLDY (SCALE 4-7) 5
TOTAL FM JUL 1 579 CLOUDY (SCALE 8-10) 2
DPTR FM NORMAL -293
[CDD (BASE 65) ]
TOTAL THIS MO. 0
DPTR FM NORMAL 0 [PRESSURE DATA]
TOTAL FM JAN 1 4212 HIGHEST SLP M ON M
DPTR FM NORMAL 804 LOWEST SLP 29.53 ON 31
[REMARKS]
#FINAL-12-21#