000
CXUS52 KTAE 010800
CF6VLD
PRELIMINARY LOCAL CLIMATOLOGICAL DATA (WS FORM: F-6)
STATION: VALDOSTA
MONTH: JULY
YEAR: 2022
LATITUDE: 30 46 N
LONGITUDE: 83 17 W
TEMPERATURE IN F: :PCPN: SNOW: WIND :SUNSHINE: SKY :PK WND
================================================================================
1 2 3 4 5 6A 6B 7 8 9 10 11 12 13 14 15 16 17 18
12Z AVG MX 2MIN
DY MAX MIN AVG DEP HDD CDD WTR SNW DPTH SPD SPD DIR MIN PSBL S-S WX SPD DR
================================================================================
1 94 73 84 4 0 19 0.13 0.0 0 1.9 16 170 M M 2 13 22 180
2 93 72 83 2 0 18 0.10 0.0 0 1.4 10 190 M M 2 3 13 220
3 94 72 83 2 0 18 T 0.0 0 1.5 13 210 M M 1 3 24 210
4 94 72 83 2 0 18 T 0.0 0 1.0 8 170 M M 3 3 11 210
5 96 75 86 5 0 21 0.01 0.0 0 2.7 16 180 M M 1 3 20 160
6 97 76 87 6 0 22 0.00 0.0 0 1.5 8 200 M M 1 12 220
7 98 76 87 6 0 22 0.59 0.0 0 2.2 13 70 M M 2 13 17 70
8 95 74 85 4 0 20 0.80 0.0 0 4.0 23 170 M M 3 13 28 180
9 91 74 83 2 0 18 0.16 0.0 0 2.6 15 180 M M 3 138 18 180
10 92 74 83 2 0 18 0.22 0.0 M 3.0 16 180 M M 3 13 20 180
11 91 75 83 2 0 18 0.10 0.0 M 3.4 14 170 M M 7 13 18 130
12 90 75 83 2 0 18 0.43 0.0 M 4.2 16 180 M M 5 1238 21 240
13 91 75 83 2 0 18 0.11 0.0 0 2.5 10 200 M M 1 138 20 290
14 93 74 84 3 0 19 0.08 0.0 0 2.3 10 170 M M 1 138 22 10
15 89 71 80 -1 0 15 0.45 0.0 0 3.4 23 170 M M 3 138 29 170
16 90 71 81 0 0 16 0.01 0.0 0 3.0 18 140 M M 3 24 160
17 91 70 81 0 0 16 0.22 0.0 0 2.4 10 10 M M 3 1 15 20
18 86 72 79 -2 0 14 1.67 0.0 0 3.1 12 170 M M 3 1238 17 230
19 90 74 82 1 0 17 0.24 0.0 M 4.4 17 170 M M 3 13 22 170
20 89 73 81 0 0 16 0.01 0.0 M 3.3 16 190 M M 2 13 22 200
21 92 72 82 1 0 17 0.10 M M 3.9 12 200 M M 1 138 23 240
22 95 75 85 4 0 20 0.00 0.0 M 2.9 15 170 M M 2 123 19 150
23 96 72 84 3 0 19 0.67 M M 3.3 32 20 M M 2 138 42 10
24 93 72 83 2 0 18 0.01 0.0 M 2.7 28 160 M M 3 123 34 170
25 94 71 83 2 0 18 0.02 0.0 M 2.2 21 180 M M 2 3 27 210
26 94 71 83 1 0 18 0.00 0.0 0 3.1 23 170 M M 1 1 30 170
27 93 71 82 0 0 17 T 0.0 0 2.8 14 190 M M 2 21 190
28 95 74 85 3 0 20 0.00 0.0 0 3.0 13 190 M M 2 17 220
29 95 73 84 2 0 19 0.00 0.0 M 2.3 12 190 M M 1 1 17 210
30 95 72 84 2 0 19 0.00 0.0 M 1.2 12 180 M M 1 15 190
31 97 73 85 3 0 20 0.00 0.0 0 1.7 8 190 M M 0 1 12 220
================================================================================
SM 2883 2264 0 566 6.13 0.0 82.9 M 69
================================================================================
AV 93.0 73.0 2.7 FASTST M M 2 MAX(MPH)
MISC ----> 32 20 42 10
================================================================================
NOTES:
# LAST OF SEVERAL OCCURRENCES
COLUMN 17 PEAK WIND IN M.P.H.
PRELIMINARY LOCAL CLIMATOLOGICAL DATA (WS FORM: F-6) , PAGE 2
STATION: VALDOSTA
MONTH: JULY
YEAR: 2022
LATITUDE: 30 46 N
LONGITUDE: 83 17 W
[TEMPERATURE DATA] [PRECIPITATION DATA] SYMBOLS USED IN COLUMN 16
AVERAGE MONTHLY: 83.0 TOTAL FOR MONTH: 6.13 1 = FOG OR MIST
DPTR FM NORMAL: 1.9 DPTR FM NORMAL: 0.80 2 = FOG REDUCING VISIBILITY
HIGHEST: 98 ON 7 GRTST 24HR 1.89 ON 17-18 TO 1/4 MILE OR LESS
LOWEST: 70 ON 17 3 = THUNDER
SNOW, ICE PELLETS, HAIL 4 = ICE PELLETS
TOTAL MONTH: 0.0 INCH 5 = HAIL
GRTST 24HR 0.0 6 = FREEZING RAIN OR DRIZZLE
GRTST DEPTH: 0 7 = DUSTSTORM OR SANDSTORM:
VSBY 1/2 MILE OR LESS
8 = SMOKE OR HAZE
[NO. OF DAYS WITH] [WEATHER - DAYS WITH] 9 = BLOWING SNOW
X = TORNADO
MAX 32 OR BELOW: 0 0.01 INCH OR MORE: 21
MAX 90 OR ABOVE: 28 0.10 INCH OR MORE: 15
MIN 32 OR BELOW: 0 0.50 INCH OR MORE: 4
MIN 0 OR BELOW: 0 1.00 INCH OR MORE: 1
[HDD (BASE 65) ]
TOTAL THIS MO. 0 CLEAR (SCALE 0-3) 27
DPTR FM NORMAL 0 PTCLDY (SCALE 4-7) 4
TOTAL FM JUL 1 0 CLOUDY (SCALE 8-10) 0
DPTR FM NORMAL 0
[CDD (BASE 65) ]
TOTAL THIS MO. 566
DPTR FM NORMAL 67 [PRESSURE DATA]
TOTAL FM JAN 1 1707 HIGHEST SLP 30.25 ON 31
DPTR FM NORMAL 369 LOWEST SLP 29.89 ON 11
[REMARKS]
#FINAL-07-22#