000
CXUS52 KMLB 010725
CF6VRB
PRELIMINARY LOCAL CLIMATOLOGICAL DATA (WS FORM: F-6)
STATION: VERO BEACH
MONTH: NOVEMBER
YEAR: 2022
LATITUDE: 27 39 N
LONGITUDE: 80 25 W
TEMPERATURE IN F: :PCPN: SNOW: WIND :SUNSHINE: SKY :PK WND
================================================================================
1 2 3 4 5 6A 6B 7 8 9 10 11 12 13 14 15 16 17 18
12Z AVG MX 2MIN
DY MAX MIN AVG DEP HDD CDD WTR SNW DPTH SPD SPD DIR MIN PSBL S-S WX SPD DR
================================================================================
1 87 69 78 5 0 13 T 0.0 0 4.0 14 60 M M 4 12 18 70
2 86 71 79 6 0 14 0.00 0.0 0 5.8 13 60 M M 3 12 17 70
3 85 69 77 4 0 12 0.04 0.0 0 7.4 20 20 M M 4 1 25 20
4 84 70 77 5 0 12 0.03 0.0 0 10.8 20 30 M M 3 18 26 60
5 86 74 80 8 0 15 0.05 0.0 0 9.7 18 130 M M 2 18 25 110
6 85 76 81 9 0 16 0.15 0.0 0 10.8 22 90 M M 4 18 27 90
7 85 77 81 9 0 16 0.00 0.0 0 13.9 23 40 M M 4 29 40
8 85 73 79 7 0 14 0.05 0.0 0 18.6 31 40 M M 7 18 40 10
9 78 73 76 5 0 11 1.31 0.0 0 24.4 41 20 M M 10 18 59 20
10 81 70 76 5 0 11 0.54 0.0 0 18.2 40 10 M M 7 1 53 10
11 86 72 79 8 0 14 0.00 0.0 0 8.2 17 210 M M 2 23 240
12 86 68 77 6 0 12 0.00 0.0 0 5.7 14 260 M M 5 12 18 250
13 85 63 74 3 0 9 0.06 0.0 0 4.6 24 330 M M 3 13 32 320
14 84 65 75 5 0 10 0.00 0.0 0 4.2 10 130 M M 3 15 110
15 84 63 74 4 0 9 0.00 0.0 0 4.9 14 120 M M 1 1 19 150
16 87 67 77 7 0 12 0.00 0.0 0 6.2 13 320 M M 4 12 18 290
17 73 57 65 -5 0 0 0.00 0.0 0 11.8 22 360 M M 4 1 29 10
18 73 56 65 -5 0 0 0.00 0.0 0 9.8 18 20 M M 2 23 360
19 78 58 68 -2 0 3 0.00 0.0 0 9.8 18 10 M M 1 24 10
20 74 66 70 1 0 5 0.65 0.0 0 13.8 24 10 M M 9 1 32 10
21 78 71 75 6 0 10 1.03 0.0 0 10.8 21 70 M M 10 18 27 70
22 76 72 74 5 0 9 2.82 0.0 0 7.1 16 110 M M 9 1 20 100
23 76 71 74 5 0 9 0.03 0.0 0 4.8 15 350 M M 10 12 17 350
24 83 69 76 7 0 11 0.00 0.0 0 4.2 13 140 M M 5 12 16 140
25 87 67 77 8 0 12 0.00 0.0 0 3.9 14 230 M M 3 12 17 250
26 83 66 75 6 0 10 0.00 0.0 0 5.4 13 120 M M 3 128 14 90
27 87 72 80 12 0 15 0.00 0.0 0 8.3 20 220 M M 1 1 25 230
28 76 57 67 -1 0 2 T 0.0 0 5.6 14 330 M M 4 18 18 320
29 81 56 69 1 0 4 0.00 0.0 0 6.2 15 110 M M 1 22 60
30 87 63 75 7 0 10 0.00 0.0 0 6.0 21 360 M M 1 28 360
================================================================================
SM 2466 2021 0 300 6.76 0.0 264.9 M 129
================================================================================
AV 82.2 67.4 8.8 FASTST M M 4 MAX(MPH)
MISC ----> 41 20 59 20
================================================================================
NOTES:
# LAST OF SEVERAL OCCURRENCES
COLUMN 17 PEAK WIND IN M.P.H.
PRELIMINARY LOCAL CLIMATOLOGICAL DATA (WS FORM: F-6) , PAGE 2
STATION: VERO BEACH
MONTH: NOVEMBER
YEAR: 2022
LATITUDE: 27 39 N
LONGITUDE: 80 25 W
[TEMPERATURE DATA] [PRECIPITATION DATA] SYMBOLS USED IN COLUMN 16
AVERAGE MONTHLY: 74.8 TOTAL FOR MONTH: 6.76 1 = FOG OR MIST
DPTR FM NORMAL: 4.4 DPTR FM NORMAL: 3.85 2 = FOG REDUCING VISIBILITY
HIGHEST: 87 ON 30,27 GRTST 24HR 3.70 ON 21-22 TO 1/4 MILE OR LESS
LOWEST: 56 ON 29,18 3 = THUNDER
SNOW, ICE PELLETS, HAIL 4 = ICE PELLETS
TOTAL MONTH: 0.0 INCH 5 = HAIL
GRTST 24HR 0.0 6 = FREEZING RAIN OR DRIZZLE
GRTST DEPTH: 0 7 = DUSTSTORM OR SANDSTORM:
VSBY 1/2 MILE OR LESS
8 = SMOKE OR HAZE
[NO. OF DAYS WITH] [WEATHER - DAYS WITH] 9 = BLOWING SNOW
X = TORNADO
MAX 32 OR BELOW: 0 0.01 INCH OR MORE: 12
MAX 90 OR ABOVE: 0 0.10 INCH OR MORE: 6
MIN 32 OR BELOW: 0 0.50 INCH OR MORE: 5
MIN 0 OR BELOW: 0 1.00 INCH OR MORE: 3
[HDD (BASE 65) ]
TOTAL THIS MO. 0 CLEAR (SCALE 0-3) 12
DPTR FM NORMAL -27 PTCLDY (SCALE 4-7) 13
TOTAL FM JUL 1 0 CLOUDY (SCALE 8-10) 5
DPTR FM NORMAL -27
[CDD (BASE 65) ]
TOTAL THIS MO. 300
DPTR FM NORMAL 113 [PRESSURE DATA]
TOTAL FM JAN 1 3789 HIGHEST SLP 30.23 ON 19
DPTR FM NORMAL 346 LOWEST SLP 28.99 ON 10
[REMARKS]
#FINAL-11-22#