000
CXUS52 KMLB 012324
CLMVRB
CLIMATE REPORT
NATIONAL WEATHER SERVICE MELBOURNE FL
624 PM EST FRI DEC 01 2023
...................................
...THE VERO BEACH CLIMATE SUMMARY FOR THE MONTH OF NOVEMBER 2023...
CLIMATE NORMAL PERIOD 1991 TO 2020
CLIMATE RECORD PERIOD 1942 TO 2023
WEATHER OBSERVED NORMAL DEPART LAST YEAR`S
VALUE DATE(S) VALUE FROM VALUE
NORMAL
..............................................................
TEMPERATURE (F)
MONTHLY RECORD
HOTTEST 77.5 2015
COLDEST 64.2 1970
DAILY RECORD
HIGH 92 11/06/2002
11/05/1992
LOW 31 11/25/1970
NOVEMBER 2023
HIGHEST 86 11/10 87
11/26
LOWEST 49 11/29 56
AVG. MAXIMUM 79.9 79.3 0.6 82.2
AVG. MINIMUM 64.0 61.4 2.6 67.4
MEAN 71.9 70.4 1.5 74.8
DAYS MAX >= 90 0 0.2 -0.2 0
DAYS MAX <= 32 0 0.0 0.0 0
DAYS MIN <= 32 0 0.0 0.0 0
DAYS MIN <= 0 0 0.0 0.0 0
PRECIPITATION (INCHES)
MONTHLY RECORD
MAXIMUM 11.76 1984
MINIMUM 0.11 1970
DAILY RECORD
MAXIMUM 4.98 11/04/1982
NOVEMBER 2023
TOTALS 3.12 2.91 0.21 6.76
DAYS >= .01 7 9.0 -2.0 12
DAYS >= .10 4 5.0 -1.0 6
DAYS >= .50 3 1.4 1.6 5
DAYS >= 1.00 1 0.7 0.3 3
GREATEST
24 HR. TOTAL 2.00 11/16 TO 11/17
SNOWFALL (INCHES)
TOTALS 0.0 0.0 0.0 0.0
SINCE 7/1 0.0 0.0 0.0 MM
DAYS >= TRACE 0 0
DEGREE DAYS
HEATING TOTAL 10 27 -17 0
SINCE 7/1 10 27 -17 MM
COOLING TOTAL 225 187 38 300
SINCE 1/1 4024 3443 581 MM
..............................................................
WIND (MPH)
AVERAGE WIND SPEED 9.5
HIGHEST WIND SPEED/DIRECTION 30/090 DATE 11/15
30/080 11/16
HIGHEST GUST SPEED/DIRECTION 45/110 DATE 11/16
SKY COVER
POSSIBLE SUNSHINE (PERCENT) MM
AVERAGE SKY COVER 0.43
NUMBER OF DAYS FAIR 14
NUMBER OF DAYS PC 10
NUMBER OF DAYS CLOUDY 6
AVERAGE RH (PERCENT) 77
WEATHER CONDITIONS. NUMBER OF DAYS WITH
THUNDERSTORM 1 MIXED PRECIP 0
HEAVY RAIN 3 RAIN 5
LIGHT RAIN 10 LT FREEZING RAIN 0
HAIL 0 LIGHT SNOW 0
SLEET 0 FOG 18
FOG W/VIS <= 1/4 MILE 4 HAZE 6
- INDICATES NEGATIVE NUMBERS.
R INDICATES RECORD WAS SET OR TIED.
MM INDICATES DATA IS MISSING.
T INDICATES TRACE AMOUNT.
$$