000
CXUS51 KBTV 010700
CF6VSF
PRELIMINARY LOCAL CLIMATOLOGICAL DATA (WS FORM: F-6)
STATION: SPRINGFIELD VT
MONTH: AUGUST
YEAR: 2023
LATITUDE: 43 19 N
LONGITUDE: 72 31 W
TEMPERATURE IN F: :PCPN: SNOW: WIND :SUNSHINE: SKY :PK WND
================================================================================
1 2 3 4 5 6A 6B 7 8 9 10 11 12 13 14 15 16 17 18
12Z AVG MX 2MIN
DY MAX MIN AVG DEP HDD CDD WTR SNW DPTH SPD SPD DIR MIN PSBL S-S WX SPD DR
================================================================================
1 73 50 62 -7 3 0 0.00 M M 3.1 15 280 M M 7 12 23 280
2 77 46 62 -7 3 0 0.00 M M 1.5 15 260 M M 4 12 26 250
3 79 49 64 -5 1 0 0.00 M M 2.9 12 160 M M 6 12 17 220
4 72 60 66 -3 0 1 0.83 M M 2.0 12 50 M M 8 13 18 60
5 80 55 68 -1 0 3 0.11 M M 3.1 15 270 M M 4 1238 21 270
6 81 52 67 -2 0 2 0.00 M M 2.2 13 270 M M 4 12 17 280
7 70 59 65 -4 0 0 0.48 M M 0.3 6 340 M M 8 1 7 150
8 81 68 75 6 0 10 0.09 M M 5.4 13 170 M M 9 1 17 190
9 82 60 71 3 0 6 T M M 5.8 17 290 M M 3 25 270
10 81 57 69 1 0 4 0.22 M M 3.8 15 170 M M 5 123 19 180
11 79 57 68 0 0 3 0.00 M M 6.1 20 260 M M 2 12 26 290
12 79 53 66 -2 0 1 0.06 M M 2.9 21 320 M M 4 128 30 320
13 82 59 71 3 0 6 0.02 M M 2.7 15 280 M M 5 13 22 270
14 81 59 70 2 0 5 0.00 M M 2.6 14 270 M M 3 20 270
15 72 63 68 0 0 3 0.20 M M 0.8 7 40 M M 9 1 10 50
16 75 65 70 2 0 5 0.02 M M 3.1 10 180 M M 9 18 14 180
17 72 67 70 2 0 5 0.11 M M 2.3 8 160 M M 10 1 M M
18 80 57 69 1 0 4 0.69 M M 4.2 21 280 M M 6 13 25 280
19 70 56 63 -4 2 0 T M M 5.0 15 260 M M 6 8 22 220
20 82 52 67 0 0 2 0.00 M M 2.3 10 220 M M 1 1 16 210
21 80 63 72 5 0 7 T M M 3.5 13 280 M M 7 16 320
22 78 52 65 -2 0 0 0.00 M M 3.6 14 280 M M 1 19 330
23 78 49 64 -3 1 0 0.00 M M 1.4 9 60 M M 1 12 13 60
24 77 50 64 -3 1 0 0.36 M M 3.0 16 170 M M 8 128 21 180
25 75 60 68 2 0 3 0.24 M M 1.2 9 180 M M 10 12 13 190
26 80 63 72 6 0 7 T M M 2.6 14 280 M M 7 128 19 290
27 77 58 68 2 0 3 T M M 1.6 10 30 M M 6 128 16 350
28 79 56 68 2 0 3 0.43 M M 1.7 14 180 M M 8 12 18 180
29 82 65 74 8 0 9 T M M 2.7 14 170 M M 6 18 17 170
30 82 61 72 7 0 7 0.45 M M 4.7 20 270 M M 6 1 25 270
31 72 49 61 -4 4 0 0.00 M M 4.2 16 270 M M 2 21 260
================================================================================
SM 2408 1770 15 99 4.31 M 92.3 M 175
================================================================================
AV 77.7 57.1 3.0 FASTST M M 6 MAX(MPH)
MISC ----> # 21 320 30 320
================================================================================
NOTES:
# LAST OF SEVERAL OCCURRENCES
COLUMN 17 PEAK WIND IN M.P.H.
PRELIMINARY LOCAL CLIMATOLOGICAL DATA (WS FORM: F-6) , PAGE 2
STATION: SPRINGFIELD VT
MONTH: AUGUST
YEAR: 2023
LATITUDE: 43 19 N
LONGITUDE: 72 31 W
[TEMPERATURE DATA] [PRECIPITATION DATA] SYMBOLS USED IN COLUMN 16
AVERAGE MONTHLY: 67.4 TOTAL FOR MONTH: 4.31 1 = FOG OR MIST
DPTR FM NORMAL: -0.1 DPTR FM NORMAL: 0.75 2 = FOG REDUCING VISIBILITY
HIGHEST: 82 ON 30,29 GRTST 24HR 0.94 ON 4- 5 TO 1/4 MILE OR LESS
LOWEST: 46 ON 2 3 = THUNDER
SNOW, ICE PELLETS, HAIL 4 = ICE PELLETS
TOTAL MONTH: M 5 = HAIL
GRTST 24HR M ON M 6 = FREEZING RAIN OR DRIZZLE
GRTST DEPTH: M ON M 7 = DUSTSTORM OR SANDSTORM:
VSBY 1/2 MILE OR LESS
8 = SMOKE OR HAZE
[NO. OF DAYS WITH] [WEATHER - DAYS WITH] 9 = BLOWING SNOW
X = TORNADO
MAX 32 OR BELOW: 0 0.01 INCH OR MORE: 15
MAX 90 OR ABOVE: 0 0.10 INCH OR MORE: 11
MIN 32 OR BELOW: 0 0.50 INCH OR MORE: 2
MIN 0 OR BELOW: 0 1.00 INCH OR MORE: 0
[HDD (BASE 65) ]
TOTAL THIS MO. 15 CLEAR (SCALE 0-3) 5
DPTR FM NORMAL -19 PTCLDY (SCALE 4-7) 19
TOTAL FM JUL 1 15 CLOUDY (SCALE 8-10) 7
DPTR FM NORMAL -38
[CDD (BASE 65) ]
TOTAL THIS MO. 99
DPTR FM NORMAL -14 [PRESSURE DATA]
TOTAL FM JAN 1 450 HIGHEST SLP M ON M
DPTR FM NORMAL 106 LOWEST SLP 29.51 ON 8
[REMARKS]
#FINAL-08-23#