000
CXUS56 KPQR 011155
CF6VUO
PRELIMINARY LOCAL CLIMATOLOGICAL DATA (WS FORM: F-6)
STATION: VANCOUVER WA
MONTH: JULY
YEAR: 2021
LATITUDE: 45 37 N
LONGITUDE: 122 39 W
TEMPERATURE IN F: :PCPN: SNOW: WIND :SUNSHINE: SKY :PK WND
================================================================================
1 2 3 4 5 6A 6B 7 8 9 10 11 12 13 14 15 16 17 18
12Z AVG MX 2MIN
DY MAX MIN AVG DEP HDD CDD WTR SNW DPTH SPD SPD DIR MIN PSBL S-S WX SPD DR
================================================================================
1 73 64 69 3 0 4 0.00 M M 4.8 12 300 M M 10 16 310
2 85 62 74 7 0 9 0.00 M M 6.3 15 310 M M 5 19 300
3 86 61 74 7 0 9 0.00 M M 6.4 15 290 M M 3 20 350
4 85 57 71 4 0 6 0.00 M M 6.3 12 320 M M 1 17 360
5 85 59 72 5 0 7 0.00 M M 7.0 12 320 M M 2 20 320
6 88 59 74 6 0 9 0.00 M M 6.9 14 310 M M 3 20 310
7 74 59 67 -1 0 2 0.00 M M 4.0 10 330 M M 6 18 15 340
8 78 57 68 0 0 3 0.00 M M 6.0 12 280 M M 3 17 340
9 87 55 71 3 0 6 0.00 M M 6.6 14 310 M M 1 20 290
10 86 59 73 5 0 8 0.00 M M 7.1 15 320 M M 2 23 310
11 85 57 71 3 0 6 0.00 M M 7.8 18 310 M M 1 25 320
12 85 57 71 2 0 6 0.00 M M 8.1 16 310 M M 2 24 290
13 84 57 71 2 0 6 0.00 M M 6.6 15 310 M M 2 21 320
14 81 58 70 1 0 5 0.00 M M 6.9 14 320 M M 3 20 320
15 78 58 68 -1 0 3 0.00 M M 6.3 14 300 M M 5 21 330
16 77 58 68 -1 0 3 0.00 M M 5.0 13 310 M M 5 17 310
17 80 60 70 0 0 5 0.00 M M 6.9 15 290 M M 2 21 290
18 86 58 72 2 0 7 0.00 M M 6.7 13 310 M M 0 20 280
19 87 60 74 4 0 9 0.00 M M 5.5 15 310 M M 0 20 290
20 78 60 69 -1 0 4 0.00 M M 6.6 14 320 M M 4 20 310
21 75 52 64 -6 1 0 0.00 M M 5.5 13 300 M M 2 18 320
22 81 55 68 -2 0 3 0.00 M M 6.1 16 290 M M 1 20 290
23 85 55 70 0 0 5 0.00 M M 6.3 16 280 M M 0 22 300
24 90 63 77 7 0 12 0.00 M M 7.6 18 310 M M 0 27 300
25 89 62 76 6 0 11 0.00 M M 7.6 16 310 M M 0 25 300
26 87 60 74 4 0 9 0.00 M M 7.8 17 310 M M 1 26 300
27 86 62 74 4 0 9 0.00 M M 4.8 10 300 M M 1 18 270
28 93 60 77 7 0 12 0.00 M M 5.5 13 310 M M 0 17 350
29 96 64 80 10 0 15 0.00 M M 6.3 16 300 M M 0 21 300
30 93 68 81 11 0 16 0.00 M M 4.4 12 120 M M 0 16 130
31 82 69 76 6 0 11 0.00 M M 4.5 12 310 M M 0 15 320
================================================================================
SM 2605 1845 1 220 0.00 M 194.2 M 65
================================================================================
AV 84.0 59.5 6.3 FASTST M M 2 MAX(MPH)
MISC ----> # 18 310 27 300
================================================================================
NOTES:
# LAST OF SEVERAL OCCURRENCES
COLUMN 17 PEAK WIND IN M.P.H.
PRELIMINARY LOCAL CLIMATOLOGICAL DATA (WS FORM: F-6) , PAGE 2
STATION: VANCOUVER WA
MONTH: JULY
YEAR: 2021
LATITUDE: 45 37 N
LONGITUDE: 122 39 W
[TEMPERATURE DATA] [PRECIPITATION DATA] SYMBOLS USED IN COLUMN 16
AVERAGE MONTHLY: 71.8 TOTAL FOR MONTH: 0.00 1 = FOG OR MIST
DPTR FM NORMAL: 2.8 DPTR FM NORMAL: -0.42 2 = FOG REDUCING VISIBILITY
HIGHEST: 96 ON 29 GRTST 24HR 0.00 ON 1- 1 TO 1/4 MILE OR LESS
LOWEST: 52 ON 21 3 = THUNDER
SNOW, ICE PELLETS, HAIL 4 = ICE PELLETS
TOTAL MONTH: M 5 = HAIL
GRTST 24HR M ON M 6 = FREEZING RAIN OR DRIZZLE
GRTST DEPTH: M ON M 7 = DUSTSTORM OR SANDSTORM:
VSBY 1/2 MILE OR LESS
8 = SMOKE OR HAZE
[NO. OF DAYS WITH] [WEATHER - DAYS WITH] 9 = BLOWING SNOW
X = TORNADO
MAX 32 OR BELOW: 0 0.01 INCH OR MORE: 0
MAX 90 OR ABOVE: 4 0.10 INCH OR MORE: 0
MIN 32 OR BELOW: 0 0.50 INCH OR MORE: 0
MIN 0 OR BELOW: 0 1.00 INCH OR MORE: 0
[HDD (BASE 65) ]
TOTAL THIS MO. 1 CLEAR (SCALE 0-3) 24
DPTR FM NORMAL -15 PTCLDY (SCALE 4-7) 6
TOTAL FM JUL 1 1 CLOUDY (SCALE 8-10) 1
DPTR FM NORMAL -10
[CDD (BASE 65) ]
TOTAL THIS MO. 220
DPTR FM NORMAL 81 [PRESSURE DATA]
TOTAL FM JAN 1 428 HIGHEST SLP 30.26 ON 23
DPTR FM NORMAL 231 LOWEST SLP 29.84 ON 30
[REMARKS]
#FINAL-07-21#