000
CXUS56 KPQR 011210
CF6VUO
PRELIMINARY LOCAL CLIMATOLOGICAL DATA (WS FORM: F-6)
STATION: VANCOUVER WA
MONTH: FEBRUARY
YEAR: 2021
LATITUDE: 45 37 N
LONGITUDE: 122 39 W
TEMPERATURE IN F: :PCPN: SNOW: WIND :SUNSHINE: SKY :PK WND
================================================================================
1 2 3 4 5 6A 6B 7 8 9 10 11 12 13 14 15 16 17 18
12Z AVG MX 2MIN
DY MAX MIN AVG DEP HDD CDD WTR SNW DPTH SPD SPD DIR MIN PSBL S-S WX SPD DR
================================================================================
1 51 46 49 6 16 0 0.52 M M 6.3 15 190 M M 9 1 23 190
2 49 41 45 2 20 0 0.24 M M 7.9 17 170 M M 8 28 190
3 48 39 44 1 21 0 0.17 M M 3.0 15 160 M M 9 24 150
4 47 41 44 1 21 0 0.03 M M 4.0 10 200 M M 10 18 15 200
5 53 38 46 3 19 0 0.06 M M 4.3 13 210 M M 10 8 20 200
6 48 33 41 -2 24 0 0.06 M M 3.7 15 210 M M 8 18 22 220
7 50 39 45 2 20 0 0.06 M M 4.6 14 270 M M 10 1 19 260
8 47 32 40 -3 25 0 0.00 M M 0.7 6 30 M M 8 9 40
9 46 28 37 -6 28 0 0.00 M M 1.3 8 280 M M 4 128 10 270
10 47 30 39 -4 26 0 0.00 M M 1.4 9 310 M M 9 14 290
11 40 29 35 -8 30 0 0.06 M M 7.9 23 100 M M 10 8 35 110
12 31 25 28 -15 37 0 0.80 M M 10.7 17 120 M M 10 68 23 110
13 30 25 28 -15 37 0 0.19 M M 8.6 18 110 M M 10 68 28 110
14 33 28 31 -12 34 0 0.49 M M 7.3 13 120 M M 10 168 17 120
15 49 31 40 -3 25 0 0.18 M M 6.5 16 120 M M 10 168 22 120
16 49 36 43 0 22 0 0.02 M M 2.5 10 280 M M 10 15 310
17 50 33 42 -2 23 0 0.01 M M 1.4 8 120 M M 5 9 120
18 42 35 39 -5 26 0 0.18 M M 5.8 15 130 M M 8 1 19 120
19 50 37 44 0 21 0 0.07 M M 3.0 9 130 M M 9 128 13 180
20 52 38 45 1 20 0 0.03 M M 4.1 17 280 M M 9 128 21 270
21 51 44 48 4 17 0 T M M 8.0 15 190 M M 10 8 22 190
22 53 43 48 4 17 0 0.18 M M 8.4 16 190 M M 9 8 25 200
23 50 36 43 -1 22 0 0.02 M M 5.1 17 290 M M 7 8 26 280
24 48 31 40 -4 25 0 0.01 M M 2.0 10 260 M M 5 18 13 300
25 51 40 46 1 19 0 0.14 M M 7.7 20 300 M M 10 8 28 290
26 50 41 46 1 19 0 0.25 M M 9.9 24 290 M M 8 8 38 290
27 52 36 44 -1 21 0 0.01 M M 3.2 17 280 M M 8 23 290
28 58 44 51 6 14 0 0.00 M M 3.3 9 120 M M 5 13 140
================================================================================
SM 1325 999 649 0 3.78 M 142.6 M 238
================================================================================
AV 47.3 35.7 5.1 FASTST M M 9 MAX(MPH)
MISC ----> 24 290 38 290
================================================================================
NOTES:
# LAST OF SEVERAL OCCURRENCES
COLUMN 17 PEAK WIND IN M.P.H.
PRELIMINARY LOCAL CLIMATOLOGICAL DATA (WS FORM: F-6) , PAGE 2
STATION: VANCOUVER WA
MONTH: FEBRUARY
YEAR: 2021
LATITUDE: 45 37 N
LONGITUDE: 122 39 W
[TEMPERATURE DATA] [PRECIPITATION DATA] SYMBOLS USED IN COLUMN 16
AVERAGE MONTHLY: 41.5 TOTAL FOR MONTH: 3.78 1 = FOG OR MIST
DPTR FM NORMAL: -2.0 DPTR FM NORMAL: -0.25 2 = FOG REDUCING VISIBILITY
HIGHEST: 58 ON 28 GRTST 24HR 0.96 ON 12-13 TO 1/4 MILE OR LESS
LOWEST: 25 ON 12,13 3 = THUNDER
SNOW, ICE PELLETS, HAIL 4 = ICE PELLETS
TOTAL MONTH: M 5 = HAIL
GRTST 24HR M ON M 6 = FREEZING RAIN OR DRIZZLE
GRTST DEPTH: M ON M 7 = DUSTSTORM OR SANDSTORM:
VSBY 1/2 MILE OR LESS
8 = SMOKE OR HAZE
[NO. OF DAYS WITH] [WEATHER - DAYS WITH] 9 = BLOWING SNOW
X = TORNADO
MAX 32 OR BELOW: 2 0.01 INCH OR MORE: 23
MAX 90 OR ABOVE: 0 0.10 INCH OR MORE: 11
MIN 32 OR BELOW: 9 0.50 INCH OR MORE: 2
MIN 0 OR BELOW: 0 1.00 INCH OR MORE: 0
[HDD (BASE 65) ]
TOTAL THIS MO. 649 CLEAR (SCALE 0-3) 0
DPTR FM NORMAL 47 PTCLDY (SCALE 4-7) 7
TOTAL FM JUL 1 2871 CLOUDY (SCALE 8-10) 21
DPTR FM NORMAL -241
[CDD (BASE 65) ]
TOTAL THIS MO. 0
DPTR FM NORMAL 0 [PRESSURE DATA]
TOTAL FM JAN 1 0 HIGHEST SLP 30.62 ON 24
DPTR FM NORMAL 0 LOWEST SLP 29.65 ON 15
[REMARKS]
#FINAL-02-21#