000
CXUS56 KLOX 011255
CF6WJF
PRELIMINARY LOCAL CLIMATOLOGICAL DATA (WS FORM: F-6)
STATION: LANCASTER FOX FIELD CA
MONTH: JANUARY
YEAR: 2022
LATITUDE: 34 43 N
LONGITUDE: 118 13 W
TEMPERATURE IN F: :PCPN: SNOW: WIND :SUNSHINE: SKY :PK WND
================================================================================
1 2 3 4 5 6A 6B 7 8 9 10 11 12 13 14 15 16 17 18
12Z AVG MX 2MIN
DY MAX MIN AVG DEP HDD CDD WTR SNW DPTH SPD SPD DIR MIN PSBL S-S WX SPD DR
================================================================================
1 48 28 38 -6 27 0 0.00 M M 6.6 18 60 M M 0 22 60
2 48 24 36 -8 29 0 0.00 M M 3.9 9 70 M M 0 12 70
3 51 23 37 -7 28 0 0.00 M M 5.8 28 260 M M 0 32 260
4 61 41 51 7 14 0 0.00 M M 18.7 35 290 M M 0 43 280
5 61 32 47 3 18 0 0.00 M M 3.2 8 90 M M 0 11 130
6 64 30 47 3 18 0 0.00 M M 1.8 7 300 M M 0 7 300
7 67 34 51 7 14 0 0.00 M M 14.8 30 260 M M 0 35 270
8 61 32 47 3 18 0 0.00 M M 8.7 29 270 M M 0 35 270
9 61 29 45 1 20 0 0.00 M M 5.5 20 60 M M 0 23 80
10 59 29 44 -1 21 0 0.00 M M 4.5 13 70 M M 0 16 90
11 61 25 43 -2 22 0 0.00 M M 4.8 12 60 M M 0 16 20
12 59 26 43 -2 22 0 0.00 M M 2.9 8 320 M M 0 9 320
13 58 36 47 2 18 0 0.00 M M 2.8 10 340 M M 2 11 170
14 66 34 50 5 15 0 0.00 M M 7.1 22 80 M M 0 28 80
15 57 36 47 2 18 0 T M M 4.5 10 60 M M 2 12 70
16 64 35 50 5 15 0 0.00 M M 1.4 7 280 M M 6 11 90
17 62 42 52 7 13 0 0.02 M M 6.7 17 260 M M 9 20 250
18 66 40 53 8 12 0 0.00 M M 10.0 24 260 M M 2 27 260
19 64 33 49 4 16 0 0.00 M M 3.3 10 320 M M 0 11 320
20 65 28 47 2 18 0 0.00 M M 4.8 12 70 M M 0 15 80
21 64 30 47 2 18 0 0.00 M M 17.1 39 50 M M 1 8 48 50
22 61 33 47 2 18 0 0.00 M M 14.0 31 70 M M 0 37 70
23 63 28 46 0 19 0 0.00 M M 4.4 10 80 M M 0 14 40
24 69 24 47 1 18 0 0.00 M M 3.4 15 280 M M 0 17 280
25 66 28 47 1 18 0 0.00 M M 7.7 24 80 M M 0 29 70
26 58 23 41 -5 24 0 0.00 M M 5.8 13 50 M M 0 18 60
27 62 19 41 -5 24 0 0.00 M M 5.8 17 80 M M 0 21 70
28 59 22 41 -5 24 0 0.00 M M 7.8 24 80 M M 0 29 70
29 55 24 40 -6 25 0 0.00 M M 2.5 9 270 M M 1 10 270
30 66 19 43 -3 22 0 0.00 M M 2.4 12 280 M M 0 12 270
31 58 25 42 -4 23 0 0.00 M M 3.1 16 290 M M 0 20 300
================================================================================
SM 1884 912 609 0 0.02 M 195.8 M 23
================================================================================
AV 60.8 29.4 6.3 FASTST M M 1 MAX(MPH)
MISC ----> 39 50 48 50
================================================================================
NOTES:
# LAST OF SEVERAL OCCURRENCES
COLUMN 17 PEAK WIND IN M.P.H.
PRELIMINARY LOCAL CLIMATOLOGICAL DATA (WS FORM: F-6) , PAGE 2
STATION: LANCASTER FOX FIELD CA
MONTH: JANUARY
YEAR: 2022
LATITUDE: 34 43 N
LONGITUDE: 118 13 W
[TEMPERATURE DATA] [PRECIPITATION DATA] SYMBOLS USED IN COLUMN 16
AVERAGE MONTHLY: 45.1 TOTAL FOR MONTH: 0.02 1 = FOG OR MIST
DPTR FM NORMAL: 0.1 DPTR FM NORMAL: -1.44 2 = FOG REDUCING VISIBILITY
HIGHEST: 69 ON 24 GRTST 24HR 0.02 ON 17-17 TO 1/4 MILE OR LESS
LOWEST: 19 ON 30,27 3 = THUNDER
SNOW, ICE PELLETS, HAIL 4 = ICE PELLETS
TOTAL MONTH: M 5 = HAIL
GRTST 24HR M ON M 6 = FREEZING RAIN OR DRIZZLE
GRTST DEPTH: M ON M 7 = DUSTSTORM OR SANDSTORM:
VSBY 1/2 MILE OR LESS
8 = SMOKE OR HAZE
[NO. OF DAYS WITH] [WEATHER - DAYS WITH] 9 = BLOWING SNOW
X = TORNADO
MAX 32 OR BELOW: 0 0.01 INCH OR MORE: 1
MAX 90 OR ABOVE: 0 0.10 INCH OR MORE: 0
MIN 32 OR BELOW: 21 0.50 INCH OR MORE: 0
MIN 0 OR BELOW: 0 1.00 INCH OR MORE: 0
[HDD (BASE 65) ]
TOTAL THIS MO. 609 CLEAR (SCALE 0-3) 29
DPTR FM NORMAL -11 PTCLDY (SCALE 4-7) 1
TOTAL FM JUL 1 1671 CLOUDY (SCALE 8-10) 1
DPTR FM NORMAL -160
[CDD (BASE 65) ]
TOTAL THIS MO. 0
DPTR FM NORMAL 0 [PRESSURE DATA]
TOTAL FM JAN 1 0 HIGHEST SLP 30.57 ON 10
DPTR FM NORMAL 0 LOWEST SLP 29.85 ON 7
[REMARKS]
#FINAL-01-22#