000
CXUS46 KLOX 011630
CLMWJF
CLIMATE REPORT
NATIONAL WEATHER SERVICE LOS ANGELES/OXNARD
930 AM PDT MON APR 01 2024
...................................
...THE LANCASTER FOX FIELD CA CLIMATE SUMMARY FOR THE MONTH OF MARCH 2024...
CLIMATE NORMAL PERIOD: 1991 TO 2020
CLIMATE RECORD PERIOD: 1945 TO 2024
WEATHER OBSERVED NORMAL DEPART LAST YEAR`S
VALUE DATE(S) VALUE FROM VALUE
NORMAL
..............................................................
TEMPERATURE (F)
HIGHEST 77 03/20
LOWEST 30 03/09
AVG. MAXIMUM 63.3 67.2 -3.9
AVG. MINIMUM 40.1 39.8 0.3
MEAN 51.7 53.5 -1.8
DAYS MAX >= 90 0
DAYS MAX <= 32 0
DAYS MIN <= 32 2
DAYS MIN <= 0 0
PRECIPITATION (INCHES)
TOTALS 1.92 0.96 0.96
DAILY AVG. 0.06
DAYS >= .01 6
DAYS >= .10 3
DAYS >= .50 2
DAYS >= 1.00 1
GREATEST
24 HR. TOTAL 1.08 03/30 TO 03/30
STORM TOTAL 1.08
DEGREE DAYS
HEATING TOTAL 405 359 46 498
SINCE 7/1 2487 2665 -178 MM
COOLING TOTAL 0 2 -2 0
SINCE 1/1 0 2 -2 MM
..............................................................
WIND (MPH)
AVERAGE WIND SPEED 13.1
HIGHEST WIND SPEED/DIRECTION 38/050 DATE 03/14
HIGHEST GUST SPEED/DIRECTION 54/280 DATE 03/25
SKY COVER
POSSIBLE SUNSHINE (PERCENT) MM
AVERAGE SKY COVER 0.22
NUMBER OF DAYS FAIR 21
NUMBER OF DAYS PC 9
NUMBER OF DAYS CLOUDY 1
AVERAGE RH (PERCENT) 59
WEATHER CONDITIONS. NUMBER OF DAYS WITH
THUNDERSTORM 1 MIXED PRECIP 0
HEAVY RAIN 2 RAIN 2
LIGHT RAIN 6 FREEZING RAIN 0
LT FREEZING RAIN 0 HAIL 0
HEAVY SNOW 0 SNOW 0
LIGHT SNOW 0 SLEET 0
FOG 5 FOG W/VIS <= 1/4 MILE 0
HAZE 2
- INDICATES NEGATIVE NUMBERS.
R INDICATES RECORD WAS SET OR TIED.
MM INDICATES DATA IS MISSING.
T INDICATES TRACE AMOUNT.
$$