000
CXUS46 KLOX 011730
CLMWJF
CLIMATE REPORT
NATIONAL WEATHER SERVICE LOS ANGELES/OXNARD
930 AM PST FRI DEC 01 2023
...................................
...THE LANCASTER FOX FIELD CA CLIMATE SUMMARY FOR THE MONTH OF NOVEMBER 2023...
CLIMATE NORMAL PERIOD: 1991 TO 2020
CLIMATE RECORD PERIOD: 1945 TO 2023
WEATHER OBSERVED NORMAL DEPART LAST YEAR`S
VALUE DATE(S) VALUE FROM VALUE
NORMAL
..............................................................
TEMPERATURE (F)
HIGHEST 87 11/05
LOWEST 22 11/26
AVG. MAXIMUM 68.1 67.0 1.1
AVG. MINIMUM 33.3 35.0 -1.7
MEAN 50.7 51.0 -0.3
DAYS MAX >= 90 0
DAYS MAX <= 32 0
DAYS MIN <= 32 17
DAYS MIN <= 0 0
PRECIPITATION (INCHES)
TOTALS 0.18 0.37 -0.19
DAILY AVG. 0.01
DAYS >= .01 2
DAYS >= .10 1
DAYS >= .50 0
DAYS >= 1.00 0
GREATEST
24 HR. TOTAL 0.10 11/18 TO 11/18
STORM TOTAL 0.10
DEGREE DAYS
HEATING TOTAL 421 421 0 522
SINCE 7/1 530 552 -22 MM
COOLING TOTAL 1 1 0 0
SINCE 1/1 1876 1906 -30 MM
..............................................................
WIND (MPH)
AVERAGE WIND SPEED 7.2
HIGHEST WIND SPEED/DIRECTION 45/280 DATE 11/19
HIGHEST GUST SPEED/DIRECTION 57/280 DATE 11/19
SKY COVER
POSSIBLE SUNSHINE (PERCENT) MM
AVERAGE SKY COVER 0.09
NUMBER OF DAYS FAIR 27
NUMBER OF DAYS PC 2
NUMBER OF DAYS CLOUDY 1
AVERAGE RH (PERCENT) 42
WEATHER CONDITIONS. NUMBER OF DAYS WITH
THUNDERSTORM 0 MIXED PRECIP 0
HEAVY RAIN 1 RAIN 1
LIGHT RAIN 2 FREEZING RAIN 0
LT FREEZING RAIN 0 HAIL 0
HEAVY SNOW 0 SNOW 0
LIGHT SNOW 0 SLEET 0
FOG 3 FOG W/VIS <= 1/4 MILE 0
HAZE 4
- INDICATES NEGATIVE NUMBERS.
R INDICATES RECORD WAS SET OR TIED.
MM INDICATES DATA IS MISSING.
T INDICATES TRACE AMOUNT.
$$