000
CXUS56 KLKN 011310
CF6WMC
PRELIMINARY LOCAL CLIMATOLOGICAL DATA (WS FORM: F-6)
STATION: WINNEMUCCA AIRPORT NV
MONTH: FEBRUARY
YEAR: 2023
LATITUDE: 40 54 N
LONGITUDE: 117 48 W
TEMPERATURE IN F: :PCPN: SNOW: WIND :SUNSHINE: SKY :PK WND
================================================================================
1 2 3 4 5 6A 6B 7 8 9 10 11 12 13 14 15 16 17 18
12Z AVG MX 2MIN
DY MAX MIN AVG DEP HDD CDD WTR SNW DPTH SPD SPD DIR MIN PSBL S-S WX SPD DR
================================================================================
1 42 15 29 -5 36 0 0.00 0.0 T 7.3 16 60 M M M 21 60
2 48 23 36 2 29 0 0.00 0.0 T 9.9 16 60 M M M 21 50
3 52 24 38 3 27 0 0.00 0.0 0 5.6 16 60 M M M 21 60
4 49 23 36 1 29 0 0.00 0.0 0 6.6 15 40 M M M 21 60
5 46 27 37 2 28 0 0.07 T 0 8.7 23 220 M M M 33 240
6 42 23 33 -2 32 0 0.00 0.0 0 5.1 13 270 M M M 17 280
7 46 16 31 -4 34 0 0.00 0.0 0 4.2 12 190 M M M 17 190
8 51 20 36 1 29 0 0.00 0.0 0 6.1 17 40 M M M 24 30
9 51 25 38 2 27 0 0.00 0.0 0 9.3 16 60 M M M 22 50
10 51 27 39 3 26 0 0.00 0.0 0 11.8 18 50 M M M 25 40
11 50 27 39 3 26 0 0.00 0.0 M 14.1 28 30 M M M 40 30
12 51 21 36 0 29 0 0.00 0.0 0 9.1 17 10 M M M 26 50
13 55 13 34 -2 31 0 0.00 0.0 0 9.5 28 320 M M M 41 310
14 32 19 26 -10 39 0 0.02 0.6 M 11.0 26 330 M M M 39 300
15 40 15 28 -9 37 0 0.00 0.0 0 9.5 22 350 M M M 32 340
16 43 15 29 -8 36 0 0.00 0.0 0 6.4 13 60 M M M 16 60
17 48 21 35 -2 30 0 0.00 0.0 0 9.0 16 40 M M M 20 50
18 48 8 28 -9 37 0 0.00 0.0 0 3.5 13 190 M M M 20 180
19 52 14 33 -4 32 0 0.00 0.0 0 4.6 12 270 M M M 17 230
20 60 25 43 5 22 0 0.00 0.0 0 4.9 18 340 M M M 25 340
21 50 23 37 -1 28 0 0.01 0.3 0 11.2 37 350 M M 8 8 49 360
22 36 22 29 -9 36 0 0.02 0.6 T 9.8 22 230 M M 9 27 220
23 31 21 26 -12 39 0 0.12 0.9 T 10.0 20 240 M M 9 18 28 190
24 37 17 27 -11 38 0 0.00 0.0 1 11.2 23 40 M M 5 30 40
25 50 26 38 -1 27 0 0.00 0.0 T 10.6 25 30 M M 1 36 40
26 40 24 32 -7 33 0 0.03 0.0 0 8.3 25 250 M M 9 1 36 260
27 43 28 36 -3 29 0 0.04 0.6 T 16.1 31 230 M M 7 18 47 240
28 41 23 32 -8 33 0 0.08 1.1 T 12.6 30 240 M M 9 18 42 200
================================================================================
SM 1285 585 879 0 0.39 4.1 246.0 M 57
================================================================================
AV 45.9 20.9 8.8 FASTST M M 7 MAX(MPH)
MISC ----> 37 350 49 360
================================================================================
NOTES:
# LAST OF SEVERAL OCCURRENCES
COLUMN 17 PEAK WIND IN M.P.H.
PRELIMINARY LOCAL CLIMATOLOGICAL DATA (WS FORM: F-6) , PAGE 2
STATION: WINNEMUCCA AIRPORT NV
MONTH: FEBRUARY
YEAR: 2023
LATITUDE: 40 54 N
LONGITUDE: 117 48 W
[TEMPERATURE DATA] [PRECIPITATION DATA] SYMBOLS USED IN COLUMN 16
AVERAGE MONTHLY: 33.4 TOTAL FOR MONTH: 0.39 1 = FOG OR MIST
DPTR FM NORMAL: -3.2 DPTR FM NORMAL: -0.32 2 = FOG REDUCING VISIBILITY
HIGHEST: 60 ON 20 GRTST 24HR 0.12 ON 23-23 TO 1/4 MILE OR LESS
LOWEST: 8 ON 18 3 = THUNDER
SNOW, ICE PELLETS, HAIL 4 = ICE PELLETS
TOTAL MONTH: 4.2 INCHES 5 = HAIL
GRTST 24HR 1.1 ON 28-28 6 = FREEZING RAIN OR DRIZZLE
GRTST DEPTH: 1 ON 24 7 = DUSTSTORM OR SANDSTORM:
VSBY 1/2 MILE OR LESS
8 = SMOKE OR HAZE
[NO. OF DAYS WITH] [WEATHER - DAYS WITH] 9 = BLOWING SNOW
X = TORNADO
MAX 32 OR BELOW: 2 0.01 INCH OR MORE: 8
MAX 90 OR ABOVE: 0 0.10 INCH OR MORE: 1
MIN 32 OR BELOW: 28 0.50 INCH OR MORE: 0
MIN 0 OR BELOW: 0 1.00 INCH OR MORE: 0
[HDD (BASE 65) ]
TOTAL THIS MO. 879 CLEAR (SCALE 0-3) 1
DPTR FM NORMAL 85 PTCLDY (SCALE 4-7) 3
TOTAL FM JUL 1 4453 CLOUDY (SCALE 8-10) 24
DPTR FM NORMAL 152
[CDD (BASE 65) ]
TOTAL THIS MO. 0
DPTR FM NORMAL 0 [PRESSURE DATA]
TOTAL FM JAN 1 0 HIGHEST SLP 30.54 ON 7
DPTR FM NORMAL 0 LOWEST SLP 29.35 ON 21
[REMARKS]
#FINAL-02-23#