000
CXUS56 KLKN 021706
CF6WMC
PRELIMINARY LOCAL CLIMATOLOGICAL DATA (WS FORM: F-6)
STATION: WINNEMUCCA AIRPORT NV
MONTH: JANUARY
YEAR: 2024
LATITUDE: 40 54 N
LONGITUDE: 117 48 W
TEMPERATURE IN F: :PCPN: SNOW: WIND :SUNSHINE: SKY :PK WND
================================================================================
1 2 3 4 5 6A 6B 7 8 9 10 11 12 13 14 15 16 17 18
12Z AVG MX 2MIN
DY MAX MIN AVG DEP HDD CDD WTR SNW DPTH SPD SPD DIR MIN PSBL S-S WX SPD DR
================================================================================
1 50 17 34 4 31 0 0.00 0.0 0 3.4 9 130 M M 0 11 300
2 46 11 29 -1 36 0 0.00 0.0 0 4.3 13 60 M M 3 18 60
3 37 30 34 4 31 0 0.56 4.9 1 4.8 16 270 M M 10 1 23 280
4 38 18 28 -3 37 0 0.00 0.0 4 5.6 15 190 M M 4 19 180
5 39 13 26 -5 39 0 0.03 0.6 4 5.2 16 180 M M 3 12 23 190
6 36 20 28 -3 37 0 0.24 1.6 4 11.5 23 300 M M 6 12 31 300
7 32 17 25 -6 40 0 0.01 0.3 5 4.6 14 290 M M 9 1 20 260
8 31 11 21 -10 44 0 0.00 0.0 5 7.8 16 180 M M 8 128 23 180
9 46 27 37 6 28 0 0.00 0.0 5 13.3 25 260 M M 7 37 260
10 37 11 24 -7 41 0 0.21 2.2 2 10.9 26 230 M M 6 12 40 230
11 27 -6 11 -21 54 0 0.00 0.0 4 8.3 18 180 M M 2 26 180
12 38 21 30 -2 35 0 0.01 0.0 4 14.3 22 250 M M 6 1 33 250
13 43 32 38 6 27 0 0.40 1.6 3 12.0 20 240 M M 10 1 28 230
14 47 25 36 4 29 0 0.02 0.0 2 7.3 18 280 M M 6 27 290
15 44 21 33 1 32 0 0.00 0.0 1 4.5 10 190 M M 0 13 30
16 43 20 32 0 33 0 0.33 0.0 1 5.5 16 180 M M 4 1 21 160
17 47 37 42 10 23 0 0.02 0.0 T 9.3 23 250 M M 8 1 30 240
18 50 30 40 7 25 0 0.00 0.0 T 6.1 14 60 M M 2 20 60
19 53 36 45 12 20 0 0.00 0.0 0 8.1 16 50 M M 4 21 60
20 56 36 46 13 19 0 T 0.0 0 7.4 17 170 M M 5 24 160
21 55 37 46 13 19 0 0.01 0.0 0 5.9 14 240 M M 6 17 170
22 46 39 43 10 22 0 0.28 0.0 0 4.6 10 280 M M 10 1 13 280
23 47 32 40 7 25 0 0.01 0.0 0 4.0 12 180 M M 8 15 170
24 44 31 38 5 27 0 0.02 0.0 0 9.1 16 180 M M 7 22 170
25 48 30 39 5 26 0 0.25 0.3 T 4.3 17 280 M M 4 13 24 260
26 45 29 37 3 28 0 0.02 0.0 0 6.2 12 200 M M 7 15 200
27 58 35 47 13 18 0 0.00 0.0 0 6.2 14 80 M M 4 17 70
28 57 34 46 12 19 0 0.00 0.0 0 7.7 16 40 M M 3 21 40
29 62 35 49 15 16 0 0.00 0.0 0 9.7 18 40 M M 0 25 40
30 64 32 48 14 17 0 0.00 0.0 0 7.8 14 60 M M 0 17 60
31 59 37 48 14 17 0 0.00 0.0 0 8.8 20 160 M M 2 26 160
================================================================================
SM 1425 798 895 0 2.42 11.5 228.5 M 154
================================================================================
AV 46.0 25.7 7.4 FASTST M M 5 MAX(MPH)
MISC ----> 26 230 40 230
================================================================================
NOTES:
# LAST OF SEVERAL OCCURRENCES
COLUMN 17 PEAK WIND IN M.P.H.
PRELIMINARY LOCAL CLIMATOLOGICAL DATA (WS FORM: F-6) , PAGE 2
STATION: WINNEMUCCA AIRPORT NV
MONTH: JANUARY
YEAR: 2024
LATITUDE: 40 54 N
LONGITUDE: 117 48 W
[TEMPERATURE DATA] [PRECIPITATION DATA] SYMBOLS USED IN COLUMN 16
AVERAGE MONTHLY: 35.9 TOTAL FOR MONTH: 2.42 1 = FOG OR MIST
DPTR FM NORMAL: 3.7 DPTR FM NORMAL: 1.46 2 = FOG REDUCING VISIBILITY
HIGHEST: 64 ON 30 GRTST 24HR 0.72 ON 13-13 TO 1/4 MILE OR LESS
LOWEST: -6 ON 11 3 = THUNDER
SNOW, ICE PELLETS, HAIL 4 = ICE PELLETS
TOTAL MONTH: 11.5 INCHES 5 = HAIL
GRTST 24HR 4.9 ON 3- 3 6 = FREEZING RAIN OR DRIZZLE
GRTST DEPTH: 5 ON 9, 8 7 = DUSTSTORM OR SANDSTORM:
VSBY 1/2 MILE OR LESS
8 = SMOKE OR HAZE
[NO. OF DAYS WITH] [WEATHER - DAYS WITH] 9 = BLOWING SNOW
X = TORNADO
MAX 32 OR BELOW: 3 0.01 INCH OR MORE: 16
MAX 90 OR ABOVE: 0 0.10 INCH OR MORE: 7
MIN 32 OR BELOW: 22 0.50 INCH OR MORE: 1
MIN 0 OR BELOW: 1 1.00 INCH OR MORE: 0
[HDD (BASE 65) ]
TOTAL THIS MO. 895 CLEAR (SCALE 0-3) 9
DPTR FM NORMAL -120 PTCLDY (SCALE 4-7) 18
TOTAL FM JUL 1 3149 CLOUDY (SCALE 8-10) 4
DPTR FM NORMAL -358
[CDD (BASE 65) ]
TOTAL THIS MO. 0
DPTR FM NORMAL 0 [PRESSURE DATA]
TOTAL FM JAN 1 0 HIGHEST SLP 30.46 ON 27
DPTR FM NORMAL 0 LOWEST SLP 29.55 ON 31
[REMARKS]
#FINAL-01-24#