000
CXUS56 KMTR 011000
CF6WVI
PRELIMINARY LOCAL CLIMATOLOGICAL DATA (WS FORM: F-6)
STATION: WATSONVILLE AIRPORT
MONTH: NOVEMBER
YEAR: 2022
LATITUDE: 36 55 N
LONGITUDE: 121 47 W
TEMPERATURE IN F: :PCPN: SNOW: WIND :SUNSHINE: SKY :PK WND
================================================================================
1 2 3 4 5 6A 6B 7 8 9 10 11 12 13 14 15 16 17 18
12Z AVG MX 2MIN
DY MAX MIN AVG DEP HDD CDD WTR SNW DPTH SPD SPD DIR MIN PSBL S-S WX SPD DR
================================================================================
1 58 41 50 -8 15 0 0.64 M M 4.5 17 270 M M 6 1 26 270
2 60 38 49 -9 16 0 0.05 M M 5.5 17 230 M M 3 8 22 230
3 60 35 48 -10 17 0 0.00 M M 4.9 10 230 M M 0 14 190
4 62 36 49 -9 16 0 0.00 M M 2.5 8 270 M M 2 1 12 260
5 66 42 54 -4 11 0 0.00 M M 2.3 10 250 M M 9 12 15 240
6 62 51 57 0 8 0 0.05 M M 3.8 18 220 M M 8 1 27 210
7 59 46 53 -4 12 0 0.42 M M 5.1 18 220 M M 7 1 27 230
8 54 44 49 -8 16 0 1.46 M M 5.8 20 200 M M 9 1 30 180
9 58 41 50 -6 15 0 0.02 M M 3.3 12 230 M M 3 1 15 220
10 61 36 49 -7 16 0 0.00 M M 2.8 9 250 M M 0 15 140
11 61 35 48 -8 17 0 0.00 M M 3.3 9 280 M M 0 14 290
12 60 36 48 -8 17 0 0.00 M M 2.2 8 190 M M 2 12 210
13 59 36 48 -8 17 0 0.00 M M 3.4 12 240 M M 1 15 240
14 60 35 48 -7 17 0 0.00 M M 3.2 9 260 M M 0 13 270
15 67 35 51 -4 14 0 0.00 M M 2.3 8 320 M M 0 11 330
16 71 34 53 -2 12 0 0.00 M M 2.9 9 290 M M 0 8 14 280
17 69 33 51 -4 14 0 0.00 M M 2.9 12 270 M M 0 15 260
18 63 35 49 -5 16 0 0.00 M M 2.2 8 240 M M 0 10 200
19 70 34 52 -2 13 0 0.00 M M 2.3 10 110 M M 0 15 110
20 72 38 55 1 10 0 0.00 M M 2.4 9 70 M M 0 14 30
21 69 34 52 -2 13 0 0.00 M M 3.3 7 330 M M 0 10 120
22 66 35 51 -2 14 0 0.00 M M 2.4 8 260 M M 0 10 270
23 69 35 52 -1 13 0 0.00 M M 1.6 7 350 M M 0 11 250
24 73 36 55 2 10 0 0.00 M M 4.1 12 250 M M 0 14 220
25 74 38 56 3 9 0 0.00 M M 3.0 8 260 M M 0 12 240
26 64 35 50 -2 15 0 0.00 M M 3.3 8 270 M M 0 1 12 270
27 66 36 51 -1 14 0 0.00 M M 1.5 9 280 M M 2 12 13 280
28 62 35 49 -3 16 0 0.00 M M 4.5 16 280 M M 4 12 26 270
29 59 34 47 -5 18 0 0.00 M M 2.6 9 280 M M 0 13 290
30 57 32 45 -7 20 0 0.00 M M 2.7 9 240 M M 0 12 200
================================================================================
SM 1911 1111 431 0 2.64 M 96.6 M 56
================================================================================
AV 63.7 37.0 3.2 FASTST M M 2 MAX(MPH)
MISC ----> 20 200 30 180
================================================================================
NOTES:
# LAST OF SEVERAL OCCURRENCES
COLUMN 17 PEAK WIND IN M.P.H.
PRELIMINARY LOCAL CLIMATOLOGICAL DATA (WS FORM: F-6) , PAGE 2
STATION: WATSONVILLE AIRPORT
MONTH: NOVEMBER
YEAR: 2022
LATITUDE: 36 55 N
LONGITUDE: 121 47 W
[TEMPERATURE DATA] [PRECIPITATION DATA] SYMBOLS USED IN COLUMN 16
AVERAGE MONTHLY: 50.4 TOTAL FOR MONTH: 2.64 1 = FOG OR MIST
DPTR FM NORMAL: -4.6 DPTR FM NORMAL: 0.54 2 = FOG REDUCING VISIBILITY
HIGHEST: 74 ON 25 GRTST 24HR 1.54 ON 7- 8 TO 1/4 MILE OR LESS
LOWEST: 32 ON 30 3 = THUNDER
SNOW, ICE PELLETS, HAIL 4 = ICE PELLETS
TOTAL MONTH: M 5 = HAIL
GRTST 24HR M ON M 6 = FREEZING RAIN OR DRIZZLE
GRTST DEPTH: M ON M 7 = DUSTSTORM OR SANDSTORM:
VSBY 1/2 MILE OR LESS
8 = SMOKE OR HAZE
[NO. OF DAYS WITH] [WEATHER - DAYS WITH] 9 = BLOWING SNOW
X = TORNADO
MAX 32 OR BELOW: 0 0.01 INCH OR MORE: 6
MAX 90 OR ABOVE: 0 0.10 INCH OR MORE: 3
MIN 32 OR BELOW: 1 0.50 INCH OR MORE: 2
MIN 0 OR BELOW: 0 1.00 INCH OR MORE: 1
[HDD (BASE 65) ]
TOTAL THIS MO. 431 CLEAR (SCALE 0-3) 22
DPTR FM NORMAL 127 PTCLDY (SCALE 4-7) 6
TOTAL FM JUL 1 808 CLOUDY (SCALE 8-10) 2
DPTR FM NORMAL 102
[CDD (BASE 65) ]
TOTAL THIS MO. 0
DPTR FM NORMAL -3 [PRESSURE DATA]
TOTAL FM JAN 1 154 HIGHEST SLP M ON M
DPTR FM NORMAL 28 LOWEST SLP 29.61 ON 8
[REMARKS]
#FINAL-11-22#