195
CXUS56 KMTR 010845
CF6WVI
PRELIMINARY LOCAL CLIMATOLOGICAL DATA (WS FORM: F-6)
STATION: WATSONVILLE AIRPORT
MONTH: NOVEMBER
YEAR: 2020
LATITUDE: 36 55 N
LONGITUDE: 121 47 W
TEMPERATURE IN F: :PCPN: SNOW: WIND :SUNSHINE: SKY :PK WND
================================================================================
1 2 3 4 5 6A 6B 7 8 9 10 11 12 13 14 15 16 17 18
12Z AVG MX 2MIN
DY MAX MIN AVG DEP HDD CDD WTR SNW DPTH SPD SPD DIR MIN PSBL S-S WX SPD DR
================================================================================
1 92 44 68 10 0 3 0.00 M M 3.3 12 180 M M 2 12 14 170
2 83 45 64 6 1 0 0.00 M M 3.8 13 230 M M 3 1 18 220
3 73 44 59 1 6 0 0.00 M M 2.9 10 220 M M 2 12 13 220
4 79 43 61 4 4 0 0.00 M M 2.3 9 180 M M 0 12 260
5 88 50 69 12 0 4 0.00 M M 3.2 10 270 M M 1 128 13 280
6 65 48 57 0 8 0 0.06 M M 6.0 21 260 M M 4 12 29 260
7 61 44 53 -4 12 0 0.03 M M 3.8 15 270 M M 6 20 260
8 60 37 49 -7 16 0 T M M 8.2 21 290 M M 2 32 290
9 59 33 46 -10 19 0 0.00 M M 3.7 13 270 M M 0 17 270
10 62 34 48 -8 17 0 0.00 M M 3.2 12 250 M M 1 13 280
11 61 38 50 -6 15 0 0.00 M M 2.2 7 260 M M 1 9 300
12 65 43 54 -2 11 0 0.00 M M 4.1 13 250 M M 1 1 16 270
13 60 38 49 -6 16 0 0.14 M M 3.4 13 250 M M 6 1 16 260
14 65 45 55 0 10 0 0.00 M M 2.3 10 260 M M 3 12 12 260
15 71 40 56 1 9 0 0.00 M M 2.6 7 330 M M 0 9 280
16 82 47 65 11 0 0 0.00 M M 3.4 9 130 M M 0 12 140
17 69 49 59 5 6 0 0.66 M M 6.8 16 270 M M 5 1 24 270
18 63 53 58 4 7 0 0.15 M M 4.5 14 210 M M 10 1 19 210
19 65 41 53 -1 12 0 0.00 M M 2.2 9 220 M M 3 12 12 220
20 69 44 57 3 8 0 0.00 M M 3.5 10 70 M M 0 13 80
21 69 37 53 0 12 0 0.00 M M 4.0 12 80 M M 0 14 80
22 63 34 49 -4 16 0 0.00 M M 3.3 14 260 M M 0 19 260
23 61 43 52 -1 13 0 0.00 M M 3.3 9 270 M M 2 12 200
24 65 39 52 -1 13 0 0.00 M M 2.8 9 250 M M 3 12 13 260
25 61 41 51 -1 14 0 0.00 M M 2.9 13 200 M M 3 15 200
26 65 37 51 -1 14 0 0.00 M M 3.9 9 30 M M 0 M M
27 69 33 51 -1 14 0 0.00 M M 2.4 8 240 M M 0 9 290
28 71 34 53 1 12 0 0.00 M M 2.3 8 270 M M 0 9 270
29 71 32 52 0 13 0 0.00 M M 3.6 10 270 M M 0 14 250
30 65 36 51 0 14 0 0.00 M M 3.1 8 260 M M 0 10 270
================================================================================
SM 2052 1226 312 7 1.04 M 107.0 M 58
================================================================================
AV 68.4 40.9 3.6 FASTST M M 2 MAX(MPH)
MISC ----> # 21 260 32 290
================================================================================
NOTES:
# LAST OF SEVERAL OCCURRENCES
COLUMN 17 PEAK WIND IN M.P.H.
PRELIMINARY LOCAL CLIMATOLOGICAL DATA (WS FORM: F-6) , PAGE 2
STATION: WATSONVILLE AIRPORT
MONTH: NOVEMBER
YEAR: 2020
LATITUDE: 36 55 N
LONGITUDE: 121 47 W
[TEMPERATURE DATA] [PRECIPITATION DATA] SYMBOLS USED IN COLUMN 16
AVERAGE MONTHLY: 54.6 TOTAL FOR MONTH: 1.04 1 = FOG OR MIST
DPTR FM NORMAL: 0.0 DPTR FM NORMAL: -1.06 2 = FOG REDUCING VISIBILITY
HIGHEST: 92 ON 1 GRTST 24HR 0.81 ON 17-18 TO 1/4 MILE OR LESS
LOWEST: 32 ON 29 3 = THUNDER
SNOW, ICE PELLETS, HAIL 4 = ICE PELLETS
TOTAL MONTH: M 5 = HAIL
GRTST 24HR M ON M 6 = FREEZING RAIN OR DRIZZLE
GRTST DEPTH: M ON M 7 = DUSTSTORM OR SANDSTORM:
VSBY 1/2 MILE OR LESS
8 = SMOKE OR HAZE
[NO. OF DAYS WITH] [WEATHER - DAYS WITH] 9 = BLOWING SNOW
X = TORNADO
MAX 32 OR BELOW: 0 0.01 INCH OR MORE: 5
MAX 90 OR ABOVE: 1 0.10 INCH OR MORE: 3
MIN 32 OR BELOW: 1 0.50 INCH OR MORE: 1
MIN 0 OR BELOW: 0 1.00 INCH OR MORE: 0
[HDD (BASE 65) ]
TOTAL THIS MO. 312 CLEAR (SCALE 0-3) 23
DPTR FM NORMAL 0 PTCLDY (SCALE 4-7) 6
TOTAL FM JUL 1 552 CLOUDY (SCALE 8-10) 1
DPTR FM NORMAL -135
[CDD (BASE 65) ]
TOTAL THIS MO. 7
DPTR FM NORMAL 5 [PRESSURE DATA]
TOTAL FM JAN 1 226 HIGHEST SLP M ON M
DPTR FM NORMAL 108 LOWEST SLP 29.66 ON 7
[REMARKS]
#FINAL-11-20#