000
CXAK56 PAJK 010102
CF6YAK
PRELIMINARY LOCAL CLIMATOLOGICAL DATA (WS FORM: F-6)
STATION: YAKUTAT
MONTH: OCTOBER
YEAR: 2022
LATITUDE: 59 31 N
LONGITUDE: 139 40 W
TEMPERATURE IN F: :PCPN: SNOW: WIND :SUNSHINE: SKY :PK WND
================================================================================
1 2 3 4 5 6A 6B 7 8 9 10 11 12 13 14 15 16 17 18
12Z AVG MX 2MIN
DY MAX MIN AVG DEP HDD CDD WTR SNW DPTH SPD SPD DIR MIN PSBL S-S WX SPD DR
================================================================================
1 55 42 49 3 16 0 0.70 M M 6.9 21 240 M M 9 1 28 240
2 53 45 49 3 16 0 3.19 M M 11.4 21 150 M M 10 1 30 160
3 55 48 52 6 13 0 0.77 M M 6.6 18 160 M M 8 1 29 180
4 60 39 50 4 15 0 0.06 M M 2.1 8 190 M M 6 1 11 180
5 57 42 50 5 15 0 0.37 M M 4.0 22 120 M M 8 1 35 120
6 60 36 48 3 17 0 0.00 M M 1.8 7 80 M M 8 1 7 20
7 57 49 53 8 12 0 0.34 M M 3.5 12 110 M M 10 1 17 120
8 56 52 54 10 11 0 1.77 M M 7.3 18 120 M M 10 1 28 120
9 56 46 51 7 14 0 0.80 M M 13.2 25 120 M M 10 1 41 100
10 52 43 48 4 17 0 0.63 M M 11.2 21 230 M M 10 1 26 230
11 51 45 48 4 17 0 0.26 M M 3.3 15 250 M M 10 1 20 260
12 55 44 50 7 15 0 3.48 M M 12.8 25 160 M M 10 1 39 160
13 55 40 48 5 17 0 0.70 M M 6.3 23 170 M M 8 1 34 170
14 48 35 42 -1 23 0 0.22 M M 4.6 15 100 M M 6 1 21 120
15 55 46 51 9 14 0 3.72 M M 14.0 26 120 M M 10 1 42 120
16 54 48 51 9 14 0 3.34 M M 8.3 26 120 M M 10 1 45 120
17 53 47 50 8 15 0 0.72 M M 6.5 17 170 M M 8 1 24 160
18 55 44 50 9 15 0 0.96 M M 11.3 26 110 M M 8 1 42 100
19 52 47 50 9 15 0 1.44 M M 17.3 29 110 M M 10 1 45 110
20 48 42 45 4 20 0 1.27 M M 5.9 13 80 M M 9 1 17 100
21 46 31 39 -1 26 0 0.59 M M 3.8 12 60 M M 6 1 15 100
22 46 29 38 -2 27 0 0.01 M M 3.6 14 70 M M 4 1 17 70
23 54 29 42 2 23 0 0.03 M M 2.8 14 80 M M 2 19 80
24 48 26 37 -2 28 0 0.00 M M 1.2 8 60 M M 0 10 50
25 42 23 33 -6 32 0 0.25 M M 5.7 16 80 M M 4 1 22 70
26 41 33 37 -2 28 0 1.97 M M 9.2 28 80 M M 10 1 36 80
27 41 33 37 -1 28 0 0.36 M M 6.6 17 80 M M 10 1 28 80
28 37 31 34 -4 31 0 0.24 M M 6.7 14 90 M M 7 1 21 80
29 43 32 38 0 27 0 0.02 M M 11.5 23 70 M M 9 1 31 70
30 44 33 39 2 26 0 0.93 M M 11.0 25 70 M M 10 1 35 70
31 37 31 34 -3 31 0 0.22 M M 6.6 15 90 M M 9 1 20 80
================================================================================
SM 1566 1211 618 0 29.36 M 227.0 M 249
================================================================================
AV 50.5 39.1 7.3 FASTST M M 8 MAX(MPH)
MISC ----> 29 110 # 45 120
================================================================================
NOTES:
# LAST OF SEVERAL OCCURRENCES
COLUMN 17 PEAK WIND IN M.P.H.
PRELIMINARY LOCAL CLIMATOLOGICAL DATA (WS FORM: F-6) , PAGE 2
STATION: YAKUTAT
MONTH: OCTOBER
YEAR: 2022
LATITUDE: 59 31 N
LONGITUDE: 139 40 W
[TEMPERATURE DATA] [PRECIPITATION DATA] SYMBOLS USED IN COLUMN 16
AVERAGE MONTHLY: 44.8 TOTAL FOR MONTH: 29.36 1 = FOG OR MIST
DPTR FM NORMAL: 2.9 DPTR FM NORMAL: 10.48 2 = FOG REDUCING VISIBILITY
HIGHEST: 60 ON 6, 4 GRTST 24HR 3.72 ON 15-15 TO 1/4 MILE OR LESS
LOWEST: 23 ON 25 3 = THUNDER
SNOW, ICE PELLETS, HAIL 4 = ICE PELLETS
TOTAL MONTH: M 5 = HAIL
GRTST 24HR M ON M 6 = FREEZING RAIN OR DRIZZLE
GRTST DEPTH: M ON M 7 = DUSTSTORM OR SANDSTORM:
VSBY 1/2 MILE OR LESS
8 = SMOKE OR HAZE
[NO. OF DAYS WITH] [WEATHER - DAYS WITH] 9 = BLOWING SNOW
X = TORNADO
MAX 32 OR BELOW: 0 0.01 INCH OR MORE: 29
MAX 90 OR ABOVE: 0 0.10 INCH OR MORE: 25
MIN 32 OR BELOW: 8 0.50 INCH OR MORE: 17
MIN 0 OR BELOW: 0 1.00 INCH OR MORE: 8
[HDD (BASE 65) ]
TOTAL THIS MO. 618 CLEAR (SCALE 0-3) 2
DPTR FM NORMAL -100 PTCLDY (SCALE 4-7) 8
TOTAL FM JUL 1 1582 CLOUDY (SCALE 8-10) 21
DPTR FM NORMAL -221
[CDD (BASE 65) ]
TOTAL THIS MO. 0
DPTR FM NORMAL 0 [PRESSURE DATA]
TOTAL FM JAN 1 0 HIGHEST SLP 30.42 ON 6
DPTR FM NORMAL 0 LOWEST SLP 28.59 ON 26
[REMARKS]
#FINAL-10-22#