000
CXAK56 PAJK 011410
CF6YAK
PRELIMINARY LOCAL CLIMATOLOGICAL DATA (WS FORM: F-6)
STATION: YAKUTAT
MONTH: FEBRUARY
YEAR: 2022
LATITUDE: 59 31 N
LONGITUDE: 139 40 W
TEMPERATURE IN F: :PCPN: SNOW: WIND :SUNSHINE: SKY :PK WND
================================================================================
1 2 3 4 5 6A 6B 7 8 9 10 11 12 13 14 15 16 17 18
12Z AVG MX 2MIN
DY MAX MIN AVG DEP HDD CDD WTR SNW DPTH SPD SPD DIR MIN PSBL S-S WX SPD DR
================================================================================
1 30 13 22 -8 43 0 0.41 M M 6.7 17 40 M M 6 1 21 40
2 31 20 26 -4 39 0 0.20 M M 4.4 13 60 M M 8 1 17 60
3 35 19 27 -3 38 0 0.53 M M 8.3 14 70 M M 10 1 17 70
4 35 29 32 2 33 0 0.49 M M 4.9 15 60 M M 10 16 18 60
5 39 33 36 6 29 0 1.84 M M 11.8 31 110 M M 10 1 46 110
6 41 34 38 8 27 0 1.22 M M 10.4 23 160 M M 10 1 38 130
7 37 33 35 5 30 0 0.63 M M 8.3 18 70 M M 10 1 24 80
8 41 34 38 8 27 0 1.20 M M 7.4 20 70 M M 10 1 25 170
9 43 32 38 8 27 0 1.07 M M 13.8 30 240 M M 10 1 44 250
10 34 26 30 -1 35 0 0.01 M M 4.8 21 270 M M 6 26 290
11 38 27 33 2 32 0 2.23 M M 11.3 17 80 M M 10 1 22 120
12 41 32 37 6 28 0 0.46 M M 7.5 18 230 M M 10 1 23 260
13 38 25 32 1 33 0 0.00 M M 1.4 9 290 M M 4 12 11 270
14 34 26 30 -1 35 0 0.29 M M 3.8 8 130 M M 9 1 11 130
15 37 31 34 3 31 0 0.18 M M 2.7 9 80 M M 10 12 11 90
16 41 32 37 6 28 0 0.67 M M 5.9 17 200 M M 10 12 21 150
17 38 34 36 5 29 0 0.05 M M 2.0 9 130 M M 10 12 12 140
18 41 32 37 6 28 0 1.03 M M 7.9 17 230 M M 10 1 23 220
19 39 31 35 4 30 0 0.08 M M 1.8 10 30 M M 9 12 13 30
20 40 24 32 1 33 0 0.00 M M 0.8 5 60 M M 5 2 6 50
21 31 19 25 -6 40 0 0.00 M M 2.6 8 80 M M 5 11 90
22 33 28 31 0 34 0 0.34 M M 11.0 16 70 M M 10 1 20 70
23 38 24 31 0 34 0 0.00 M M 2.7 12 70 M M 4 12 13 70
24 37 29 33 2 32 0 0.02 M M 5.7 10 110 M M 10 18 14 130
25 38 34 36 5 29 0 1.47 M M 9.2 17 80 M M 10 1 24 80
26 40 34 37 6 28 0 0.07 M M 5.2 13 340 M M 10 1 15 340
27 41 33 37 6 28 0 0.28 M M 2.5 15 40 M M 10 1 17 40
28 39 32 36 5 29 0 0.68 M M 6.8 17 80 M M 10 1 23 80
================================================================================
SM 1050 800 889 0 15.45 M 171.6 M 246
================================================================================
AV 37.5 28.6 6.1 FASTST M M 9 MAX(MPH)
MISC ----> 31 110 46 110
================================================================================
NOTES:
# LAST OF SEVERAL OCCURRENCES
COLUMN 17 PEAK WIND IN M.P.H.
PRELIMINARY LOCAL CLIMATOLOGICAL DATA (WS FORM: F-6) , PAGE 2
STATION: YAKUTAT
MONTH: FEBRUARY
YEAR: 2022
LATITUDE: 59 31 N
LONGITUDE: 139 40 W
[TEMPERATURE DATA] [PRECIPITATION DATA] SYMBOLS USED IN COLUMN 16
AVERAGE MONTHLY: 33.0 TOTAL FOR MONTH: 15.45 1 = FOG OR MIST
DPTR FM NORMAL: 2.4 DPTR FM NORMAL: 5.16 2 = FOG REDUCING VISIBILITY
HIGHEST: 43 ON 9 GRTST 24HR 2.68 ON 5- 6 TO 1/4 MILE OR LESS
LOWEST: 13 ON 1 3 = THUNDER
SNOW, ICE PELLETS, HAIL 4 = ICE PELLETS
TOTAL MONTH: M 5 = HAIL
GRTST 24HR M ON M 6 = FREEZING RAIN OR DRIZZLE
GRTST DEPTH: M ON M 7 = DUSTSTORM OR SANDSTORM:
VSBY 1/2 MILE OR LESS
8 = SMOKE OR HAZE
[NO. OF DAYS WITH] [WEATHER - DAYS WITH] 9 = BLOWING SNOW
X = TORNADO
MAX 32 OR BELOW: 3 0.01 INCH OR MORE: 24
MAX 90 OR ABOVE: 0 0.10 INCH OR MORE: 19
MIN 32 OR BELOW: 20 0.50 INCH OR MORE: 11
MIN 0 OR BELOW: 0 1.00 INCH OR MORE: 7
[HDD (BASE 65) ]
TOTAL THIS MO. 889 CLEAR (SCALE 0-3) 0
DPTR FM NORMAL -73 PTCLDY (SCALE 4-7) 7
TOTAL FM JUL 1 6226 CLOUDY (SCALE 8-10) 21
DPTR FM NORMAL 332
[CDD (BASE 65) ]
TOTAL THIS MO. 0
DPTR FM NORMAL 0 [PRESSURE DATA]
TOTAL FM JAN 1 0 HIGHEST SLP 30.66 ON 10
DPTR FM NORMAL 0 LOWEST SLP 29.15 ON 5
[REMARKS]
#FINAL-02-22#