617
CXAK56 PAJK 011410
CF6YAK
PRELIMINARY LOCAL CLIMATOLOGICAL DATA (WS FORM: F-6)
STATION: YAKUTAT
MONTH: FEBRUARY
YEAR: 2021
LATITUDE: 59 31 N
LONGITUDE: 139 40 W
TEMPERATURE IN F: :PCPN: SNOW: WIND :SUNSHINE: SKY :PK WND
================================================================================
1 2 3 4 5 6A 6B 7 8 9 10 11 12 13 14 15 16 17 18
12Z AVG MX 2MIN
DY MAX MIN AVG DEP HDD CDD WTR SNW DPTH SPD SPD DIR MIN PSBL S-S WX SPD DR
================================================================================
1 28 23 26 -3 39 0 0.27 M M 18.5 30 70 M M 9 128 37 80
2 27 7 17 -12 48 0 0.00 M M 4.3 16 70 M M 2 21 70
3 32 16 24 -5 41 0 0.06 M M 3.5 8 50 M M 8 1 10 60
4 33 20 27 -2 38 0 0.04 M M 2.8 7 70 M M 10 1 8 160
5 32 26 29 0 36 0 T M M 4.7 10 80 M M 10 1 13 80
6 32 22 27 -2 38 0 0.00 M M 2.3 9 110 M M 10 13 110
7 28 15 22 -7 43 0 0.02 M M 5.1 13 60 M M 9 1 16 60
8 24 16 20 -9 45 0 0.01 M M 13.8 22 60 M M 10 27 60
9 18 11 15 -14 50 0 0.00 M M 8.4 16 70 M M 10 21 80
10 23 2 13 -16 52 0 0.00 M M 2.3 7 110 M M 5 10 110
11 31 0 16 -13 49 0 0.00 M M 1.3 6 60 M M 0 8 7 190
12 42 0 21 -9 44 0 0.00 M M 2.5 10 40 M M 0 1 12 90
13 37 3 20 -10 45 0 0.00 M M 1.0 7 170 M M 0 18 9 170
14 32 5 19 -11 46 0 0.00 M M 1.5 7 50 M M 1 8 50
15 30 1 16 -14 49 0 0.00 M M 2.0 8 70 M M 4 1 9 70
16 33 25 29 -1 36 0 0.08 M M 5.9 13 70 M M 10 1 18 60
17 37 32 35 5 30 0 1.20 M M 11.3 21 120 M M 10 2 31 120
18 41 31 36 6 29 0 0.01 M M 2.0 13 340 M M 8 1 15 330
19 37 28 33 3 32 0 0.21 M M 7.4 24 220 M M 9 1 32 230
20 33 28 31 1 34 0 0.54 M M 9.7 17 90 M M 10 12 24 80
21 37 29 33 3 32 0 0.30 M M 6.7 20 200 M M 10 1 27 210
22 37 28 33 3 32 0 0.06 M M 4.0 20 270 M M 8 1 26 260
23 33 18 26 -4 39 0 0.04 M M 3.2 9 70 M M 7 1 11 70
24 38 31 35 5 30 0 0.11 M M 9.5 18 40 M M 10 1 23 40
25 39 28 34 4 31 0 0.03 M M 4.3 18 270 M M 8 1 23 280
26 34 21 28 -2 37 0 0.13 M M 3.4 12 70 M M 5 1 14 50
27 36 30 33 3 32 0 0.71 M M 10.1 17 70 M M 10 1 26 80
28 38 30 34 4 31 0 0.84 M M 7.2 21 110 M M 8 1 29 110
================================================================================
SM 922 526 1088 0 4.66 M 158.7 M 201
================================================================================
AV 32.9 18.8 5.7 FASTST M M 7 MAX(MPH)
MISC ----> 30 70 37 80
================================================================================
NOTES:
# LAST OF SEVERAL OCCURRENCES
COLUMN 17 PEAK WIND IN M.P.H.
PRELIMINARY LOCAL CLIMATOLOGICAL DATA (WS FORM: F-6) , PAGE 2
STATION: YAKUTAT
MONTH: FEBRUARY
YEAR: 2021
LATITUDE: 59 31 N
LONGITUDE: 139 40 W
[TEMPERATURE DATA] [PRECIPITATION DATA] SYMBOLS USED IN COLUMN 16
AVERAGE MONTHLY: 25.9 TOTAL FOR MONTH: 4.66 1 = FOG OR MIST
DPTR FM NORMAL: -3.8 DPTR FM NORMAL: -6.20 2 = FOG REDUCING VISIBILITY
HIGHEST: 42 ON 12 GRTST 24HR 1.29 ON 27-28 TO 1/4 MILE OR LESS
LOWEST: 0 ON 12,11 3 = THUNDER
SNOW, ICE PELLETS, HAIL 4 = ICE PELLETS
TOTAL MONTH: M 5 = HAIL
GRTST 24HR M ON M 6 = FREEZING RAIN OR DRIZZLE
GRTST DEPTH: M ON M 7 = DUSTSTORM OR SANDSTORM:
VSBY 1/2 MILE OR LESS
8 = SMOKE OR HAZE
[NO. OF DAYS WITH] [WEATHER - DAYS WITH] 9 = BLOWING SNOW
X = TORNADO
MAX 32 OR BELOW: 12 0.01 INCH OR MORE: 18
MAX 90 OR ABOVE: 0 0.10 INCH OR MORE: 9
MIN 32 OR BELOW: 28 0.50 INCH OR MORE: 4
MIN 0 OR BELOW: 2 1.00 INCH OR MORE: 1
[HDD (BASE 65) ]
TOTAL THIS MO. 1088 CLEAR (SCALE 0-3) 5
DPTR FM NORMAL 98 PTCLDY (SCALE 4-7) 8
TOTAL FM JUL 1 5714 CLOUDY (SCALE 8-10) 15
DPTR FM NORMAL -402
[CDD (BASE 65) ]
TOTAL THIS MO. 0
DPTR FM NORMAL 0 [PRESSURE DATA]
TOTAL FM JAN 1 0 HIGHEST SLP 30.57 ON 10
DPTR FM NORMAL 0 LOWEST SLP 28.69 ON 21
[REMARKS]
#FINAL-02-21#