000
CXAK56 PAJK 040947
CF6YAK
PRELIMINARY LOCAL CLIMATOLOGICAL DATA (WS FORM: F-6)
STATION: YAKUTAT
MONTH: MAY
YEAR: 2020
LATITUDE: 59 31 N
LONGITUDE: 139 40 W
TEMPERATURE IN F: :PCPN: SNOW: WIND :SUNSHINE: SKY :PK WND
================================================================================
1 2 3 4 5 6A 6B 7 8 9 10 11 12 13 14 15 16 17 18
12Z AVG MX 2MIN
DY MAX MIN AVG DEP HDD CDD WTR SNW DPTH SPD SPD DIR MIN PSBL S-S WX SPD DR
================================================================================
1 50 35 43 2 22 0 0.10 M M 4.8 12 90 M M 5 1 16 120
2 58 32 45 3 20 0 0.00 M M 2.8 12 360 M M 5 16 330
3 51 36 44 2 21 0 0.51 M M 7.3 20 110 M M 8 1 26 110
4 53 31 42 0 23 0 0.24 M M 7.0 17 80 M M 4 18 23 70
5 57 29 43 1 22 0 0.00 M M 3.6 15 170 M M 2 20 160
6 60 30 45 3 20 0 0.05 M M 6.9 22 120 M M 3 32 110
7 56 43 50 7 15 0 T M M 6.1 16 120 M M 5 8 22 110
8 66 42 54 11 11 0 0.00 M M 4.9 10 160 M M 6 13 80
9 75 41 58 15 7 0 0.00 M M 4.4 14 70 M M 0 18 40
10 73 36 55 12 10 0 0.00 M M 3.5 12 190 M M 0 16 180
11 66 37 52 8 13 0 0.00 M M 4.8 14 290 M M 0 18 17 290
12 58 38 48 4 17 0 0.00 M M 5.3 12 270 M M 2 1 15 320
13 54 38 46 2 19 0 0.00 M M 5.2 14 120 M M 5 12 21 130
14 49 45 47 3 18 0 0.04 M M 6.7 14 120 M M 10 1 19 130
15 59 38 49 5 16 0 0.01 M M 3.7 14 230 M M 5 1 17 220
16 59 33 46 1 19 0 0.00 M M 5.1 14 270 M M 0 17 270
17 52 35 44 -1 21 0 0.00 M M 4.5 13 230 M M 9 12 17 210
18 50 45 48 3 17 0 0.08 M M 5.8 13 160 M M 10 1 16 170
19 50 45 48 3 17 0 0.65 M M 8.0 18 80 M M 9 1 24 160
20 51 43 47 1 18 0 0.08 M M 4.8 10 280 M M 9 1 13 300
21 55 39 47 1 18 0 0.00 M M 4.2 13 230 M M 8 12 17 270
22 53 45 49 3 16 0 0.21 M M 7.4 15 120 M M 9 1 22 110
23 55 45 50 4 15 0 0.32 M M 7.3 15 40 M M 10 1 19 50
24 50 43 47 0 18 0 0.89 M M 8.2 24 110 M M 10 1 34 90
25 52 40 46 -1 19 0 0.10 M M 3.5 10 30 M M 10 1 14 180
26 53 36 45 -2 20 0 0.01 M M 4.4 16 240 M M 7 1 20 220
27 57 38 48 1 17 0 0.00 M M 3.7 12 330 M M 5 16 330
28 60 35 48 0 17 0 0.00 M M 4.8 12 320 0 0 0 M M
29 64 48 56 8 9 0 0.00 M M 4.9 13 180 0 0 0 M M
30 55 45 50 2 15 0 0.04 M M 2.7 12 200 M M 10 1 14 180
31 55 44 50 2 15 0 0.07 M M 6.9 20 80 M M 10 1 28 110
================================================================================
SM 1756 1210 525 0 3.40 M 163.2 0 176
================================================================================
AV 56.7 39.0 5.3 FASTST 0 0 6 MAX(MPH)
MISC ----> # 24 110 # 34 90
================================================================================
NOTES:
# LAST OF SEVERAL OCCURRENCES
COLUMN 17 PEAK WIND IN M.P.H.
PRELIMINARY LOCAL CLIMATOLOGICAL DATA (WS FORM: F-6) , PAGE 2
STATION: YAKUTAT
MONTH: MAY
YEAR: 2020
LATITUDE: 59 31 N
LONGITUDE: 139 40 W
[TEMPERATURE DATA] [PRECIPITATION DATA] SYMBOLS USED IN COLUMN 16
AVERAGE MONTHLY: 47.8 TOTAL FOR MONTH: 3.40 1 = FOG OR MIST
DPTR FM NORMAL: 3.1 DPTR FM NORMAL: -4.81 2 = FOG REDUCING VISIBILITY
HIGHEST: 75 ON 9 GRTST 24HR 0.89 ON 24-24 TO 1/4 MILE OR LESS
LOWEST: 29 ON 5 3 = THUNDER
SNOW, ICE PELLETS, HAIL 4 = ICE PELLETS
TOTAL MONTH: M 5 = HAIL
GRTST 24HR M ON M 6 = FREEZING RAIN OR DRIZZLE
GRTST DEPTH: M ON M 7 = DUSTSTORM OR SANDSTORM:
VSBY 1/2 MILE OR LESS
8 = SMOKE OR HAZE
[NO. OF DAYS WITH] [WEATHER - DAYS WITH] 9 = BLOWING SNOW
X = TORNADO
MAX 32 OR BELOW: 0 0.01 INCH OR MORE: 16
MAX 90 OR ABOVE: 0 0.10 INCH OR MORE: 8
MIN 32 OR BELOW: 4 0.50 INCH OR MORE: 3
MIN 0 OR BELOW: 0 1.00 INCH OR MORE: 0
[HDD (BASE 65) ]
TOTAL THIS MO. 525 CLEAR (SCALE 0-3) 9
DPTR FM NORMAL -103 PTCLDY (SCALE 4-7) 11
TOTAL FM JUL 1 7551 CLOUDY (SCALE 8-10) 11
DPTR FM NORMAL -1032
[CDD (BASE 65) ]
TOTAL THIS MO. 0
DPTR FM NORMAL 0 [PRESSURE DATA]
TOTAL FM JAN 1 0 HIGHEST SLP 30.49 ON 7
DPTR FM NORMAL 0 LOWEST SLP 29.56 ON 3
[REMARKS]
#FINAL-05-20#