000
CXAK56 PAJK 011310
CF6YAK
PRELIMINARY LOCAL CLIMATOLOGICAL DATA (WS FORM: F-6)
STATION: YAKUTAT
MONTH: AUGUST
YEAR: 2023
LATITUDE: 59 31 N
LONGITUDE: 139 40 W
TEMPERATURE IN F: :PCPN: SNOW: WIND :SUNSHINE: SKY :PK WND
================================================================================
1 2 3 4 5 6A 6B 7 8 9 10 11 12 13 14 15 16 17 18
12Z AVG MX 2MIN
DY MAX MIN AVG DEP HDD CDD WTR SNW DPTH SPD SPD DIR MIN PSBL S-S WX SPD DR
================================================================================
1 63 56 60 4 5 0 M M M 3.0 6 280 M M 10 M M
2 66 50 58 2 7 0 0.00 M M 4.2 12 240 M M 6 1 M M
3 64 46 55 -1 10 0 0.00 M M 3.4 10 240 M M 9 2 14 220
4 68 50 59 3 6 0 0.00 M M 2.0 9 220 M M 5 14 340
5 76 47 62 6 3 0 0.14 M M 3.4 12 190 M M 4 1 16 170
6 71 59 65 9 0 0 0.21 M M 6.1 16 130 M M 10 1 24 120
7 63 55 59 3 6 0 0.06 M M 4.7 12 350 M M 9 1 16 360
8 62 54 58 2 7 0 0.06 M M 4.0 10 150 M M 10 1 16 110
9 61 53 57 1 8 0 0.07 M M 3.0 8 150 M M 10 1 12 150
10 60 54 57 1 8 0 0.81 M M 6.8 14 90 M M 10 1 19 80
11 61 54 58 2 7 0 0.45 M M 6.7 13 80 M M 10 1 18 80
12 62 54 58 3 7 0 1.32 M M 10.9 20 160 M M 10 1 30 160
13 57 54 56 1 9 0 1.04 M M 8.4 17 180 M M 10 1 24 170
14 57 52 55 0 10 0 0.56 M M 7.2 15 60 M M 9 1 21 60
15 61 52 57 2 8 0 0.32 M M 7.0 15 170 M M 10 18 24 180
16 60 52 56 1 9 0 0.78 M M 9.7 23 120 M M 10 1 36 120
17 60 45 53 -2 12 0 0.06 M M 2.9 9 330 M M 7 1 12 320
18 59 40 50 -5 15 0 0.00 M M 2.1 8 160 M M 9 1 9 160
19 60 51 56 2 9 0 0.05 M M 3.8 10 70 M M 10 1 16 70
20 62 46 54 0 11 0 0.00 M M 5.2 14 270 M M 5 1 18 290
21 60 46 53 -1 12 0 0.00 M M 5.5 13 270 M M 7 1 20 270
22 60 45 53 -1 12 0 0.00 M M 2.4 9 260 M M 7 1 14 250
23 59 44 52 -2 13 0 0.00 M M 2.5 9 250 M M 8 1 12 250
24 59 50 55 1 10 0 0.00 M M 2.2 8 180 M M 10 1 10 180
25 56 51 54 0 11 0 0.78 M M 6.7 15 80 M M 10 1 20 80
26 63 52 58 5 7 0 0.01 M M 1.0 8 330 M M 10 1 9 330
27 66 54 60 7 5 0 0.02 M M 1.7 7 230 M M 10 1 9 230
28 68 58 63 10 2 0 0.09 M M 2.0 8 230 M M 9 1 9 230
29 63 57 60 7 5 0 0.05 M M 7.6 22 120 M M 10 1 31 120
30 60 45 53 1 12 0 1.20 M M 6.4 16 110 M M 9 12 22 120
31 59 44 52 0 13 0 1.29 M M 7.5 20 210 M M 10 12 27 210
================================================================================
SM 1926 1570 259 0 9.37 M 150.0 M 273
================================================================================
AV 62.1 50.6 4.8 FASTST M M 9 MAX(MPH)
MISC ----> 23 120 36 120
================================================================================
NOTES:
# LAST OF SEVERAL OCCURRENCES
COLUMN 17 PEAK WIND IN M.P.H.
PRELIMINARY LOCAL CLIMATOLOGICAL DATA (WS FORM: F-6) , PAGE 2
STATION: YAKUTAT
MONTH: AUGUST
YEAR: 2023
LATITUDE: 59 31 N
LONGITUDE: 139 40 W
[TEMPERATURE DATA] [PRECIPITATION DATA] SYMBOLS USED IN COLUMN 16
AVERAGE MONTHLY: 56.4 TOTAL FOR MONTH: 9.37 1 = FOG OR MIST
DPTR FM NORMAL: 1.7 DPTR FM NORMAL: -4.54 2 = FOG REDUCING VISIBILITY
HIGHEST: 76 ON 5 GRTST 24HR 1.34 ON 11-12 TO 1/4 MILE OR LESS
LOWEST: 40 ON 18 3 = THUNDER
SNOW, ICE PELLETS, HAIL 4 = ICE PELLETS
TOTAL MONTH: M 5 = HAIL
GRTST 24HR M ON M 6 = FREEZING RAIN OR DRIZZLE
GRTST DEPTH: M ON M 7 = DUSTSTORM OR SANDSTORM:
VSBY 1/2 MILE OR LESS
8 = SMOKE OR HAZE
[NO. OF DAYS WITH] [WEATHER - DAYS WITH] 9 = BLOWING SNOW
X = TORNADO
MAX 32 OR BELOW: 0 0.01 INCH OR MORE: 21
MAX 90 OR ABOVE: 0 0.10 INCH OR MORE: 12
MIN 32 OR BELOW: 0 0.50 INCH OR MORE: 8
MIN 0 OR BELOW: 0 1.00 INCH OR MORE: 4
[HDD (BASE 65) ]
TOTAL THIS MO. 259 CLEAR (SCALE 0-3) 0
DPTR FM NORMAL -62 PTCLDY (SCALE 4-7) 7
TOTAL FM JUL 1 533 CLOUDY (SCALE 8-10) 24
DPTR FM NORMAL -85
[CDD (BASE 65) ]
TOTAL THIS MO. 0
DPTR FM NORMAL 0 [PRESSURE DATA]
TOTAL FM JAN 1 0 HIGHEST SLP 30.30 ON 24
DPTR FM NORMAL 0 LOWEST SLP 29.61 ON 12
[REMARKS]
#FINAL-08-23#