000
CXUS54 KHGX 011415
CF611R
PRELIMINARY LOCAL CLIMATOLOGICAL DATA (WS FORM: F-6)

                                          STATION:   BRENHAM
                                          MONTH:     AUGUST
                                          YEAR:      2014
                                          LATITUDE:   30 13 N
                                          LONGITUDE:  96 22 W

  TEMPERATURE IN F:       :PCPN:    SNOW:  WIND      :SUNSHINE: SKY     :PK WND
================================================================================
1   2   3   4   5  6A  6B    7    8   9   10  11  12  13   14  15   16   17  18
                                     12Z  AVG MX 2MIN
DY MAX MIN AVG DEP HDD CDD  WTR  SNW DPTH SPD SPD DIR MIN PSBL S-S WX    SPD DR
================================================================================

 1  87  70  79   M   0  14 0.00  0.0    0  6.0 10 330   M    M   4 13     17 360
 2  83  68  76   M   0  11 0.00  0.0    0  4.9 10 360   M    M   3 1      16 360
 3  89  70  80   M   0  15 0.00  0.0    0  4.9 13 350   M    M   2 1      21  50
 4  92  73  83   M   0  18 0.00  0.0    0  4.3 13 110   M    M   2 1      18 110
 5  94  71  83   M   0  18 0.00  0.0    0  3.7 12 120   M    M   0 1      17 120
 6  94  73  84   M   0  19 0.00  0.0    0  4.7  9 210   M    M   1 1       M  M
 7  98  75  87   M   0  22 0.00  0.0    0  7.9 13 150   M    M   2 1      17 150
 8  98  75  87   M   0  22 0.00  0.0    0  7.2 15 160   M    M   2 1      20 160
 9  97  76  87   M   0  22 0.00  0.0    0  5.6 13 200   M    M   2         M  M
10  96  77  87   M   0  22 0.00  0.0    0  4.6 13 160   M    M   2        18 160
11  98  76  87   M   0  22 0.41  0.0    0  4.7 22 360   M    M   1 3      30 360
12  97  75  86   M   0  21 0.03  0.0    0  4.1 10 350   M    M   0         M  M
13  94  69  82   M   0  17 0.00  0.0    0  4.3 10 360   M    M   0         M  M
14  95  69  82   M   0  17 0.00  0.0    0  2.5  8 130   M    M   0         M  M
15  98  75  87   M   0  22 0.00  0.0    0  4.4  9 170   M    M   1 1       M  M
16 101  78  90   M   0  25 0.00  0.0    0  7.5 16 210   M    M   1        25 160
17 100  78  89   M   0  24 0.00  0.0    0  8.4 15 220   M    M   2 1      22 200
18 100  77  89   M   0  24 0.00  0.0    0  7.4 15 150   M    M   3 1      22 150
19  99  76  88   M   0  23 0.00  0.0    0  6.6 15 110   M    M   2 13     23 210
20  99  77  88   M   0  23 0.00  0.0    0  8.5 20 110   M    M   1 13     27 110
21 100  80  90   M   0  25 0.00  0.0    0  9.3 16 200   M    M   3        21 200
22 100  78  89   M   0  24 0.00  0.0    0  7.9 13 170   M    M   4 1      17 180
23  99  74  87   M   0  22 0.00  0.0    0  4.7  9 160   M    M   1 1       M  M
24  99  74  87   M   0  22 0.00  0.0    0  4.0  9 170   M    M   1         M  M
25  98  73  86   M   0  21 0.00  0.0    0  2.4  6 150   M    M   1         M  M
26  98  76  87   M   0  22 0.00  0.0    0  3.9 10  70   M    M   0         M  M
27  96  75  86   M   0  21 0.00  0.0    0  4.7 10 140   M    M   0         M  M
28  91  75  83   M   0  18 0.24  0.0    0  4.9 18  90   M    M   1 3      24  90
29  94  76  85   M   0  20 0.07  0.0    0  6.0 18 140   M    M   1 3      23 140
30  93  74  84   M   0  19 0.00  0.0    0  3.5 10 170   M    M   3        20 170
31  89  74  82   M   0  17 0.00  0.0    0  6.8 16 180   M    M   2        20 140
================================================================================
SM 2966 2307         0 632  0.75     0.0 170.3          M       48
================================================================================
AV 95.7 74.4                               5.5 FASTST   M    M   2    MAX(MPH)
                                 MISC ---->    22   M                 30    M
================================================================================
NOTES:
# LAST OF SEVERAL OCCURRENCES

COLUMN 17 PEAK WIND IN M.P.H.

PRELIMINARY LOCAL CLIMATOLOGICAL DATA (WS FORM: F-6) , PAGE 2

                                          STATION:  BRENHAM
                                          MONTH:    AUGUST
                                          YEAR:     2014
                                          LATITUDE:   30 13 N
                                          LONGITUDE:  96 22 W

[TEMPERATURE DATA]      [PRECIPITATION DATA]       SYMBOLS USED IN COLUMN 16

AVERAGE MONTHLY: 85.0   TOTAL FOR MONTH:   0.75    1 = FOG OR MIST
DPTR FM NORMAL:  32.6   DPTR FM NORMAL:   -1.94    2 = FOG REDUCING VISIBILITY
HIGHEST:   101 ON 16    GRTST 24HR  0.41 ON 11-11      TO 1/4 MILE OR LESS
LOWEST:     68 ON  2                               3 = THUNDER
                        SNOW, ICE PELLETS, HAIL    4 = ICE PELLETS
                        TOTAL MONTH:   0.0 INCH    5 = HAIL
                        GRTST 24HR     0.0         6 = FREEZING RAIN OR DRIZZLE
                        GRTST DEPTH:   0           7 = DUSTSTORM OR SANDSTORM:
                                                       VSBY 1/2 MILE OR LESS
                                                   8 = SMOKE OR HAZE
[NO. OF DAYS WITH]      [WEATHER - DAYS WITH]      9 = BLOWING SNOW
                                                   X = TORNADO
MAX 32 OR BELOW:   0    0.01 INCH OR MORE:   4
MAX 90 OR ABOVE:  27    0.10 INCH OR MORE:   2
MIN 32 OR BELOW:   0    0.50 INCH OR MORE:   0
MIN  0 OR BELOW:   0    1.00 INCH OR MORE:   0

[HDD (BASE 65) ]
TOTAL THIS MO.     0    CLEAR  (SCALE 0-3)  26
DPTR FM NORMAL     M    PTCLDY (SCALE 4-7)   5
TOTAL FM JUL 1     0    CLOUDY (SCALE 8-10)  0
DPTR FM NORMAL     M

[CDD (BASE 65) ]
TOTAL THIS MO.   632
DPTR FM NORMAL     M    [PRESSURE DATA]
TOTAL FM JAN 1  2190    HIGHEST SLP M ON M
DPTR FM NORMAL     M    LOWEST  SLP M ON M

[REMARKS]
#FINAL-08-14#
#FINAL-08-14#
