000
CXUS55 KBOU 301105
CF620V
PRELIMINARY LOCAL CLIMATOLOGICAL DATA (WS FORM: F-6)

                                          STATION:   Kremmling
                                          MONTH:     JULY
                                          YEAR:      2014
                                          LATITUDE:   40  3 N
                                          LONGITUDE: 106 22 W

  TEMPERATURE IN F:       :PCPN:    SNOW:  WIND      :SUNSHINE: SKY     :PK WND
================================================================================
1   2   3   4   5  6A  6B    7    8   9   10  11  12  13   14  15   16   17  18
                                     12Z  AVG MX 2MIN
DY MAX MIN AVG DEP HDD CDD  WTR  SNW DPTH SPD SPD DIR MIN PSBL S-S WX    SPD DR
================================================================================

 1  79  36  58   M   7   0    M    M    M  4.8 15 330   M    M   0        22 340
 2  82  41  62   M   3   0    M    M    M  2.3 10 340   M    M   0        17 340
 3  90  41  66   M   0   1    M    M    M  2.8 15 350   M    M   1        21 350
 4  81  50  66   M   0   1    M    M    M  4.6 18 320   M    M   4 3      32 320
 5  88  41  65   M   0   0    M    M    M  2.3 12  10   M    M   0        21  10
 6  90  41  66   M   0   1    M    M    M  3.2 13 140   M    M   1        18 270
 7  90  43  67   M   0   2    M    M    M  3.9 16 320   M    M   0        23 320
 8  90  50  70   M   0   5    M    M    M  4.1 14 350   M    M   1        25 330
 9  88  46  67   M   0   2    M    M    M  3.5 14 260   M    M   0         M  M
10  90  45  68   M   0   3    M    M    M  3.5 15 110   M    M   3 3      20 110
11  82  55  69   M   0   4    M    M    M  4.7 12  50   M    M   5 3      21  50
12  77  54  66   M   0   1    M    M    M  3.0 12 180   M    M   6 3      17 270
13  84  50  67   M   0   2    M    M    M  3.1 13 340   M    M   1        24 340
14  82  50  66   M   0   1    M    M    M  3.4 25  40   M    M   1        32  40
15  82  50  66   M   0   1    M    M    M  4.8 21 310   M    M   3 3      30 310
16  81  50  66   M   0   1    M    M    M  6.1 16 350   M    M   4 3      28 350
17  79  41  60   M   5   0    M    M    M  3.0 12 350   M    M   3 12     20 320
18  81  43  62   M   3   0    M    M    M  2.4 10 280   M    M   3         M  M
19  90  41  66   M   0   1    M    M    M  2.3 10 320   M    M   1        17 280
20  88  43  66   M   0   1    M    M    M  3.7 17 240   M    M   2 3      23 240
21  90  43  67   M   0   2    M    M    M  4.5 18 240   M    M   0 1      24 240
22  91  41  66   M   0   1    M    M    M  3.0 12 360   M    M   0         M  M
23  91  48  70   M   0   5    M    M    M  4.3 14  10   M    M   1 3      24  10
24  82  50  66   M   0   1    M    M    M  5.9 23 250   M    M   3 3      35 250
25  86  50  68   M   0   3    M    M    M  3.4 13 250   M    M   2 3      21 230
26  81  50  66   M   0   1    M    M    M  3.7 18 260   M    M   4 3      29 260
27  88  45  67   M   0   2    M    M    M  3.2 20 200   M    M   2 3      29 200
28  81  52  67   M   0   2    M    M    M  4.5 14 200   M    M   4 3      23 140
29  72  54  63   M   2   0    M    M    M  3.7 18 240   M    M   7 3      25 240
================================================================================
SM 2456 1344        20  44    M     M    107.7          M       62
================================================================================
AV 84.7 46.3                               3.7 FASTST   M    M   2    MAX(MPH)
                                 MISC ---->    25   M               # 35  250
================================================================================
NOTES:
# LAST OF SEVERAL OCCURRENCES

COLUMN 17 PEAK WIND IN M.P.H.

PRELIMINARY LOCAL CLIMATOLOGICAL DATA (WS FORM: F-6) , PAGE 2

                                          STATION:  Kremmling
                                          MONTH:    JULY
                                          YEAR:     2014
                                          LATITUDE:   40  3 N
                                          LONGITUDE: 106 22 W

[TEMPERATURE DATA]      [PRECIPITATION DATA]       SYMBOLS USED IN COLUMN 16

AVERAGE MONTHLY: 65.5   TOTAL FOR MONTH:      M    1 = FOG OR MIST
DPTR FM NORMAL:     M   DPTR FM NORMAL:       M    2 = FOG REDUCING VISIBILITY
HIGHEST:    91 ON 23,22 GRTST 24HR    M  ON   M        TO 1/4 MILE OR LESS
LOWEST:     36 ON  1                               3 = THUNDER
                        SNOW, ICE PELLETS, HAIL    4 = ICE PELLETS
                        TOTAL MONTH:    M          5 = HAIL
                        GRTST 24HR    M  ON   M    6 = FREEZING RAIN OR DRIZZLE
                        GRTST DEPTH:  M  ON   M    7 = DUSTSTORM OR SANDSTORM:
                                                       VSBY 1/2 MILE OR LESS
                                                   8 = SMOKE OR HAZE
[NO. OF DAYS WITH]      [WEATHER - DAYS WITH]      9 = BLOWING SNOW
                                                   X = TORNADO
MAX 32 OR BELOW:   0    0.01 INCH OR MORE:   0
MAX 90 OR ABOVE:   9    0.10 INCH OR MORE:   0
MIN 32 OR BELOW:   0    0.50 INCH OR MORE:   0
MIN  0 OR BELOW:   0    1.00 INCH OR MORE:   0

[HDD (BASE 65) ]
TOTAL THIS MO.    20    CLEAR  (SCALE 0-3)  21
DPTR FM NORMAL     M    PTCLDY (SCALE 4-7)   8
TOTAL FM JUL 1    20    CLOUDY (SCALE 8-10)  0
DPTR FM NORMAL     M

[CDD (BASE 65) ]
TOTAL THIS MO.    44
DPTR FM NORMAL     M    [PRESSURE DATA]
TOTAL FM JAN 1    44    HIGHEST SLP M ON M
DPTR FM NORMAL     M    LOWEST  SLP M ON M

[REMARKS]
