000
CXUS54 KEWX 280910
CF63T5
PRELIMINARY LOCAL CLIMATOLOGICAL DATA (WS FORM: F-6)

                                          STATION:   LA GRANGE
                                          MONTH:     FEBRUARY
                                          YEAR:      2015
                                          LATITUDE:   29 54 N
                                          LONGITUDE:  96 57 W

  TEMPERATURE IN F:       :PCPN:    SNOW:  WIND      :SUNSHINE: SKY     :PK WND
================================================================================
1   2   3   4   5  6A  6B    7    8   9   10  11  12  13   14  15   16   17  18
                                     12Z  AVG MX 2MIN
DY MAX MIN AVG DEP HDD CDD  WTR  SNW DPTH SPD SPD DIR MIN PSBL S-S WX    SPD DR
================================================================================

 1  74  47  61   M   4   0 0.00    M    M  8.9 17 340   M    M   4        28 360
 2  48  36  42   M  23   0 0.00    M    M  7.8 16 360   M    M   0        22 360
 3  44  42  43   M  22   0 0.36    M    M  0.9  4 170   M    M   6 1       M  M
 4  57  44  51   M  14   0 0.08    M    M  0.7  6 130   M    M  10 1       M  M
 5  55  41  48   M  17   0 0.01    M    M  8.8 15 350   M    M  10 1      27 350
 6  59  41  50   M  15   0 0.00    M    M  3.8  8 170   M    M   6 1       M  M
 7  70  45  58   M   7   0 0.00    M    M  8.6 16 200   M    M   4 1      23 200
 8  76  55  66   M   0   1 0.00    M    M  7.0 14 200   M    M   5 1      21 200
 9  82  46  64   M   1   0 0.00    M    M  2.3 10 340   M    M   2 12      M  M
10  78  44  61   M   4   0 0.00    M    M  4.1 12 190   M    M   0 1      16 190
11  76  57  67   M   0   2 0.00    M    M  5.4 12 190   M    M   5 1       M  M
12  61  46  54   M  11   0 0.00    M    M  7.8 15 350   M    M   2        21  10
13  69  41  55   M  10   0 0.00    M    M  2.6  7 190   M    M   0         M  M
14  77  46  62   M   3   0 0.00    M    M  3.9  9 270   M    M   2 12      M  M
15  68  59  64   M   1   0 0.10    M    M  6.0  9 180   M    M   4 1       M  M
16  68  37  53   M  12   0 0.08    M    M 12.1 18 350   M    M   8        28 350
17  53  34  44   M  21   0 0.00    M    M  8.0 13 360   M    M   3        24 360
18  64  31  48   M  17   0 0.00    M    M  3.0  8 150   M    M   0         M  M
19  70  37  54   M  11   0 0.00    M    M  6.8 15 170   M    M   1        22 160
20  74  55  65   M   0   0 0.00    M    M 13.3 23 180   M    M   7        36 190
21  77  59  68   M   0   3 0.00    M    M 12.0 21 190   M    M   6        27 190
22  67  42  55   M  10   0 0.00    M    M  6.8 15  20   M    M  10 1      27  20
23  42  33  38   M  27   0 0.00    M    M 11.6 15 360   M    M  10 1      24 360
24  37  32  35   M  30   0 0.00    M    M  6.2  9  10   M    M  10 1       M  M
25  58  37  48   M  17   0 0.03    M    M  4.6 14 320   M    M   6 1      21 310
26  54  31  43   M  22   0 0.00    M    M  5.8 14  10   M    M   1 1      22  30
27  42  35  39   M  26   0 0.00  0.0    0  6.8 10  20   M    M   8        16  20
================================================================================
SM 1700 1153       325   6  0.66     0.0 175.6          M      130
================================================================================
AV 63.0 42.7                               6.5 FASTST   M    M   5    MAX(MPH)
                                 MISC ---->  # 23 180                 36    M
================================================================================
NOTES:
# LAST OF SEVERAL OCCURRENCES

COLUMN 17 PEAK WIND IN M.P.H.

PRELIMINARY LOCAL CLIMATOLOGICAL DATA (WS FORM: F-6) , PAGE 2

                                          STATION:  LA GRANGE
                                          MONTH:    FEBRUARY
                                          YEAR:     2015
                                          LATITUDE:   29 54 N
                                          LONGITUDE:  96 57 W

[TEMPERATURE DATA]      [PRECIPITATION DATA]       SYMBOLS USED IN COLUMN 16

AVERAGE MONTHLY: 52.8   TOTAL FOR MONTH:   0.66    1 = FOG OR MIST
DPTR FM NORMAL:     M   DPTR FM NORMAL:       M    2 = FOG REDUCING VISIBILITY
HIGHEST:    82 ON  9    GRTST 24HR  0.36 ON  3- 3      TO 1/4 MILE OR LESS
LOWEST:     31 ON 26,18                            3 = THUNDER
                        SNOW, ICE PELLETS, HAIL    4 = ICE PELLETS
                        TOTAL MONTH:   0.0 INCH    5 = HAIL
                        GRTST 24HR     0.0         6 = FREEZING RAIN OR DRIZZLE
                        GRTST DEPTH:   0           7 = DUSTSTORM OR SANDSTORM:
                                                       VSBY 1/2 MILE OR LESS
                                                   8 = SMOKE OR HAZE
[NO. OF DAYS WITH]      [WEATHER - DAYS WITH]      9 = BLOWING SNOW
                                                   X = TORNADO
MAX 32 OR BELOW:   0    0.01 INCH OR MORE:   6
MAX 90 OR ABOVE:   0    0.10 INCH OR MORE:   2
MIN 32 OR BELOW:   3    0.50 INCH OR MORE:   0
MIN  0 OR BELOW:   0    1.00 INCH OR MORE:   0

[HDD (BASE 65) ]
TOTAL THIS MO.   325    CLEAR  (SCALE 0-3)  10
DPTR FM NORMAL     M    PTCLDY (SCALE 4-7)  12
TOTAL FM JUL 1  1334    CLOUDY (SCALE 8-10)  5
DPTR FM NORMAL     M

[CDD (BASE 65) ]
TOTAL THIS MO.     6
DPTR FM NORMAL     M    [PRESSURE DATA]
TOTAL FM JAN 1     9    HIGHEST SLP M ON M
DPTR FM NORMAL     M    LOWEST  SLP M ON M

[REMARKS]
