000
CXUS55 KABR 231400
CF68D3
PRELIMINARY LOCAL CLIMATOLOGICAL DATA (WS FORM: F-6)

                                          STATION:   SISSETON SD
                                          MONTH:     SEPTEMBER
                                          YEAR:      2017
                                          LATITUDE:   45 40 N
                                          LONGITUDE:  96 59 W

  TEMPERATURE IN F:       :PCPN:    SNOW:  WIND      :SUNSHINE: SKY     :PK WND
================================================================================
1   2   3   4   5  6A  6B    7    8   9   10  11  12  13   14  15   16   17  18
                                     12Z  AVG MX 2MIN
DY MAX MIN AVG DEP HDD CDD  WTR  SNW DPTH SPD SPD DIR MIN PSBL S-S WX    SPD DR
================================================================================

 1  72  61  67   1   0   2 0.06  0.0    0 11.7 24 140   M    M   0        31 140
 2  82  59  71   6   0   6 0.00  0.0    0  8.2 17 320   M    M   0        23 270
 3  86  61  74   9   0   9 0.00  0.0    0 12.7 23 240   M    M   0        29 240
 4  75  52  64   0   1   0 0.00  0.0    0 13.1 37 350   M    M   0        46 350
 5  69  44  57  -7   8   0 0.00  0.0    0 13.9 26 330   M    M   0        33 320
 6  70  38  54 -10  11   0 0.00  0.0    0  5.9 15 360   M    M   0        21 340
 7  83  54  69   6   0   4 0.00  0.0    0  8.6 18 250   M    M   0        25 260
 8  72  43  58  -5   7   0 0.00  0.0    0  9.1 20 120   M    M   0        25 120
 9  72  48  60  -3   5   0 0.01    M    0 10.7 20 140   M    M   0        24 150
10  85  62  74  12   0   9 0.02  0.0    0 13.7 26 190   M    M   0        35 200
11  83  59  71   9   0   6 0.00  0.0    0  6.1 20 230   M    M   0        24 230
12  92  58  75  14   0  10 0.00  0.0    0  8.5 17 210   M    M   0        22 210
13  94  63  79  18   0  14 0.00  0.0    0  6.0 15 240   M    M   0        22 260
14  85  59  72  11   0   7 0.00  0.0    0  9.1 22 340   M    M   0        26 330
15  67  56  62   2   3   0 0.58  0.0    0 10.2 22 310   M    M   0        28  50
16  58  49  54  -6  11   0 0.05  0.0    0  9.1 18  10   M    M   0        23  20
17  66  47  57  -2   8   0 0.00  0.0    0  7.5 20 310   M    M   0        26 300
18  73  48  61   2   4   0 0.01  0.0    0  9.4 21 120   M    M   0        25 110
19  76  62  69  11   0   4 0.14  0.0    0 16.4 31 300   M    M   0        41 300
20  72  48  60   2   5   0 0.01  0.0    0 11.2 24 260   M    M   0        32 270
21  84  47  66   8   0   1 0.00  0.0    0  9.3 26 160   M    M   0        32 160
22  91  57  74  17   0   9 1.06  0.0    0  9.9 28 230   M    M   0 3      38 220
================================================================================
SM 1707 1175        63  81  1.94     0.0 220.3          M        0
================================================================================
AV 77.6 53.4                              10.0 FASTST   M    M   0    MAX(MPH)
                                 MISC ---->  # 37 350               # 46  350
================================================================================
NOTES:
# LAST OF SEVERAL OCCURRENCES

COLUMN 17 PEAK WIND IN M.P.H.

PRELIMINARY LOCAL CLIMATOLOGICAL DATA (WS FORM: F-6) , PAGE 2

                                          STATION:  SISSETON SD
                                          MONTH:    SEPTEMBER
                                          YEAR:     2017
                                          LATITUDE:   45 40 N
                                          LONGITUDE:  96 59 W

[TEMPERATURE DATA]      [PRECIPITATION DATA]       SYMBOLS USED IN COLUMN 16

AVERAGE MONTHLY: 65.5   TOTAL FOR MONTH:   1.94    1 = FOG OR MIST
DPTR FM NORMAL:   4.0   DPTR FM NORMAL:    0.11    2 = FOG REDUCING VISIBILITY
HIGHEST:    94 ON 13    GRTST 24HR  1.06 ON 22-22      TO 1/4 MILE OR LESS
LOWEST:     38 ON  6                               3 = THUNDER
                        SNOW, ICE PELLETS, HAIL    4 = ICE PELLETS
                        TOTAL MONTH:   0.0 INCH    5 = HAIL
                        GRTST 24HR     0.0         6 = FREEZING RAIN OR DRIZZLE
                        GRTST DEPTH:   0           7 = DUSTSTORM OR SANDSTORM:
                                                       VSBY 1/2 MILE OR LESS
                                                   8 = SMOKE OR HAZE
[NO. OF DAYS WITH]      [WEATHER - DAYS WITH]      9 = BLOWING SNOW
                                                   X = TORNADO
MAX 32 OR BELOW:   0    0.01 INCH OR MORE:   9
MAX 90 OR ABOVE:   3    0.10 INCH OR MORE:   3
MIN 32 OR BELOW:   0    0.50 INCH OR MORE:   2
MIN  0 OR BELOW:   0    1.00 INCH OR MORE:   1

[HDD (BASE 65) ]
TOTAL THIS MO.    63    CLEAR  (SCALE 0-3)  22
DPTR FM NORMAL   -57    PTCLDY (SCALE 4-7)   0
TOTAL FM JUL 1    77    CLOUDY (SCALE 8-10)  0
DPTR FM NORMAL   -86

[CDD (BASE 65) ]
TOTAL THIS MO.    81
DPTR FM NORMAL    40    [PRESSURE DATA]
TOTAL FM JAN 1   549    HIGHEST SLP M ON M
DPTR FM NORMAL    29    LOWEST  SLP 29.31 ON 19

[REMARKS]
