000
CXUS55 KABR 181400
CF68D3
PRELIMINARY LOCAL CLIMATOLOGICAL DATA (WS FORM: F-6)

                                          STATION:   SISSETON SD
                                          MONTH:     JANUARY
                                          YEAR:      2018
                                          LATITUDE:   45 40 N
                                          LONGITUDE:  96 59 W

  TEMPERATURE IN F:       :PCPN:    SNOW:  WIND      :SUNSHINE: SKY     :PK WND
================================================================================
1   2   3   4   5  6A  6B    7    8   9   10  11  12  13   14  15   16   17  18
                                     12Z  AVG MX 2MIN
DY MAX MIN AVG DEP HDD CDD  WTR  SNW DPTH SPD SPD DIR MIN PSBL S-S WX    SPD DR
================================================================================

 1   3 -18  -7 -21  72   0 0.00  0.0    2  4.9 13 250   M    M   0        16 250
 2  19  -7   6  -7  59   0    T    T    2 16.3 38 250   M    M   0        46 250
 3   3  -6  -1 -14  66   0 0.00  0.0    2  9.3 17 320   M    M   0        21 340
 4   5  -1   2 -11  63   0 0.02  0.2    2  6.0 12 150   M    M   0        13 350
 5   4 -13  -4 -17  69   0 0.00  0.0    2  5.2 13 160   M    M   0        15 170
 6  23   1  12  -1  53   0 0.01    T    2 16.8 26 160   M    M   0        33 180
 7  37  22  30  17  35   0 0.00  0.0    T 14.2 28 230   M    M   0        31 210
 8  40  23  32  19  33   0 0.03  0.0    T  8.5 24 270   M    M   0 6      30 280
 9  33  24  29  16  36   0 0.01  0.0    T  8.9 15 140   M    M   0 6      17 140
10  41   7  24  11  41   0    T    T    T 15.3 36 340   M    M   0        47 350
11   7  -8   0 -13  65   0    T    T    T 24.9 37 330   M    M   0        45 330
12   3 -12  -4 -17  69   0 0.00  0.0    T  8.9 16 340   M    M   0        20 350
13  10 -15  -2 -15  67   0 0.00  0.0    T  7.3 13 130   M    M   0        15 300
14  23  -2  11  -2  54   0 0.02  0.3    T 15.7 31 340   M    M   0        37 330
15  -2  -9  -5 -18  70   0 0.00  0.0    0 23.1 30 330   M    M   0        37 320
16  12 -11   1 -12  64   0 0.00  0.0    T  9.8 23 330   M    M   0        27 330
17  36  11  24  11  41   0 0.00  0.0    T 13.2 33 250   M    M   0        44 250
================================================================================
SM  297  -14       957   0  0.09     0.5 208.3          M        0
================================================================================
AV 17.5 -0.8                              12.3 FASTST   M    M   0    MAX(MPH)
                                 MISC ---->  # 38 250               # 47  350
================================================================================
NOTES:
# LAST OF SEVERAL OCCURRENCES

COLUMN 17 PEAK WIND IN M.P.H.

PRELIMINARY LOCAL CLIMATOLOGICAL DATA (WS FORM: F-6) , PAGE 2

                                          STATION:  SISSETON SD
                                          MONTH:    JANUARY
                                          YEAR:     2018
                                          LATITUDE:   45 40 N
                                          LONGITUDE:  96 59 W

[TEMPERATURE DATA]      [PRECIPITATION DATA]       SYMBOLS USED IN COLUMN 16

AVERAGE MONTHLY:  8.3   TOTAL FOR MONTH:   0.09    1 = FOG OR MIST
DPTR FM NORMAL:  -4.7   DPTR FM NORMAL:   -0.17    2 = FOG REDUCING VISIBILITY
HIGHEST:    41 ON 10    GRTST 24HR  0.03 ON  8- 8      TO 1/4 MILE OR LESS
LOWEST:    -18 ON  1                               3 = THUNDER
                        SNOW, ICE PELLETS, HAIL    4 = ICE PELLETS
                        TOTAL MONTH:   0.5 INCH    5 = HAIL
                        GRTST 24HR   0.3 ON 14-14  6 = FREEZING RAIN OR DRIZZLE
                        GRTST DEPTH:   2 ON  6, 5  7 = DUSTSTORM OR SANDSTORM:
                                                       VSBY 1/2 MILE OR LESS
                                                   8 = SMOKE OR HAZE
[NO. OF DAYS WITH]      [WEATHER - DAYS WITH]      9 = BLOWING SNOW
                                                   X = TORNADO
MAX 32 OR BELOW:  12    0.01 INCH OR MORE:   5
MAX 90 OR ABOVE:   0    0.10 INCH OR MORE:   0
MIN 32 OR BELOW:  17    0.50 INCH OR MORE:   0
MIN  0 OR BELOW:  11    1.00 INCH OR MORE:   0

[HDD (BASE 65) ]
TOTAL THIS MO.   957    CLEAR  (SCALE 0-3)  17
DPTR FM NORMAL    73    PTCLDY (SCALE 4-7)   0
TOTAL FM JUL 1  4027    CLOUDY (SCALE 8-10)  0
DPTR FM NORMAL  -196

[CDD (BASE 65) ]
TOTAL THIS MO.     0
DPTR FM NORMAL     0    [PRESSURE DATA]
TOTAL FM JAN 1     0    HIGHEST SLP M ON M
DPTR FM NORMAL     0    LOWEST  SLP 29.44 ON 10

[REMARKS]
