000
CXUS54 KSJT 241449
CF6ABI
PRELIMINARY LOCAL CLIMATOLOGICAL DATA (WS FORM: F-6)

                                          STATION:   ABILENE
                                          MONTH:     MARCH
                                          YEAR:      2017
                                          LATITUDE:   32 25 N
                                          LONGITUDE:  99 41 W

  TEMPERATURE IN F:       :PCPN:    SNOW:  WIND      :SUNSHINE: SKY     :PK WND
================================================================================
1   2   3   4   5  6A  6B    7    8   9   10  11  12  13   14  15   16   17  18
                                     12Z  AVG MX 2MIN
DY MAX MIN AVG DEP HDD CDD  WTR  SNW DPTH SPD SPD DIR MIN PSBL S-S WX    SPD DR
================================================================================

 1  68  35  52   0  13   0 0.00  0.0    0 12.4 28 330   M    M   0        33 330
 2  63  30  47  -5  18   0 0.00  0.0    0  6.8 17 140   M    M   0        21 150
 3  66  37  52  -1  13   0 0.00  0.0    0 12.5 24 170   M    M   0        32 140
 4  57  48  53   0  12   0 0.00  0.0    0 15.3 22 160   M    M   9 1      29 170
 5  73  55  64  11   1   0 0.00  0.0    0 15.2 23 180   M    M   6        31 190
 6  81  58  70  16   0   5 0.00  0.0    0 19.9 29 220   M    M   1        37 200
 7  66  41  54   0  11   0 0.00  0.0    0 10.0 24  40   M    M   1 8      32  40
 8  76  39  58   4   7   0 0.00  0.0    0 11.2 21 160   M    M   2        27 160
 9  83  62  73  19   0   8 0.00  0.0    0 12.2 21 220   M    M   4        26 200
10  69  54  62   7   3   0 0.00  0.0    0  8.5 20 350   M    M   7 18     27 360
11  73  43  58   3   7   0    T  0.0    0  8.1 29  10   M    M   7 1      37  10
12  54  40  47  -8  18   0    T  0.0    0  7.8 17  20   M    M  10 12     24  20
13  64  44  54  -2  11   0 0.00  0.0    0 10.2 22 360   M    M   5 1      27  10
14  76  37  57   1   8   0 0.00  0.0    0 11.6 21 190   M    M   1        27 200
15  72  43  58   2   7   0 0.00  0.0    0 10.5 21 150   M    M   1        27 140
16  81  53  67  11   0   2 0.00  0.0    0 17.0 26 180   M    M   0        37 180
17  83  62  73  16   0   8 0.00  0.0    0 14.6 25 190   M    M   0        33 190
18  83  57  70  13   0   5 0.00  0.0    0 10.2 18 150   M    M   0        25 170
19  88  61  75  18   0  10 0.00  0.0    0 16.6 28 210   M    M   2        33 220
20  88  63  76  18   0  11 0.00  0.0    0 16.1 25 210   M    M   0        34 190
21  92  63  78  20   0  13    T  0.0    0 11.6 22 220   M    M   0 8      30 220
22  84  52  68  10   0   3 0.00  0.0    0 11.0 24 170   M    M   0        33 160
23  83  62  73  15   0   8 0.00  0.0    0 24.4 39 160   M    M   0        51 170
================================================================================
SM 1723 1139       129  73    T      0.0 293.7          M       56
================================================================================
AV 74.9 49.5                              12.8 FASTST   M    M   2    MAX(MPH)
                                 MISC ---->  # 39 160               # 51  170
================================================================================
NOTES:
# LAST OF SEVERAL OCCURRENCES

COLUMN 17 PEAK WIND IN M.P.H.

PRELIMINARY LOCAL CLIMATOLOGICAL DATA (WS FORM: F-6) , PAGE 2

                                          STATION:  ABILENE
                                          MONTH:    MARCH
                                          YEAR:     2017
                                          LATITUDE:   32 25 N
                                          LONGITUDE:  99 41 W

[TEMPERATURE DATA]      [PRECIPITATION DATA]       SYMBOLS USED IN COLUMN 16

AVERAGE MONTHLY: 62.2   TOTAL FOR MONTH:      M    1 = FOG OR MIST
DPTR FM NORMAL:     M   DPTR FM NORMAL:       M    2 = FOG REDUCING VISIBILITY
HIGHEST:     M ON M     GRTST 24HR    M  ON   M        TO 1/4 MILE OR LESS
LOWEST:      M ON M                                3 = THUNDER
                        SNOW, ICE PELLETS, HAIL    4 = ICE PELLETS
                        TOTAL MONTH:    M          5 = HAIL
                        GRTST 24HR    M  ON   M    6 = FREEZING RAIN OR DRIZZLE
                        GRTST DEPTH:  M  ON   M    7 = DUSTSTORM OR SANDSTORM:
                                                       VSBY 1/2 MILE OR LESS
                                                   8 = SMOKE OR HAZE
[NO. OF DAYS WITH]      [WEATHER - DAYS WITH]      9 = BLOWING SNOW
                                                   X = TORNADO
MAX 32 OR BELOW:   M    0.01 INCH OR MORE:   M
MAX 90 OR ABOVE:   M    0.10 INCH OR MORE:   M
MIN 32 OR BELOW:   M    0.50 INCH OR MORE:   M
MIN  0 OR BELOW:   M    1.00 INCH OR MORE:   M

[HDD (BASE 65) ]
TOTAL THIS MO.   129    CLEAR  (SCALE 0-3)   M
DPTR FM NORMAL  -112    PTCLDY (SCALE 4-7)   M
TOTAL FM JUL 1     M    CLOUDY (SCALE 8-10)  M
DPTR FM NORMAL     M

[CDD (BASE 65) ]
TOTAL THIS MO.    73
DPTR FM NORMAL    55    [PRESSURE DATA]
TOTAL FM JAN 1     M    HIGHEST SLP M ON M
DPTR FM NORMAL     M    LOWEST  SLP M ON M

[REMARKS]
