000
CXUS56 KEKA 261230
CF6ACV
PRELIMINARY LOCAL CLIMATOLOGICAL DATA (WS FORM: F-6)

                                          STATION:   ARCATA CA
                                          MONTH:     MARCH
                                          YEAR:      2015
                                          LATITUDE:   40 58 N
                                          LONGITUDE: 124  6 W

  TEMPERATURE IN F:       :PCPN:    SNOW:  WIND      :SUNSHINE: SKY     :PK WND
================================================================================
1   2   3   4   5  6A  6B    7    8   9   10  11  12  13   14  15   16   17  18
                                     12Z  AVG MX 2MIN
DY MAX MIN AVG DEP HDD CDD  WTR  SNW DPTH SPD SPD DIR MIN PSBL S-S WX    SPD DR
================================================================================

 1  58  36  47  -1  18   0 0.00  0.0    0  6.7 20 320   M    M   0        24 320
 2  55  39  47  -1  18   0 0.00  0.0    0  8.5 22 340   M    M   3 1      30 340
 3  55  34  45  -3  20   0 0.00  0.0    0  5.8 18 320   M    M   0        22 320
 4  56  34  45  -3  20   0 0.00  0.0    0  3.5  7 310   M    M   0 1      14 280
 5  60  36  48   0  17   0 0.00  0.0    0  2.8  9 320   M    M   0 8      19 290
 6  58  35  47  -1  18   0 0.00  0.0    0  4.9 20 330   M    M   0        25 330
 7  50  39  45  -3  20   0 0.00  0.0    0  3.1  9 360   M    M   9 2      20  80
 8  50  43  47  -1  18   0 0.00  0.0    0  3.1 10 270   M    M  10 2      16  80
 9  51  46  49   1  16   0 0.00  0.0    0  3.5 13 320   M    M  10 1      14 270
10  59  46  53   5  12   0    T  0.0    0  4.2 15 210   M    M   9 2      20 210
11  62  50  56   8   9   0 0.15  0.0    0  4.8 17 260   M    M   9 1      22 250
12  64  44  54   6  11   0 0.00  0.0    0  3.6 14 330   M    M   4 28     17 330
13  65  49  57   9   8   0    T    M    0  3.9 15 250   M    M   6 2      23 140
14  67  52  60  12   5   0 0.02  0.0    0  3.8 14 290   M    M   8 1      16 290
15  63  50  57   9   8   0 0.59  0.0    0  5.2 21 180   M    M   6 1      29 170
16  54  50  52   4  13   0 0.00  0.0    0  2.2  8 300   M    M  10 2      11 270
17  56  42  49   1  16   0 0.01    M    0  5.6 16 320   M    M   4 1      20 320
18  61  36  49   1  16   0 0.00  0.0    0  6.9 24 320   M    M   0 1      30 320
19  54  42  48   0  17   0 0.00  0.0    0  3.0  9 310   M    M   8 2      12 330
20  61  41  51   3  14   0 0.40    M    0  5.5 14 180   M    M   3 18     18  90
21  61  45  53   5  12   0 0.01    M    0  3.3  9 310   M    M   4 1      12 280
22  58  48  53   5  12   0 0.98    M    0  6.1 22 220   M    M   9 1      29 230
23  58  46  52   4  13   0 0.91    M    0 10.3 18 210   M    M   7 1      24 220
24  58  47  53   5  12   0 0.43    M    0  4.2 16 300   M    M   9 1      20 200
25  60  42  51   3  14   0 0.00  0.0    0  5.4 21 330   M    M   1 1      27 320
================================================================================
SM 1454 1072       357   0  3.50     0.0 119.9          M      129
================================================================================
AV 58.2 42.9                               4.8 FASTST   M    M   5    MAX(MPH)
                                 MISC ---->  # 24 320               # 30  340
================================================================================
NOTES:
# LAST OF SEVERAL OCCURRENCES

COLUMN 17 PEAK WIND IN M.P.H.

PRELIMINARY LOCAL CLIMATOLOGICAL DATA (WS FORM: F-6) , PAGE 2

                                          STATION:  ARCATA CA
                                          MONTH:    MARCH
                                          YEAR:     2015
                                          LATITUDE:   40 58 N
                                          LONGITUDE: 124  6 W

[TEMPERATURE DATA]      [PRECIPITATION DATA]       SYMBOLS USED IN COLUMN 16

AVERAGE MONTHLY: 50.5   TOTAL FOR MONTH:   3.50    1 = FOG OR MIST
DPTR FM NORMAL:   2.5   DPTR FM NORMAL:   -1.56    2 = FOG REDUCING VISIBILITY
HIGHEST:    67 ON 14    GRTST 24HR  0.98 ON 22-22      TO 1/4 MILE OR LESS
LOWEST:     34 ON  4, 3                            3 = THUNDER
                        SNOW, ICE PELLETS, HAIL    4 = ICE PELLETS
                        TOTAL MONTH:   0.0 INCH    5 = HAIL
                        GRTST 24HR     0.0         6 = FREEZING RAIN OR DRIZZLE
                        GRTST DEPTH:   0           7 = DUSTSTORM OR SANDSTORM:
                                                       VSBY 1/2 MILE OR LESS
                                                   8 = SMOKE OR HAZE
[NO. OF DAYS WITH]      [WEATHER - DAYS WITH]      9 = BLOWING SNOW
                                                   X = TORNADO
MAX 32 OR BELOW:   0    0.01 INCH OR MORE:   9
MAX 90 OR ABOVE:   0    0.10 INCH OR MORE:   6
MIN 32 OR BELOW:   0    0.50 INCH OR MORE:   3
MIN  0 OR BELOW:   0    1.00 INCH OR MORE:   0

[HDD (BASE 65) ]
TOTAL THIS MO.   357    CLEAR  (SCALE 0-3)   9
DPTR FM NORMAL   -68    PTCLDY (SCALE 4-7)   7
TOTAL FM JUL 1  2649    CLOUDY (SCALE 8-10)  9
DPTR FM NORMAL -1081

[CDD (BASE 65) ]
TOTAL THIS MO.     0
DPTR FM NORMAL     0    [PRESSURE DATA]
TOTAL FM JAN 1     0    HIGHEST SLP M ON M
DPTR FM NORMAL     0    LOWEST  SLP 29.83 ON 15

[REMARKS]
