000
CXUS54 KLZK 211130
CF6ADF
PRELIMINARY LOCAL CLIMATOLOGICAL DATA (WS FORM: F-6)

                                          STATION:   Arkadelphia Airport
                                          MONTH:     OCTOBER
                                          YEAR:      2017
                                          LATITUDE:   34  9 N
                                          LONGITUDE:  93  4 W

  TEMPERATURE IN F:       :PCPN:    SNOW:  WIND      :SUNSHINE: SKY     :PK WND
================================================================================
1   2   3   4   5  6A  6B    7    8   9   10  11  12  13   14  15   16   17  18
                                     12Z  AVG MX 2MIN
DY MAX MIN AVG DEP HDD CDD  WTR  SNW DPTH SPD SPD DIR MIN PSBL S-S WX    SPD DR
================================================================================

 1  86  54  70   2   0   5 0.00    M    M  3.3  7  99   M    M   1 1       M  M
 2  87  66  77  10   0  12    T    M    M  2.8  8 110   M    M   7 1       M  M
 3  80  71  76   9   0  11 0.16    M    M  3.5  7  20   M    M   9         M  M
 4  86  64  75   8   0  10 0.00    M    M  2.1  7 170   M    M   1         M  M
 5  87  59  73   7   0   8 0.00    M    M  1.0  5 160   M    M   0 1       M  M
 6  88  58  73   7   0   8 0.00    M    M  2.2  9 160   M    M   1 1       M  M
 7  92  59  76  10   0  11 0.00    M    M  3.5 13 230   M    M   4 1      20 220
 8  92  65  79  14   0  14 0.00    M    M  3.3 10 240   M    M   3 1       M  M
 9  92  62  77  12   0  12    T    M    M  1.2  8 200   M    M   3 1       M  M
10  85  51  68   4   0   3 0.00    M    M  5.6 15 240   M    M   2 1      18 240
11  75  44  60  -4   5   0 0.00    M    M  2.4  6 320   M    M   1         M  M
12  82  48  65   1   0   0 0.00    M    M  0.8  6 130   M    M   0         M  M
13  90  54  72   9   0   7 0.00    M    M  1.3  6  99   M    M   0         M  M
14  93  59  76  13   0  11 0.00    M    M  3.3 12 180   M    M   0 1       M  M
15  76  49  63   0   2   0 0.04    M    M  3.9 13  20   M    M   3 1      18  20
16  70  40  55  -7  10   0 0.00    M    M  5.6 12  20   M    M   0        18  99
17  75  35  55  -7  10   0 0.00    M    M  0.9  6  70   M    M   1 12      M  M
18  80  37  59  -3   6   0 0.00    M    M  1.6  6 220   M    M   0         M  M
19  80  42  61   0   4   0 0.00  0.0    0  0.6  5 160   M    M   0 1       M  M
20  75  45  60  -1   5   0 0.00  0.0    0  2.1  7 150   M    M   1 1       M  M
================================================================================
SM 1671 1062        42 112  0.20     0.0  51.0          M       37
================================================================================
AV 83.6 53.1                               2.5 FASTST   M    M   2    MAX(MPH)
                                 MISC ---->  # 15 240               # 20  220
================================================================================
NOTES:
# LAST OF SEVERAL OCCURRENCES

COLUMN 17 PEAK WIND IN M.P.H.

PRELIMINARY LOCAL CLIMATOLOGICAL DATA (WS FORM: F-6) , PAGE 2

                                          STATION:  Arkadelphia Airport
                                          MONTH:    OCTOBER
                                          YEAR:     2017
                                          LATITUDE:   34  9 N
                                          LONGITUDE:  93  4 W

[TEMPERATURE DATA]      [PRECIPITATION DATA]       SYMBOLS USED IN COLUMN 16

AVERAGE MONTHLY: 68.3   TOTAL FOR MONTH:   0.20    1 = FOG OR MIST
DPTR FM NORMAL:   4.0   DPTR FM NORMAL:   -3.29    2 = FOG REDUCING VISIBILITY
HIGHEST:    93 ON 14    GRTST 24HR  0.16 ON  3- 3      TO 1/4 MILE OR LESS
LOWEST:     35 ON 17                               3 = THUNDER
                        SNOW, ICE PELLETS, HAIL    4 = ICE PELLETS
                        TOTAL MONTH:   0.0 INCH    5 = HAIL
                        GRTST 24HR     0.0         6 = FREEZING RAIN OR DRIZZLE
                        GRTST DEPTH:   0           7 = DUSTSTORM OR SANDSTORM:
                                                       VSBY 1/2 MILE OR LESS
                                                   8 = SMOKE OR HAZE
[NO. OF DAYS WITH]      [WEATHER - DAYS WITH]      9 = BLOWING SNOW
                                                   X = TORNADO
MAX 32 OR BELOW:   0    0.01 INCH OR MORE:   2
MAX 90 OR ABOVE:   5    0.10 INCH OR MORE:   1
MIN 32 OR BELOW:   0    0.50 INCH OR MORE:   0
MIN  0 OR BELOW:   0    1.00 INCH OR MORE:   0

[HDD (BASE 65) ]
TOTAL THIS MO.    42    CLEAR  (SCALE 0-3)  15
DPTR FM NORMAL   -23    PTCLDY (SCALE 4-7)   4
TOTAL FM JUL 1    42    CLOUDY (SCALE 8-10)  1
DPTR FM NORMAL   -39

[CDD (BASE 65) ]
TOTAL THIS MO.   112
DPTR FM NORMAL    61    [PRESSURE DATA]
TOTAL FM JAN 1  1942    HIGHEST SLP M ON M
DPTR FM NORMAL    43    LOWEST  SLP M ON M

[REMARKS]
