000
CXAK56 PADQ 301209
CF6ADQ

PRELIMINARY LOCAL CLIMATOLOGICAL DATA (WS FORM: F-6)

                                          STATION:   KODIAK
                                          MONTH:     06
                                          YEAR:      2015
                                          LATITUDE:   57 45 N
                                          LONGITUDE: 152 30 W

  TEMPERATURE IN F:       :PCPN:    SNOW:  WIND      :SUNSHINE: SKY     :PK WND
================================================================================
1   2   3   4   5  6A  6B    7     8   9   10  11  12  13   14  15   16  17  18
                                      12Z  AVG MX 2MIN
DY MAX MIN AVG DEP HDD CDD  WTR   SNW DPTH SPD SPD DIR MIN PSBL S-S WX   SPD DR
================================================================================

 1  66  50  58  11   7   0  0.00  0.0   0  7.1 15  180   M    M   M       19 180
 2  58  43  51   4  14   0  0.10  0.0   0  9.1 20  110   M    M   M 1     22 110
 3  53  46  50   3  15   0  0.28  0.0   0 10.2 22  300   M    M   M 1     27 290
 4  53  46  50   2  15   0  0.21  0.0   0  8.3 22  290   M    M   M 1     28 290
 5  55  39  47  -1  18   0     T  0.0   0  9.3 21  140   M    M   M       26 140
 6  54  43  49   1  16   0     T  0.0   0  5.9 12   80   M    M   M       13  80
 7  57  38  48   0  17   0  0.01  0.0   0  6.9 15  310   M    M   M       18 320
 8  50  43  47  -1  18   0  0.08  0.0   0 12.3 26  100   M    M   M 1     32 100
 9  54  47  51   3  14   0  0.04  0.0   0 11.9 22  150   M    M   M 1     27 130
10  61  46  54   5  11   0  0.04  0.0   0  6.2 18  280   M    M   M 1     24 300
11  58  47  53   4  12   0  0.00  0.0   0  6.0  9  280   M    M   M        9 280
12  63  52  58   9   7   0  0.00  0.0   0  6.0 14  330   M    M   M       20 320
13  70  46  58   9   7   0  0.00  0.0   0  6.3 13  300   M    M   M       19 290
14  73  56  65  16   0   0  0.00  0.0   0  7.3 15  310   M    M   M 8     19 310
15  71  55  63  13   2   0  0.00  0.0   0  5.5  9  100   M    M   M       18 320
16  80  52  66  16   0   1  0.00  0.0   0  3.7  9  280   M    M   M       10  70
17  63  51  57   7   8   0  0.01  0.0   0  4.6 15   60   M    M   M 1     18  60
18  77  47  62  12   3   0  0.00  0.0   0  4.9 12  300   M    M   M       15 310
19  62  51  57   7   8   0  0.00  0.0   0  8.4 14   50   M    M   M 1     16  40
20  55  50  53   2  12   0  0.02  0.0   0  5.6 10  100   M    M   M 1     14  20
21  57  50  54   3  11   0  0.03  0.0   0  4.8 15   90   M    M   M 1     16 100
22  57  50  54   3  11   0  0.00  0.0   0  8.4 13  110   M    M   M       15 110
23  56  52  54   3  11   0  0.00  0.0   0 10.9 18   40   M    M   M 1     24  30
24  60  53  57   6   8   0  0.05  0.0   0  8.6 15   30   M    M   M 1     19 320
25  56  52  54   3  11   0  0.73  0.0   0 13.8 28   30   M    M   M 1     36  30
26  57  51  54   2  11   0  0.10  0.0   0  6.8 14   40   M    M   M 1     16 350
27  56  52  54   2  11   0  0.27  0.0   0  7.9 15   40   M    M   M 1     21  40
28  56  52  54   2  11   0  0.24  0.0   0  9.5 20   40   M    M   M 1     24  30
29  56  51  54   2  11   0  0.79  0.0   0 10.0 17   50   M    M   M 1     21  40
================================================================================
SM 1744 1411       300   1  3.00 0.0    226.2           M        M
================================================================================
AV 60.1 48.7                              7.8 FASTST  PSBL  %   M    MAX(MPH)
                                 MISC ---->     28   30                 36  30
================================================================================
NOTES:
# LAST OF SEVERAL OCCURRENCES

COLUMN 17 PEAK WIND IN M.P.H.

PRELIMINARY LOCAL CLIMATOLOGICAL DATA (WS FORM: F-6) , PAGE 2

                                          STATION:   KODIAK
                                          MONTH:     06
                                          YEAR:      2015
                                          LATITUDE:  57 45 N
                                          LONGITUDE: 152 30 W

[TEMPERATURE DATA]      [PRECIPITATION DATA]       SYMBOLS USED IN COLUMN 16

AVERAGE MONTHLY:54.4   TOTAL FOR MONTH: 3.00       1 = FOG
DPTR FM NORMAL:  4.8   DPTR FM NORMAL: -2.74       2 = FOG REDUCING VISIBILITY
HIGHEST:    80 ON 16    GRTST 24HR   0.79 ON 29        TO 1/4 MILE OR LESS
LOWEST:     38 ON  7                               3 = THUNDER
                        SNOW, ICE PELLETS, HAIL    4 = ICE PELLETS
                        TOTAL MONTH: 0.0         5 = HAIL
                        GRTST 24HR   0.0           6 = GLAZE OR RIME
                        GRTST DEPTH:    0          7 = BLOWING DUST OR SAND:
                                                       VSBY 1/2 MILE OR LESS
                                                   8 = SMOKE OR HAZE
[NO. OF DAYS WITH]      [WEATHER - DAYS WITH]      9 = BLOWING SNOW
                                                   X = TORNADO
MAX 32 OR BELOW:   0    0.01 INCH OR MORE:  16
MAX 70 OR ABOVE:   5    0.10 INCH OR MORE:   8
MIN 32 OR BELOW:   0    0.50 INCH OR MORE:   2
MIN  0 OR BELOW:   0    1.00 INCH OR MORE:   0

[HDD (BASE 65) ]
TOTAL THIS MO.   300    CLEAR  (SCALE 0-3)   M
DPTR FM NORMAL  -148    PTCLDY (SCALE 4-7)   M
SEASONAL TOTAL  7419    CLOUDY (SCALE 8-10)  M
DPTR FM NORMAL -1363

[CDD (BASE 65) ]
TOTAL THIS MO.     1
DPTR FM NORMAL     1    [PRESSURE DATA]
SEASONAL TOTAL     1    HIGHEST SLP     M
DPTR FM NORMAL     1    LOWEST  SLP     M

[REMARKS]
