268
CXUS54 KLCH 290813
CF6AEX
PRELIMINARY LOCAL CLIMATOLOGICAL DATA (WS FORM: F-6)

                                          STATION:   ALEXANDRIA
                                          MONTH:     APRIL
                                          YEAR:      2017
                                          LATITUDE:   31 19 N
                                          LONGITUDE:  92 33 W

  TEMPERATURE IN F:       :PCPN:    SNOW:  WIND      :SUNSHINE: SKY     :PK WND
================================================================================
1   2   3   4   5  6A  6B    7    8   9   10  11  12  13   14  15   16   17  18
                                     12Z  AVG MX 2MIN
DY MAX MIN AVG DEP HDD CDD  WTR  SNW DPTH SPD SPD DIR MIN PSBL S-S WX    SPD DR
================================================================================

 1  83  56  70   7   0   5 0.00    M    M  8.5140  20   M    M   M       110  26
 2  76  59  68   5   0   3 9.10  0.0    0  9.8 36 300   M    M   8 1238   42 280
 3  78  63  71   8   0   6    T  0.0    0  8.3 21 270   M    M   3 13     25 270
 4  83  60  72   9   0   7 0.00  0.0    0  8.1 17 150   M    M   0        21 150
 5  70  53  62  -2   3   0 0.00  0.0    0 12.4 26 300   M    M   2 1      33 320
 6  72  47  60  -4   5   0 0.00  0.0    0  7.2 21 310   M    M   0        26 310
 7  74  46  60  -4   5   0 0.00  0.0    0  3.0 12 350   M    M   0        14  60
 8  77  50  64   0   1   0 0.00  0.0    0  6.7 15 200   M    M   1 18     19 200
 9  79  54  67   3   0   2 0.00  0.0    0 11.2 20 160   M    M   M        26 160
10  80  58  69   4   0   4 0.00  0.0    0  8.2 14 150   M    M   5        18 160
11  73  59  66   1   0   1 0.24  0.0    0  4.7 25 140   M    M   5 138    32 140
12  82  56  69   4   0   4 0.00  0.0    0  2.4 13 110   M    M   2 12     15  80
13  82  58  70   4   0   5 0.00  0.0    0  2.0 12 130   M    M   2 12     15 150
14  82  59  71   5   0   6 0.00  0.0    0  6.4 17 140   M    M   2 1      22 160
15  81  65  73   7   0   8    T  0.0    0  8.9 17 180   M    M   6        22 190
16  84  65  75   9   0  10 0.00  0.0    0  6.2 15 170   M    M   6 1      19 170
17  84  66  75   8   0  10 0.41  0.0    0  4.1 20 220   M    M   7 123    24 240
18  81  66  74   7   0   9 0.07  0.0    0  4.3 22 120   M    M   6 123    28 120
19  83  65  74   7   0   9 0.00  0.0    0  6.9 14 180   M    M   1 18     20 130
20  85  66  76   9   0  11 0.00  0.0    0  6.1 15 140   M    M   5 1      19 140
21  86  67  77   9   0  12 0.01  0.0    0  8.7 21 190   M    M   5 1      26 190
22  81  57  69   1   0   4    T  0.0    0 11.5 23 310   M    M   9 38     29 310
23  67  49  58 -10   7   0 0.00  0.0    0  8.7 18 320   M    M   M        26 320
24  80  45  63  -6   2   0 0.00  0.0    0  4.3 13 300   M    M   0 1      17 310
25  84  53  69   0   0   4 0.00  0.0    0 11.1 21 170   M    M   M        26 190
26  85  58  72   3   0   7 0.23  0.0    0 14.1 30 280   M    M   9 138    43 300
27  78  50  64  -5   1   0 0.00  0.0    0  6.5 18 300   M    M   2        25 300
28  91  63  77   7   0  12 0.00  0.0    0 13.4 25 170   M    M   9 18     36 180
================================================================================
SM 2241 1613        24 139 10.06     0.0 213.7          M       95
================================================================================
AV 80.0 57.6                               7.6 FASTST   M    M   4    MAX(MPH)
                                 MISC ---->  #140  20               #110   26
================================================================================
NOTES:
# LAST OF SEVERAL OCCURRENCES

COLUMN 17 PEAK WIND IN M.P.H.

PRELIMINARY LOCAL CLIMATOLOGICAL DATA (WS FORM: F-6) , PAGE 2

                                          STATION:  ALEXANDRIA
                                          MONTH:    APRIL
                                          YEAR:     2017
                                          LATITUDE:   31 19 N
                                          LONGITUDE:  92 33 W

[TEMPERATURE DATA]      [PRECIPITATION DATA]       SYMBOLS USED IN COLUMN 16

AVERAGE MONTHLY: 68.8   TOTAL FOR MONTH:  10.06    1 = FOG OR MIST
DPTR FM NORMAL:   2.8   DPTR FM NORMAL:    5.82    2 = FOG REDUCING VISIBILITY
HIGHEST:    91 ON 28    GRTST 24HR  9.10 ON  2- 2      TO 1/4 MILE OR LESS
LOWEST:     45 ON 24                               3 = THUNDER
                        SNOW, ICE PELLETS, HAIL    4 = ICE PELLETS
                        TOTAL MONTH:   0.0 INCH    5 = HAIL
                        GRTST 24HR     0.0         6 = FREEZING RAIN OR DRIZZLE
                        GRTST DEPTH:   0           7 = DUSTSTORM OR SANDSTORM:
                                                       VSBY 1/2 MILE OR LESS
                                                   8 = SMOKE OR HAZE
[NO. OF DAYS WITH]      [WEATHER - DAYS WITH]      9 = BLOWING SNOW
                                                   X = TORNADO
MAX 32 OR BELOW:   0    0.01 INCH OR MORE:   6
MAX 90 OR ABOVE:   1    0.10 INCH OR MORE:   4
MIN 32 OR BELOW:   0    0.50 INCH OR MORE:   1
MIN  0 OR BELOW:   0    1.00 INCH OR MORE:   1

[HDD (BASE 65) ]
TOTAL THIS MO.    24    CLEAR  (SCALE 0-3)  11
DPTR FM NORMAL   -42    PTCLDY (SCALE 4-7)  10
TOTAL FM JUL 1  1129    CLOUDY (SCALE 8-10)  3
DPTR FM NORMAL  -817

[CDD (BASE 65) ]
TOTAL THIS MO.   139
DPTR FM NORMAL    45    [PRESSURE DATA]
TOTAL FM JAN 1   326    HIGHEST SLP M ON M
DPTR FM NORMAL   179    LOWEST  SLP 29.54 ON 26

[REMARKS]
