000
CXUS54 KLCH 291211
CF6AEX
PRELIMINARY LOCAL CLIMATOLOGICAL DATA (WS FORM: F-6)

                                          STATION:   ALEXANDRIA
                                          MONTH:     JULY
                                          YEAR:      2015
                                          LATITUDE:   31 19 N
                                          LONGITUDE:  92 33 W

  TEMPERATURE IN F:       :PCPN:    SNOW:  WIND      :SUNSHINE: SKY     :PK WND
================================================================================
1   2   3   4   5  6A  6B    7    8   9   10  11  12  13   14  15   16   17  18
                                     12Z  AVG MX 2MIN
DY MAX MIN AVG DEP HDD CDD  WTR  SNW DPTH SPD SPD DIR MIN PSBL S-S WX    SPD DR
================================================================================

 1  90  69  80  -2   0  15 0.50  0.0    0  5.4 24 210   M    M   1 13     31 180
 2  88  72  80  -2   0  15 0.00  0.0    0  6.9 15 210   M    M   0 1      21 210
 3  91  74  83   1   0  18 0.00  0.0    0  6.2 14 220   M    M   0 1      18 230
 4  90  71  81  -1   0  16 1.51  0.0    0  6.4 26 230   M    M   4 13     41 240
 5  90  70  80  -2   0  15 0.07  0.0    0  5.2 26 190   M    M   2 13     36 200
 6  91  70  81  -1   0  16 0.00  0.0    0  6.4 13 190   M    M   0        17 210
 7  91  75  83   1   0  18 0.00  0.0    0  7.7 16 190   M    M   1 1      25 190
 8  92  75  84   2   0  19 0.00  0.0    0  6.9 16 180   M    M   2 1      21 180
 9  93  73  83   1   0  18 0.00  0.0    0  5.2 13 130   M    M   1 1      19 130
10  94  73  84   2   0  19 0.00  0.0    0  2.9 13 180   M    M   1 1      17 190
11  94  74  84   2   0  19 0.00  0.0    0  2.8  9 150   M    M   1 1      12 200
12  94  74  84   2   0  19 0.00  0.0    0  2.7  8 230   M    M   0 1      11 260
13  94  74  84   2   0  19 0.00  0.0    0  4.6  9 220   M    M   0 1      13 260
14  93  74  84   2   0  19 0.00  0.0    0  6.0 12 220   M    M   0        19 210
15  94  73  84   2   0  19 0.00  0.0    0  4.0 12 220   M    M   1        15 210
16  95  74  85   3   0  20 0.00  0.0    0  4.2 10 220   M    M   0        14 190
17  95  75  85   3   0  20 0.00  0.0    0  3.8 10 240   M    M   1        14 220
18  96  76  86   4   0  21 0.00  0.0    0  3.8 12 310   M    M   1        15 280
19  98  76  87   5   0  22 0.00  0.0    0  2.5 10 300   M    M   1 1      14 310
20  98  77  88   6   0  23 0.00  0.0    0  4.3 12 220   M    M   0 8      15 230
21  96  76  86   4   0  21 0.00  0.0    0  4.5 15 190   M    M   0        19 180
22  97  77  87   5   0  22    T  0.0    0  6.5 17 180   M    M   1        22 190
23  98  76  87   4   0  22 0.00  0.0    0  6.3 12 220   M    M   0        16 230
24  98  77  88   5   0  23 0.00  0.0    0  4.6 10 280   M    M   0        14 250
25 101  76  89   6   0  24 0.00  0.0    0  5.0 24  80   M    M   1        36  70
26  97  74  86   3   0  21 0.72  0.0    0  4.0 30  10   M    M   2 13     52 110
27  95  73  84   1   0  19 0.00  0.0    0  2.8  9 150   M    M   0 1      14 140
28  98  75  87   4   0  22 0.00  0.0    0  2.0  8 160   M    M   0 18     11 200
================================================================================
SM 2641 2073         0 544  2.80     0.0 133.6          M       21
================================================================================
AV 94.3 74.0                               4.8 FASTST   M    M   1    MAX(MPH)
                                 MISC ---->  # 30  10               # 52  110
================================================================================
NOTES:
# LAST OF SEVERAL OCCURRENCES

COLUMN 17 PEAK WIND IN M.P.H.

PRELIMINARY LOCAL CLIMATOLOGICAL DATA (WS FORM: F-6) , PAGE 2

                                          STATION:  ALEXANDRIA
                                          MONTH:    JULY
                                          YEAR:     2015
                                          LATITUDE:   31 19 N
                                          LONGITUDE:  92 33 W

[TEMPERATURE DATA]      [PRECIPITATION DATA]       SYMBOLS USED IN COLUMN 16

AVERAGE MONTHLY: 84.2   TOTAL FOR MONTH:   2.80    1 = FOG OR MIST
DPTR FM NORMAL:   2.0   DPTR FM NORMAL:   -0.59    2 = FOG REDUCING VISIBILITY
HIGHEST:   101 ON 25    GRTST 24HR  1.51 ON  4- 4      TO 1/4 MILE OR LESS
LOWEST:     69 ON  1                               3 = THUNDER
                        SNOW, ICE PELLETS, HAIL    4 = ICE PELLETS
                        TOTAL MONTH:   0.0 INCH    5 = HAIL
                        GRTST 24HR     0.0         6 = FREEZING RAIN OR DRIZZLE
                        GRTST DEPTH:   0           7 = DUSTSTORM OR SANDSTORM:
                                                       VSBY 1/2 MILE OR LESS
                                                   8 = SMOKE OR HAZE
[NO. OF DAYS WITH]      [WEATHER - DAYS WITH]      9 = BLOWING SNOW
                                                   X = TORNADO
MAX 32 OR BELOW:   0    0.01 INCH OR MORE:   4
MAX 90 OR ABOVE:  27    0.10 INCH OR MORE:   3
MIN 32 OR BELOW:   0    0.50 INCH OR MORE:   3
MIN  0 OR BELOW:   0    1.00 INCH OR MORE:   1

[HDD (BASE 65) ]
TOTAL THIS MO.     0    CLEAR  (SCALE 0-3)  27
DPTR FM NORMAL     0    PTCLDY (SCALE 4-7)   1
TOTAL FM JUL 1     0    CLOUDY (SCALE 8-10)  0
DPTR FM NORMAL     0

[CDD (BASE 65) ]
TOTAL THIS MO.   544
DPTR FM NORMAL    58    [PRESSURE DATA]
TOTAL FM JAN 1  1551    HIGHEST SLP M ON M
DPTR FM NORMAL   158    LOWEST  SLP 29.87 ON 14

[REMARKS]
