000
CXUS52 KFFC 241110
CF6AHN
PRELIMINARY LOCAL CLIMATOLOGICAL DATA (WS FORM: F-6)

                                          STATION:   ATHENS
                                          MONTH:     APRIL
                                          YEAR:      2014
                                          LATITUDE:   33 57 N
                                          LONGITUDE:  83 19 W

  TEMPERATURE IN F:       :PCPN:    SNOW:  WIND      :SUNSHINE: SKY     :PK WND
================================================================================
1   2   3   4   5  6A  6B    7    8   9   10  11  12  13   14  15   16   17  18
                                     12Z  AVG MX 2MIN
DY MAX MIN AVG DEP HDD CDD  WTR  SNW DPTH SPD SPD DIR MIN PSBL S-S WX    SPD DR
================================================================================

 1  85  46  66   8   0   1 0.00  0.0    0  3.2 14 300   M    M   0 8      22 290
 2  85  47  66   8   0   1 0.00  0.0    0  3.9 12 210   M    M   1 8      20 210
 3  84  57  71  12   0   6 0.00  0.0    0  5.1 14 260   M    M   0 8      22 220
 4  85  57  71  12   0   6    T  0.0    0  6.8 18 310   M    M   4 8      28 240
 5  74  53  64   5   1   0 0.00  0.0    0  6.0 12 260   M    M   1        18 290
 6  60  51  56  -3   9   0 0.04  0.0    0  7.0 16  60   M    M   7 18     25 280
 7  64  48  56  -4   9   0 2.19    M    0  8.3 21 310   M    M  10 1      30 310
 8  68  47  58  -2   7   0 0.00  0.0    0  6.8 15 310   M    M   3        21 310
 9  70  45  58  -2   7   0    T    M    0  7.2 16 300   M    M   1        24 330
10  75  39  57  -3   8   0 0.00  0.0    0  3.1 12 260   M    M   0 18     17 250
11  75  47  61   1   4   0 0.00  0.0    0  3.4 14 220   M    M   0        22 210
12  82  50  66   5   0   1 0.00  0.0    0  1.4 10 170   M    M   0 18     16 170
13  81  57  69   8   0   4 0.00  0.0    0  4.2 12 190   M    M   3        18 170
14  72  61  67   6   0   2 0.57  0.0    0  2.9  9 170   M    M   7 12     16 160
15  65  38  52  -9  13   0 0.24  0.0    0  9.2 24 290   M    M   6 1      35 310
16  61  31  46 -16  19   0 0.00  0.0    0  6.8 16  80   M    M   0        22  80
17  66  36  51 -11  14   0 0.00  0.0    0  8.0 18  70   M    M   3        26  60
18  56  48  52 -10  13   0 0.66  0.0    0  9.3 15  50   M    M  10 1      23  40
19  57  50  54  -8  11   0 0.24  0.0    0 11.8 22  50   M    M  10 18     31  30
20  74  47  61  -2   4   0    T  0.0    0  7.4 22  70   M    M   3        30  90
21  79  43  61  -2   4   0 0.00  0.0    0  1.7  9  90   M    M   0        13 300
22  78  51  65   2   0   0 0.05  0.0    0  3.5 15 300   M    M   3 1      21 310
23  82  55  69   5   0   4 0.00  0.0    0  4.0 13 300   M    M   0 1      16 320
================================================================================
SM 1678 1104       123  25  3.99     0.0 131.0          M       72
================================================================================
AV 73.0 48.0                               5.7 FASTST   M    M   3    MAX(MPH)
                                 MISC ---->  # 24 290               # 35  310
================================================================================
NOTES:
# LAST OF SEVERAL OCCURRENCES

COLUMN 17 PEAK WIND IN M.P.H.

PRELIMINARY LOCAL CLIMATOLOGICAL DATA (WS FORM: F-6) , PAGE 2

                                          STATION:  ATHENS
                                          MONTH:    APRIL
                                          YEAR:     2014
                                          LATITUDE:   33 57 N
                                          LONGITUDE:  83 19 W

[TEMPERATURE DATA]      [PRECIPITATION DATA]       SYMBOLS USED IN COLUMN 16

AVERAGE MONTHLY: 60.5   TOTAL FOR MONTH:   3.99    1 = FOG OR MIST
DPTR FM NORMAL:  -0.3   DPTR FM NORMAL:    1.55    2 = FOG REDUCING VISIBILITY
HIGHEST:    85 ON  4, 2 GRTST 24HR  2.21 ON  6- 7      TO 1/4 MILE OR LESS
LOWEST:     31 ON 16                               3 = THUNDER
                        SNOW, ICE PELLETS, HAIL    4 = ICE PELLETS
                        TOTAL MONTH:   0.0 INCH    5 = HAIL
                        GRTST 24HR     0.0         6 = FREEZING RAIN OR DRIZZLE
                        GRTST DEPTH:   0           7 = DUSTSTORM OR SANDSTORM:
                                                       VSBY 1/2 MILE OR LESS
                                                   8 = SMOKE OR HAZE
[NO. OF DAYS WITH]      [WEATHER - DAYS WITH]      9 = BLOWING SNOW
                                                   X = TORNADO
MAX 32 OR BELOW:   0    0.01 INCH OR MORE:   7
MAX 90 OR ABOVE:   0    0.10 INCH OR MORE:   5
MIN 32 OR BELOW:   1    0.50 INCH OR MORE:   3
MIN  0 OR BELOW:   0    1.00 INCH OR MORE:   1

[HDD (BASE 65) ]
TOTAL THIS MO.   123    CLEAR  (SCALE 0-3)  15
DPTR FM NORMAL    -4    PTCLDY (SCALE 4-7)   5
TOTAL FM JUL 1  2994    CLOUDY (SCALE 8-10)  3
DPTR FM NORMAL   272

[CDD (BASE 65) ]
TOTAL THIS MO.    25
DPTR FM NORMAL    -5    [PRESSURE DATA]
TOTAL FM JAN 1    26    HIGHEST SLP M ON M
DPTR FM NORMAL   -15    LOWEST  SLP 29.65 ON  8

[REMARKS]
