000
CXUS52 KFFC 301110
CF6AHN
PRELIMINARY LOCAL CLIMATOLOGICAL DATA (WS FORM: F-6)

                                          STATION:   ATHENS
                                          MONTH:     JULY
                                          YEAR:      2014
                                          LATITUDE:   33 57 N
                                          LONGITUDE:  83 19 W

  TEMPERATURE IN F:       :PCPN:    SNOW:  WIND      :SUNSHINE: SKY     :PK WND
================================================================================
1   2   3   4   5  6A  6B    7    8   9   10  11  12  13   14  15   16   17  18
                                     12Z  AVG MX 2MIN
DY MAX MIN AVG DEP HDD CDD  WTR  SNW DPTH SPD SPD DIR MIN PSBL S-S WX    SPD DR
================================================================================

 1  94  70  82   2   0  17 0.00  0.0    0  1.9  8 230   M    M   3 12     13 240
 2  97  71  84   4   0  19 0.00  0.0    0  1.3  9 180   M    M   0 18     13 170
 3  95  70  83   3   0  18 0.00  0.0    0  5.8 15 290   M    M   1        24 330
 4  89  65  77  -3   0  12 0.00  0.0    0  3.4 10  90   M    M   2        14  70
 5  89  65  77  -3   0  12 0.00  0.0    0  7.7 14  60   M    M   0        21  70
 6  88  64  76  -4   0  11 0.00  0.0    0  2.9  9  60   M    M   4        14  80
 7  93  68  81   1   0  16 0.04  0.0    0  1.2 16 310   M    M   4 138    23 310
 8  94  66  80   0   0  15    T  0.0    0  3.7 15 270   M    M   1        24 270
 9  93  73  83   2   0  18 0.12  0.0    0  3.9 13 330   M    M   3 1      20 350
10  89  70  80  -1   0  15 0.38  0.0    0  1.9 12 230   M    M   2 1      18 220
11  92  70  81   0   0  16    T  0.0    0  1.9 12  90   M    M   5 1238   14 330
12  93  70  82   1   0  17 0.00  0.0    0  2.8  9  80   M    M   1 18     13 170
13  93  68  81   0   0  16 0.00  0.0    0  1.0  6 230   M    M   1 1       9 210
14  98  71  85   4   0  20 0.00  0.0    0  3.7 13 290   M    M   3        20 280
15  92  73  83   2   0  18 0.00  0.0    0  5.2 15 300   M    M   4 8      23 300
16  91  67  79  -2   0  14 0.00  0.0    0  4.4 10 280   M    M   1 8      15 310
17  89  66  78  -3   0  13 0.00  0.0    0  4.4 12  70   M    M   2 8      16  90
18  83  69  76  -5   0  11 0.08  0.0    0  3.6 12 190   M    M   6 1      17 170
19  80  66  73  -8   0   8 2.82  0.0    0  4.8 14  60   M    M  10 12     20 150
20  78  65  72  -9   0   7 0.46  0.0    0  4.5 12  60   M    M   9 1      16  70
21  86  72  79  -2   0  14 0.27  0.0    0  3.1 14  90   M    M   7 13     18  80
22  87  71  79  -2   0  14    T  0.0    0  3.3 12  80   M    M   6 18     14  70
23  91  72  82   1   0  17 0.03  0.0    0  1.9  8 300   M    M   5 1      13 260
24  90  72  81   0   0  16 0.00  0.0    0  3.3 13 220   M    M   1 1      18 260
25  91  70  81   0   0  16 0.00  0.0    0  1.6  8 310   M    M   4 18     12  60
26  93  69  81   0   0  16 0.00  0.0    0  1.7  9 240   M    M   1 1      13 230
27  95  70  83   2   0  18 0.00  0.0    0  4.6 13 270   M    M   1        21 250
28  92  71  82   1   0  17 0.00  0.0    0  7.5 17 290   M    M   1 8      25 310
29  87  65  76  -5   0  11 0.00  0.0    0  5.0 10 300   M    M   2        16 320
================================================================================
SM 2622 1999         0 432  4.20     0.0 102.0          M       90
================================================================================
AV 90.4 68.9                               3.5 FASTST   M    M   3    MAX(MPH)
                                 MISC ---->  # 17 290               # 25  310
================================================================================
NOTES:
# LAST OF SEVERAL OCCURRENCES

COLUMN 17 PEAK WIND IN M.P.H.

PRELIMINARY LOCAL CLIMATOLOGICAL DATA (WS FORM: F-6) , PAGE 2

                                          STATION:  ATHENS
                                          MONTH:    JULY
                                          YEAR:     2014
                                          LATITUDE:   33 57 N
                                          LONGITUDE:  83 19 W

[TEMPERATURE DATA]      [PRECIPITATION DATA]       SYMBOLS USED IN COLUMN 16

AVERAGE MONTHLY: 79.7   TOTAL FOR MONTH:   4.20    1 = FOG OR MIST
DPTR FM NORMAL:  -1.1   DPTR FM NORMAL:    0.01    2 = FOG REDUCING VISIBILITY
HIGHEST:    98 ON 14    GRTST 24HR  2.86 ON 18-19      TO 1/4 MILE OR LESS
LOWEST:     64 ON  6                               3 = THUNDER
                        SNOW, ICE PELLETS, HAIL    4 = ICE PELLETS
                        TOTAL MONTH:   0.0 INCH    5 = HAIL
                        GRTST 24HR     0.0         6 = FREEZING RAIN OR DRIZZLE
                        GRTST DEPTH:   0           7 = DUSTSTORM OR SANDSTORM:
                                                       VSBY 1/2 MILE OR LESS
                                                   8 = SMOKE OR HAZE
[NO. OF DAYS WITH]      [WEATHER - DAYS WITH]      9 = BLOWING SNOW
                                                   X = TORNADO
MAX 32 OR BELOW:   0    0.01 INCH OR MORE:   8
MAX 90 OR ABOVE:  18    0.10 INCH OR MORE:   5
MIN 32 OR BELOW:   0    0.50 INCH OR MORE:   1
MIN  0 OR BELOW:   0    1.00 INCH OR MORE:   1

[HDD (BASE 65) ]
TOTAL THIS MO.     0    CLEAR  (SCALE 0-3)  18
DPTR FM NORMAL     0    PTCLDY (SCALE 4-7)   9
TOTAL FM JUL 1     0    CLOUDY (SCALE 8-10)  2
DPTR FM NORMAL     0

[CDD (BASE 65) ]
TOTAL THIS MO.   432
DPTR FM NORMAL   -25    [PRESSURE DATA]
TOTAL FM JAN 1  1120    HIGHEST SLP M ON M
DPTR FM NORMAL    45    LOWEST  SLP 29.79 ON 15

[REMARKS]
