000
CXUS55 KCYS 191000
CF6AIA
PRELIMINARY LOCAL CLIMATOLOGICAL DATA (WS FORM: F-6)

                                          STATION:   ALLIANCE NEBRASKA AIRPORT
                                          MONTH:     SEPTEMBER
                                          YEAR:      2017
                                          LATITUDE:   42  2 N
                                          LONGITUDE: 102 48 W

  TEMPERATURE IN F:       :PCPN:    SNOW:  WIND      :SUNSHINE: SKY     :PK WND
================================================================================
1   2   3   4   5  6A  6B    7    8   9   10  11  12  13   14  15   16   17  18
                                     12Z  AVG MX 2MIN
DY MAX MIN AVG DEP HDD CDD  WTR  SNW DPTH SPD SPD DIR MIN PSBL S-S WX    SPD DR
================================================================================

 1  90  50  70   4   0   5 0.01    M    M  7.9 17 320   M    M   2 18     27 320
 2  89  44  67   1   0   2 0.00    M    M  5.7 13 180   M    M   0 18     16 180
 3  98  50  74   9   0   9 0.00    M    M  9.0 22 340   M    M   4 8      27 340
 4  75  39  57  -8   8   0 0.00    M    M  8.4 20  10   M    M   1 18     24  10
 5  72  34  53 -11  12   0 0.00    M    M  8.2 18 340   M    M   1        24 360
 6  77  29  53 -11  12   0 0.00    M    M  5.5 13 180   M    M   0        17 180
 7  85  38  62  -2   3   0 0.00    M    M  5.8 15 160   M    M   0        21 160
 8  87  41  64   1   1   0 0.00    M    M  7.3 16 150   M    M   0        21 160
 9  89  53  71   8   0   6 0.00    M    M  8.4 16  30   M    M   0        22 150
10  95  46  71   9   0   6    T    M    M  6.9 16 250   M    M   1 3      19 290
11  91  58  75  13   0  10 0.00    M    M  6.2 15 180   M    M   0        19 100
12  95  49  72  11   0   7 0.01    M    M  6.3 15  50   M    M   1 3      22 210
13  91  48  70   9   0   5    T    M    M  7.8 26 350   M    M   0 3      35 280
14  86  49  68   8   0   3 0.18    M    M  9.6 24  80   M    M   2 138    29  70
15  77  48  63   3   2   0 0.10    M    M 10.5 26 350   M    M   7 13     34 350
16  65  44  55  -4  10   0 0.28    M    M  8.0 20  30   M    M   5 13     24  30
17  71  40  56  -3   9   0 0.14    M    M 13.4 30 170   M    M   3 13     36 150
18  82  42  62   4   3   0 0.00    M    M 10.3 20 290   M    M   0 12     23 220
================================================================================
SM 1515  802        60  53  0.72    M    145.2          M       27
================================================================================
AV 84.2 44.6                               8.1 FASTST   M    M   2    MAX(MPH)
                                 MISC ---->  # 30 170               # 36  150
================================================================================
NOTES:
# LAST OF SEVERAL OCCURRENCES

COLUMN 17 PEAK WIND IN M.P.H.

PRELIMINARY LOCAL CLIMATOLOGICAL DATA (WS FORM: F-6) , PAGE 2

                                          STATION:  ALLIANCE NEBRASKA AIRPORT
                                          MONTH:    SEPTEMBER
                                          YEAR:     2017
                                          LATITUDE:   42  2 N
                                          LONGITUDE: 102 48 W

[TEMPERATURE DATA]      [PRECIPITATION DATA]       SYMBOLS USED IN COLUMN 16

AVERAGE MONTHLY: 64.4   TOTAL FOR MONTH:   0.72    1 = FOG OR MIST
DPTR FM NORMAL:   2.0   DPTR FM NORMAL:   -0.17    2 = FOG REDUCING VISIBILITY
HIGHEST:    98 ON  3    GRTST 24HR  0.28 ON 16-16      TO 1/4 MILE OR LESS
LOWEST:     29 ON  6                               3 = THUNDER
                        SNOW, ICE PELLETS, HAIL    4 = ICE PELLETS
                        TOTAL MONTH:    M          5 = HAIL
                        GRTST 24HR    M  ON   M    6 = FREEZING RAIN OR DRIZZLE
                        GRTST DEPTH:  M  ON   M    7 = DUSTSTORM OR SANDSTORM:
                                                       VSBY 1/2 MILE OR LESS
                                                   8 = SMOKE OR HAZE
[NO. OF DAYS WITH]      [WEATHER - DAYS WITH]      9 = BLOWING SNOW
                                                   X = TORNADO
MAX 32 OR BELOW:   0    0.01 INCH OR MORE:   6
MAX 90 OR ABOVE:   6    0.10 INCH OR MORE:   4
MIN 32 OR BELOW:   1    0.50 INCH OR MORE:   0
MIN  0 OR BELOW:   0    1.00 INCH OR MORE:   0

[HDD (BASE 65) ]
TOTAL THIS MO.    60    CLEAR  (SCALE 0-3)  15
DPTR FM NORMAL   -25    PTCLDY (SCALE 4-7)   3
TOTAL FM JUL 1    88    CLOUDY (SCALE 8-10)  0
DPTR FM NORMAL   -34

[CDD (BASE 65) ]
TOTAL THIS MO.    53
DPTR FM NORMAL    19    [PRESSURE DATA]
TOTAL FM JAN 1   548    HIGHEST SLP M ON M
DPTR FM NORMAL    -9    LOWEST  SLP 29.59 ON 18

[REMARKS]
