406
CXUS53 KGRB 260720
CF6AIG
PRELIMINARY LOCAL CLIMATOLOGICAL DATA (WS FORM: F-6)

                                          STATION:   ANTIGO AWOS
                                          MONTH:     JUNE
                                          YEAR:      2017
                                          LATITUDE:   45  9 N
                                          LONGITUDE:  89  8 W

  TEMPERATURE IN F:       :PCPN:    SNOW:  WIND      :SUNSHINE: SKY     :PK WND
================================================================================
1   2   3   4   5  6A  6B    7    8   9   10  11  12  13   14  15   16   17  18
                                     12Z  AVG MX 2MIN
DY MAX MIN AVG DEP HDD CDD  WTR  SNW DPTH SPD SPD DIR MIN PSBL S-S WX    SPD DR
================================================================================

 1  74  36  55  -3  10   0 0.00  0.0    0  3.1 13 300   M    M   1        18 320
 2  79  43  61   3   4   0 0.00  0.0    0  3.1  8 300   M    M   1         M  M
 3  82  57  70  12   0   5 0.46  0.0    0  7.9 17 220   M    M   5        29 240
 4  81  52  67   8   0   2 0.04  0.0    0  8.5 20 360   M    M   4 12     24 360
 5  74  51  63   4   2   0 0.00  0.0    0  9.6 17  50   M    M   2        22  60
 6  75  43  59   0   6   0 0.05    M    0  5.4 15  50   M    M   0        17  70
 7  77  44  61   1   4   0 0.00  0.0    0  3.1  8 260   M    M   0         M  M
 8  78  51  65   5   0   0 0.01  0.0    0  7.2 21 210   M    M   5        29 210
 9  75  53  64   4   1   0 0.00  0.0    0  6.5 12 140   M    M   4 1       M  M
10  86  58  72  11   0   7 0.00  0.0    0 16.4 27 210   M    M   2        38 230
11  77  64  71  10   0   6 1.45  0.0    0  8.6 17 120   M    M   7        22 280
12  83  62  73  12   0   8 0.14  0.0    0  5.1 15 240   M    M   5 1       M  M
13  74  61  68   6   0   3 0.00  0.0    0 10.1 16 110   M    M   4        22 110
14  76  60  68   6   0   3 0.28  0.0    0  7.8 17 120   M    M   7 1      21 120
15  80  58  69   7   0   4 0.00  0.0    0  7.9 22 250   M    M   5 12     31 250
16  77  55  66   4   0   1 0.41  0.0    0  6.6 17 280   M    M   6 1      23 280
17  78  59  69   6   0   4 0.06  0.0    0  7.1 14 270   M    M   5        16 310
18  66  55  61  -2   4   0 1.16  0.0    0  9.2 21 300   M    M   8        30 310
19  65  53  59  -4   6   0 0.14  0.0    0  7.0 10 310   M    M   8        18 310
20  66  49  58  -6   7   0 0.14    M    0  6.1 14 260   M    M   5        18 260
21  73  46  60  -4   5   0 0.00  0.0    0  4.1 10 210   M    M   3 1       M  M
22  71  60  66   2   0   1 0.74  0.0    0  7.2 12 320   M    M   9        17 180
23  70  53  62  -2   3   0 0.00  0.0    0  8.7 18 280   M    M   5 12     29 310
24  65  52  59  -6   6   0 0.00  0.0    0 10.8 17 270   M    M   8        28 290
25  63  48  56  -9   9   0 0.40    M    0  9.7 15 310   M    M   8        20 300
================================================================================
SM 1865 1323        67  44  5.48     0.0 186.8          M      117
================================================================================
AV 74.6 52.9                               7.5 FASTST   M    M   5    MAX(MPH)
                                 MISC ---->  # 27 210               # 38  230
================================================================================
NOTES:
# LAST OF SEVERAL OCCURRENCES

COLUMN 17 PEAK WIND IN M.P.H.

PRELIMINARY LOCAL CLIMATOLOGICAL DATA (WS FORM: F-6) , PAGE 2

                                          STATION:  ANTIGO AWOS
                                          MONTH:    JUNE
                                          YEAR:     2017
                                          LATITUDE:   45  9 N
                                          LONGITUDE:  89  8 W

[TEMPERATURE DATA]      [PRECIPITATION DATA]       SYMBOLS USED IN COLUMN 16

AVERAGE MONTHLY: 63.8   TOTAL FOR MONTH:   5.48    1 = FOG OR MIST
DPTR FM NORMAL:   2.3   DPTR FM NORMAL:    2.20    2 = FOG REDUCING VISIBILITY
HIGHEST:    86 ON 10    GRTST 24HR  1.45 ON 11-11      TO 1/4 MILE OR LESS
LOWEST:     36 ON  1                               3 = THUNDER
                        SNOW, ICE PELLETS, HAIL    4 = ICE PELLETS
                        TOTAL MONTH:   0.0 INCH    5 = HAIL
                        GRTST 24HR     0.0         6 = FREEZING RAIN OR DRIZZLE
                        GRTST DEPTH:   0           7 = DUSTSTORM OR SANDSTORM:
                                                       VSBY 1/2 MILE OR LESS
                                                   8 = SMOKE OR HAZE
[NO. OF DAYS WITH]      [WEATHER - DAYS WITH]      9 = BLOWING SNOW
                                                   X = TORNADO
MAX 32 OR BELOW:   0    0.01 INCH OR MORE:  14
MAX 90 OR ABOVE:   0    0.10 INCH OR MORE:  10
MIN 32 OR BELOW:   0    0.50 INCH OR MORE:   3
MIN  0 OR BELOW:   0    1.00 INCH OR MORE:   2

[HDD (BASE 65) ]
TOTAL THIS MO.    67    CLEAR  (SCALE 0-3)   6
DPTR FM NORMAL   -57    PTCLDY (SCALE 4-7)  16
TOTAL FM JUL 1  7897    CLOUDY (SCALE 8-10)  3
DPTR FM NORMAL -1187

[CDD (BASE 65) ]
TOTAL THIS MO.    44
DPTR FM NORMAL     7    [PRESSURE DATA]
TOTAL FM JAN 1    44    HIGHEST SLP M ON M
DPTR FM NORMAL    -2    LOWEST  SLP M ON M

[REMARKS]
