000
CXUS56 KSGX 011445
CF6AJO
PRELIMINARY LOCAL CLIMATOLOGICAL DATA (WS FORM: F-6)

                                          STATION:   CORONA AIRPORT CA
                                          MONTH:     MAY
                                          YEAR:      2015
                                          LATITUDE:   33 53 N
                                          LONGITUDE: 117 36 W

  TEMPERATURE IN F:       :PCPN:    SNOW:  WIND      :SUNSHINE: SKY     :PK WND
================================================================================
1   2   3   4   5  6A  6B    7    8   9   10  11  12  13   14  15   16   17  18
                                     12Z  AVG MX 2MIN
DY MAX MIN AVG DEP HDD CDD  WTR  SNW DPTH SPD SPD DIR MIN PSBL S-S WX    SPD DR
================================================================================

 1  93  48  71   M   0   6 0.00  0.0    0  3.6 15 290   M    M   0        22 290
 2  88  47  68   M   0   3 0.00  0.0    0  5.7 16 250   M    M   0        24 250
 3  77  47  62   M   3   0 0.00  0.0    0  5.9 18 290   M    M   2 1      23 290
 4  73  52  63   M   2   0 0.00  0.0    0  6.0 20 270   M    M   2        25 270
 5  69  46  58   M   7   0 0.00  0.0    0  4.9 16 260   M    M   4        21 260
 6  69  48  59   M   6   0 0.00  0.0    0  4.9 15 270   M    M   7        17 260
 7  68  50  59   M   6   0 0.01  0.0    0  5.6 21 210   M    M   5 13     30 220
 8  62  48  55   M  10   0 0.10    M    0  1.3  7 270   M    M   5 1       M  M
 9  67  48  58   M   7   0 0.00  0.0    0  4.1 13 250   M    M   6        18 270
10  80  42  61   M   4   0 0.00  0.0    0  4.9 20 280   M    M   0 18     27 280
11  83  46  65   M   0   0 0.00    M    0  5.5 16 280   M    M   0 1      21 280
12  75  46  61   M   4   0 0.00  0.0    0  4.0 16 270   M    M   0 1      23 270
13  72  44  58   M   7   0 0.00  0.0    0  5.0 14 250   M    M   2        20 250
14  67  51  59   M   6   0 0.31  0.0    0  1.7 14 220   M    M   5 1      22 220
15  67  48  58   M   7   0 0.07    M    0  2.4 12 240   M    M   4 1      20 240
16  71  46  59   M   6   0 0.00  0.0    0  2.8 12 240   M    M   3         M  M
17  73  46  60   M   5   0 0.00  0.0    0  4.7 15 260   M    M   3 1      21 260
18  72  51  62   M   3   0 0.00  0.0    0  4.6 14 250   M    M   4        21 250
19  74  47  61   M   4   0 0.00  0.0    0  4.8 18 270   M    M   2        22 270
20  74  50  62   M   3   0 0.00  0.0    0  5.5 17 280   M    M   1        23 260
21  70  56  63   M   2   0 0.00  0.0    0  6.2 15 240   M    M   5        23 250
22  65  53  59   M   6   0    T  0.0    0  5.5 10 240   M    M   5         M  M
23  69  51  60   M   5   0 0.00  0.0    0  2.5  9 250   M    M   7         M  M
24  70  56  63   M   2   0 0.00  0.0    0  5.8 13 240   M    M   4        22 240
25  72  47  60   M   5   0 0.00  0.0    0  3.9 13 260   M    M   2 12     20 260
26  76  55  66   M   0   1 0.00  0.0    0  4.9 15 290   M    M   4        22 270
27  78  55  67   M   0   2 0.00  0.0    0  4.9 16 270   M    M   3        24 260
28  82  47  65   M   0   0 0.00  0.0    0  5.1 14 290   M    M   0 18     17 290
29  85  51  68   M   0   3 0.00  0.0    0  4.7 16 280   M    M   2 18     23 280
30  85  52  69   M   0   4 0.00  0.0    0  6.7 17 270   M    M   1 128    23 270
31  78  57  68   M   0   3 0.00  0.0    0  6.7 17 290   M    M   2 18     24 280
================================================================================
SM 2304 1531       110  22  0.49     0.0 144.8          M       90
================================================================================
AV 74.3 49.4                               4.7 FASTST   M    M   3    MAX(MPH)
                                 MISC ---->    21   M                 30    M
================================================================================
NOTES:
# LAST OF SEVERAL OCCURRENCES

COLUMN 17 PEAK WIND IN M.P.H.

PRELIMINARY LOCAL CLIMATOLOGICAL DATA (WS FORM: F-6) , PAGE 2

                                          STATION:  CORONA AIRPORT CA
                                          MONTH:    MAY
                                          YEAR:     2015
                                          LATITUDE:   33 53 N
                                          LONGITUDE: 117 36 W

[TEMPERATURE DATA]      [PRECIPITATION DATA]       SYMBOLS USED IN COLUMN 16

AVERAGE MONTHLY: 61.9   TOTAL FOR MONTH:   0.49    1 = FOG OR MIST
DPTR FM NORMAL:     M   DPTR FM NORMAL:       M    2 = FOG REDUCING VISIBILITY
HIGHEST:    93 ON  1    GRTST 24HR  0.31 ON 14-14      TO 1/4 MILE OR LESS
LOWEST:     42 ON 10                               3 = THUNDER
                        SNOW, ICE PELLETS, HAIL    4 = ICE PELLETS
                        TOTAL MONTH:   0.0 INCH    5 = HAIL
                        GRTST 24HR     0.0         6 = FREEZING RAIN OR DRIZZLE
                        GRTST DEPTH:   0           7 = DUSTSTORM OR SANDSTORM:
                                                       VSBY 1/2 MILE OR LESS
                                                   8 = SMOKE OR HAZE
[NO. OF DAYS WITH]      [WEATHER - DAYS WITH]      9 = BLOWING SNOW
                                                   X = TORNADO
MAX 32 OR BELOW:   0    0.01 INCH OR MORE:   4
MAX 90 OR ABOVE:   1    0.10 INCH OR MORE:   2
MIN 32 OR BELOW:   0    0.50 INCH OR MORE:   0
MIN  0 OR BELOW:   0    1.00 INCH OR MORE:   0

[HDD (BASE 65) ]
TOTAL THIS MO.   110    CLEAR  (SCALE 0-3)  16
DPTR FM NORMAL     M    PTCLDY (SCALE 4-7)  15
TOTAL FM JUL 1  1332    CLOUDY (SCALE 8-10)  0
DPTR FM NORMAL     M

[CDD (BASE 65) ]
TOTAL THIS MO.    22
DPTR FM NORMAL     M    [PRESSURE DATA]
TOTAL FM JAN 1    92    HIGHEST SLP M ON M
DPTR FM NORMAL     M    LOWEST  SLP M ON M

[REMARKS]
#FINAL-05-15#
