000
CXUS56 KSGX 161545
CF6AJO
PRELIMINARY LOCAL CLIMATOLOGICAL DATA (WS FORM: F-6)

                                          STATION:   CORONA AIRPORT CA
                                          MONTH:     DECEMBER
                                          YEAR:      2017
                                          LATITUDE:   33 53 N
                                          LONGITUDE: 117 36 W

  TEMPERATURE IN F:       :PCPN:    SNOW:  WIND      :SUNSHINE: SKY     :PK WND
================================================================================
1   2   3   4   5  6A  6B    7    8   9   10  11  12  13   14  15   16   17  18
                                     12Z  AVG MX 2MIN
DY MAX MIN AVG DEP HDD CDD  WTR  SNW DPTH SPD SPD DIR MIN PSBL S-S WX    SPD DR
================================================================================

 1  77  37  57   M   8   0 0.00  0.0    0  2.4  9 280   M    M   0 1      17 270
 2  79  37  58   M   7   0 0.00    M    0  2.0 13 270   M    M   0 18      M  M
 3  70  37  54   M  11   0 0.00    M    M  3.5 12 290   M    M   0 12     18 290
 4  69  38  54   M  11   0 0.00    M    0 14.2 27  50   M    M   1 12     39  40
 5  67  51  59   M   6   0 0.00  0.0    0 18.7 30  50   M    M   0        46  50
 6  77  48  63   M   2   0 0.00  0.0    0 15.7 29  40   M    M   0        41  30
 7  75  52  64   M   1   0 0.00  0.0    0 16.5 28  30   M    M   0        41  20
 8  83  40  62   M   3   0 0.00  0.0    0  6.2 14  70   M    M   0        20  90
 9  83  38  61   M   4   0 0.00  0.0    M  8.9 15  70   M    M   0        22  60
10  84  60  72   M   0   7 0.00  0.0    0  9.1 14  60   M    M   0        21  70
11  84  41  63   M   2   0 0.00  0.0    0  6.0 13  70   M    M   0         M  M
12  85  27  56   M   9   0 0.00  0.0    0  3.1 12 140   M    M   0        17 140
13  85  30  58   M   7   0 0.00  0.0    0  1.3  9 250   M    M   0         M  M
14  82  31  57   M   8   0 0.00  0.0    0 12.4 29  70   M    M   0        41  40
15  82  42  62   M   3   0 0.00  0.0    M  4.5 10 100   M    M   0         M  M
================================================================================
SM 1182  609        82   7  0.00     0.0 124.5          M        1
================================================================================
AV 78.8 40.6                               8.3 FASTST   M    M   0    MAX(MPH)
                                 MISC ---->  # 30  50               # 46   50
================================================================================
NOTES:
# LAST OF SEVERAL OCCURRENCES

COLUMN 17 PEAK WIND IN M.P.H.

PRELIMINARY LOCAL CLIMATOLOGICAL DATA (WS FORM: F-6) , PAGE 2

                                          STATION:  CORONA AIRPORT CA
                                          MONTH:    DECEMBER
                                          YEAR:     2017
                                          LATITUDE:   33 53 N
                                          LONGITUDE: 117 36 W

[TEMPERATURE DATA]      [PRECIPITATION DATA]       SYMBOLS USED IN COLUMN 16

AVERAGE MONTHLY: 59.7   TOTAL FOR MONTH:   0.00    1 = FOG OR MIST
DPTR FM NORMAL:     M   DPTR FM NORMAL:       M    2 = FOG REDUCING VISIBILITY
HIGHEST:    85 ON 13,12 GRTST 24HR  0.00 ON 15-15      TO 1/4 MILE OR LESS
LOWEST:     27 ON 12                               3 = THUNDER
                        SNOW, ICE PELLETS, HAIL    4 = ICE PELLETS
                        TOTAL MONTH:   0.0 INCH    5 = HAIL
                        GRTST 24HR     0.0         6 = FREEZING RAIN OR DRIZZLE
                        GRTST DEPTH:   0           7 = DUSTSTORM OR SANDSTORM:
                                                       VSBY 1/2 MILE OR LESS
                                                   8 = SMOKE OR HAZE
[NO. OF DAYS WITH]      [WEATHER - DAYS WITH]      9 = BLOWING SNOW
                                                   X = TORNADO
MAX 32 OR BELOW:   0    0.01 INCH OR MORE:   0
MAX 90 OR ABOVE:   0    0.10 INCH OR MORE:   0
MIN 32 OR BELOW:   3    0.50 INCH OR MORE:   0
MIN  0 OR BELOW:   0    1.00 INCH OR MORE:   0

[HDD (BASE 65) ]
TOTAL THIS MO.    82    CLEAR  (SCALE 0-3)  15
DPTR FM NORMAL     M    PTCLDY (SCALE 4-7)   0
TOTAL FM JUL 1   231    CLOUDY (SCALE 8-10)  0
DPTR FM NORMAL     M

[CDD (BASE 65) ]
TOTAL THIS MO.     7
DPTR FM NORMAL     M    [PRESSURE DATA]
TOTAL FM JAN 1  1396    HIGHEST SLP M ON M
DPTR FM NORMAL     M    LOWEST  SLP M ON M

[REMARKS]
