216
CXAK56 PAFC 281320
CF6AKN
PRELIMINARY LOCAL CLIMATOLOGICAL DATA (WS FORM: F-6)

                                          STATION:   KING SALMON
                                          MONTH:     MAY
                                          YEAR:      2017
                                          LATITUDE:   58 41 N
                                          LONGITUDE: 156 39 W

  TEMPERATURE IN F:       :PCPN:    SNOW:  WIND      :SUNSHINE: SKY     :PK WND
================================================================================
1   2   3   4   5  6A  6B    7    8   9   10  11  12  13   14  15   16   17  18
                                     12Z  AVG MX 2MIN
DY MAX MIN AVG DEP HDD CDD  WTR  SNW DPTH SPD SPD DIR MIN PSBL S-S WX    SPD DR
================================================================================

 1  50  34  42   2  23   0 0.01  0.0    0  6.3 18 180   M    M   9        23 130
 2  53  33  43   3  22   0    T  0.0    0 10.2 26  60   M    M   7        35  70
 3  58  38  48   8  17   0 0.01  0.0    0 14.2 24 340   M    M   6        32  10
 4  48  28  38  -3  27   0 0.00  0.0    0  8.8 18 200   M    M   8 1      24 220
 5  57  24  41   0  24   0 0.04  0.0    0  9.0 21  90   M    M   6 1      27  90
 6  50  40  45   4  20   0 0.01  0.0    0 16.8 31 100   M    M   9        43  90
 7  54  41  48   6  17   0    T  0.0    0 14.8 29 150   M    M   7        40  90
 8  58  32  45   3  20   0 0.00  0.0    0  7.3 16 100   M    M   6        21 100
 9  63  27  45   3  20   0 0.00  0.0    0  6.0 22 280   M    M   5        28 270
10  67  29  48   5  17   0 0.00  0.0    0  6.6 20 280   M    M   2 1      24 270
11  67  29  48   5  17   0 0.00  0.0    0  7.8 20 180   M    M   3        24 180
12  52  40  46   3  19   0 0.08  0.0    0  6.7 16 250   M    M   9 18     20 200
13  45  36  41  -3  24   0 0.09  0.0    0  9.7 20 240   M    M   9 1      24 240
14  60  35  48   4  17   0 0.00  0.0    0  7.9 14 280   M    M   6 12     19 180
15  69  28  49   5  16   0 0.00  0.0    0  8.2 23 160   M    M   2 1      32 170
16  52  39  46   2  19   0    T  0.0    0 14.6 22 100   M    M   9        37  80
17  56  39  48   3  17   0    T  0.0    0  5.7 15 190   M    M   8         M  M
18  58  33  46   1  19   0 0.10  0.0    0  6.4 10 360   M    M   9 1       M  M
19  56  37  47   2  18   0 0.04  0.0    0  4.4 13 280   M    M   7         M  M
20  60  31  46   1  19   0 0.01  0.0    0  5.5 10 330   M    M   7         M  M
21  62  28  45  -1  20   0    T    M    0  7.9 23 270   M    M   7 6      16 270
22  50  38  44  -2  21   0 0.07    M    0  7.8 16 230   M    M   9 1      22 240
23  50  39  45  -1  20   0 0.19  0.0    0 13.4 23 160   M    M  10 1      27 160
24  49  37  43  -3  22   0 0.27  0.0    0 14.3 24 220   M    M   9 1      35 210
25  48  34  41  -6  24   0 0.03  0.0    0 13.9 23 240   M    M   8 1      35 240
26  51  33  42  -5  23   0 0.09  0.0    0  9.6 22 150   M    M   9 1      25 160
27  57  31  44  -3  21   0 0.01  0.0    0  6.7 17 220   M    M   7        24 210
================================================================================
SM 1500  913       543   0  1.05     0.0 250.5          M      193
================================================================================
AV 55.6 33.8                               9.3 FASTST   M    M   7    MAX(MPH)
                                 MISC ---->  # 31 100               # 43   90
================================================================================
NOTES:
# LAST OF SEVERAL OCCURRENCES

COLUMN 17 PEAK WIND IN M.P.H.

PRELIMINARY LOCAL CLIMATOLOGICAL DATA (WS FORM: F-6) , PAGE 2

                                          STATION:  KING SALMON
                                          MONTH:    MAY
                                          YEAR:     2017
                                          LATITUDE:   58 41 N
                                          LONGITUDE: 156 39 W

[TEMPERATURE DATA]      [PRECIPITATION DATA]       SYMBOLS USED IN COLUMN 16

AVERAGE MONTHLY: 44.7   TOTAL FOR MONTH:   1.05    1 = FOG OR MIST
DPTR FM NORMAL:   1.0   DPTR FM NORMAL:   -0.02    2 = FOG REDUCING VISIBILITY
HIGHEST:    69 ON 15    GRTST 24HR  0.27 ON 24-24      TO 1/4 MILE OR LESS
LOWEST:     24 ON  5                               3 = THUNDER
                        SNOW, ICE PELLETS, HAIL    4 = ICE PELLETS
                        TOTAL MONTH:   0.0 INCH    5 = HAIL
                        GRTST 24HR     0.0         6 = FREEZING RAIN OR DRIZZLE
                        GRTST DEPTH:   0           7 = DUSTSTORM OR SANDSTORM:
                                                       VSBY 1/2 MILE OR LESS
                                                   8 = SMOKE OR HAZE
[NO. OF DAYS WITH]      [WEATHER - DAYS WITH]      9 = BLOWING SNOW
                                                   X = TORNADO
MAX 32 OR BELOW:   0    0.01 INCH OR MORE:  15
MAX 90 OR ABOVE:   0    0.10 INCH OR MORE:   3
MIN 32 OR BELOW:  10    0.50 INCH OR MORE:   0
MIN  0 OR BELOW:   0    1.00 INCH OR MORE:   0

[HDD (BASE 65) ]
TOTAL THIS MO.   543    CLEAR  (SCALE 0-3)   2
DPTR FM NORMAL   -33    PTCLDY (SCALE 4-7)  15
TOTAL FM JUL 1 10075    CLOUDY (SCALE 8-10) 10
DPTR FM NORMAL  -326

[CDD (BASE 65) ]
TOTAL THIS MO.     0
DPTR FM NORMAL     0    [PRESSURE DATA]
TOTAL FM JAN 1     0    HIGHEST SLP M ON M
DPTR FM NORMAL     0    LOWEST  SLP 29.22 ON  7

[REMARKS]
