000
CXUS55 KBOU 271236
CF6AKO
PRELIMINARY LOCAL CLIMATOLOGICAL DATA (WS FORM: F-6)

                                          STATION:   AKRON CO
                                          MONTH:     DECEMBER
                                          YEAR:      2014
                                          LATITUDE:   40 10 N
                                          LONGITUDE: 103 13 W

  TEMPERATURE IN F:       :PCPN:    SNOW:  WIND      :SUNSHINE: SKY     :PK WND
================================================================================
1   2   3   4   5  6A  6B    7    8   9   10  11  12  13   14  15   16   17  18
                                     12Z  AVG MX 2MIN
DY MAX MIN AVG DEP HDD CDD  WTR  SNW DPTH SPD SPD DIR MIN PSBL S-S WX    SPD DR
================================================================================

 1  36  13  25  -6  40   0 0.00    M    M 13.9 26 170   M    M   2        34 160
 2  62  24  43  13  22   0 0.00    M    M 12.5 22 270   M    M   0        26 260
 3  39  22  31   1  34   0 0.00    M    M 13.4 29 150   M    M   1        37 150
 4  54  28  41  11  24   0 0.00    M    M 10.1 21 160   M    M   0        25 150
 5  53  30  42  13  23   0 0.00    M    M 12.0 23 320   M    M   1        27 320
 6  51  27  39  10  26   0 0.00    M    M 12.5 24 170   M    M   0        29 150
 7  59  28  44  15  21   0 0.00    M    M 11.5 26 350   M    M   0        33 350
 8  52  24  38   9  27   0 0.00    M    M  6.3 14 260   M    M   0        16 260
 9  48  29  39  11  26   0 0.00    M    M 11.6 18 180   M    M   0        23 180
10  59  28  44  16  21   0 0.00    M    M  8.2 17 270   M    M   0        19 270
11  62  30  46  18  19   0 0.00    M    M  8.9 15 250   M    M   0        17 250
12  69  28  49  21  16   0 0.00    M    M 12.0 18 150   M    M   0        22 140
13  49  20  35   7  30   0 0.00    M    M  5.9 16 220   M    M   3 12     19 220
14  32  24  28   0  37   0 0.18    M    M 18.3 36 340   M    M   8 12     40 340
15  28  11  20  -8  45   0 0.02    M    M 24.2 40 340   M    M   7 12     45 340
16  32   9  21  -7  44   0    T    M    M 11.4 20 130   M    M   4 12     22 120
17  23  15  19  -9  46   0 0.00    M    M  9.5 16 130   M    M  10 12     18 130
18  38  16  27  -1  38   0 0.00    M    M  9.0 16 260   M    M   2 18     17 270
19  38  16  27  -1  38   0 0.00    M    M 10.6 17 270   M    M   3 1      20 270
20  47  24  36   8  29   0 0.00    M    M  8.1 17 260   M    M   5        20 230
21  46  21  34   6  31   0 0.03    M    M 12.3 37 340   M    M   6 1      46 340
22  37  26  32   4  33   0 0.00    M    M 14.6 37 320   M    M   5        45 320
23  30  14  22  -6  43   0    T    M    M 26.5 44 320   M    M   7 1      53 320
24  43  13  28   0  37   0 0.00    M    M 10.9 16 240   M    M   0        21 210
25  42  20  31   3  34   0    T    M    M 15.1 26  20   M    M   6 1      32  30
26  20   8  14 -14  51   0 0.01    M    M 12.4 22  10   M    M  10 1      28 330
================================================================================
SM 1149  548       835   0  0.24    M    321.7          M       80
================================================================================
AV 44.2 21.1                              12.4 FASTST   M    M   3    MAX(MPH)
                                 MISC ---->  # 44 320               # 53  320
================================================================================
NOTES:
# LAST OF SEVERAL OCCURRENCES

COLUMN 17 PEAK WIND IN M.P.H.

PRELIMINARY LOCAL CLIMATOLOGICAL DATA (WS FORM: F-6) , PAGE 2

                                          STATION:  AKRON CO
                                          MONTH:    DECEMBER
                                          YEAR:     2014
                                          LATITUDE:   40 10 N
                                          LONGITUDE: 103 13 W

[TEMPERATURE DATA]      [PRECIPITATION DATA]       SYMBOLS USED IN COLUMN 16

AVERAGE MONTHLY: 32.6   TOTAL FOR MONTH:   0.24    1 = FOG OR MIST
DPTR FM NORMAL:   4.1   DPTR FM NORMAL:   -0.11    2 = FOG REDUCING VISIBILITY
HIGHEST:    69 ON 12    GRTST 24HR  0.20 ON 14-15      TO 1/4 MILE OR LESS
LOWEST:      8 ON 26                               3 = THUNDER
                        SNOW, ICE PELLETS, HAIL    4 = ICE PELLETS
                        TOTAL MONTH:    M          5 = HAIL
                        GRTST 24HR    M  ON   M    6 = FREEZING RAIN OR DRIZZLE
                        GRTST DEPTH:  M  ON   M    7 = DUSTSTORM OR SANDSTORM:
                                                       VSBY 1/2 MILE OR LESS
                                                   8 = SMOKE OR HAZE
[NO. OF DAYS WITH]      [WEATHER - DAYS WITH]      9 = BLOWING SNOW
                                                   X = TORNADO
MAX 32 OR BELOW:   6    0.01 INCH OR MORE:   4
MAX 90 OR ABOVE:   0    0.10 INCH OR MORE:   1
MIN 32 OR BELOW:  26    0.50 INCH OR MORE:   0
MIN  0 OR BELOW:   0    1.00 INCH OR MORE:   0

[HDD (BASE 65) ]
TOTAL THIS MO.   835    CLEAR  (SCALE 0-3)  16
DPTR FM NORMAL  -113    PTCLDY (SCALE 4-7)   7
TOTAL FM JUL 1  2194    CLOUDY (SCALE 8-10)  3
DPTR FM NORMAL  -197

[CDD (BASE 65) ]
TOTAL THIS MO.     0
DPTR FM NORMAL     0    [PRESSURE DATA]
TOTAL FM JAN 1   696    HIGHEST SLP M ON M
DPTR FM NORMAL   -60    LOWEST  SLP 29.27 ON 25

[REMARKS]
