000
CXUS55 KBOU 220900
CF6AKO
PRELIMINARY LOCAL CLIMATOLOGICAL DATA (WS FORM: F-6)

                                          STATION:   AKRON CO
                                          MONTH:     JANUARY
                                          YEAR:      2018
                                          LATITUDE:   40 10 N
                                          LONGITUDE: 103 13 W

  TEMPERATURE IN F:       :PCPN:    SNOW:  WIND      :SUNSHINE: SKY     :PK WND
================================================================================
1   2   3   4   5  6A  6B    7    8   9   10  11  12  13   14  15   16   17  18
                                     12Z  AVG MX 2MIN
DY MAX MIN AVG DEP HDD CDD  WTR  SNW DPTH SPD SPD DIR MIN PSBL S-S WX    SPD DR
================================================================================

 1  31  -1  15 -13  50   0    T    M    M 10.4 23 130   M    M   1 18     29 120
 2  37  -2  18 -10  47   0 0.00    M    M 11.6 18 310   M    M   0        24 340
 3  48  16  32   4  33   0 0.00    M    M  9.2 15 270   M    M   0        18 270
 4  36  19  28   0  37   0 0.00    M    M 12.7 16 280   M    M   1         M  M
 5  51  28  40  12  25   0 0.00    M    M  5.6  9 250   M    M   2         M  M
 6  56  25  41  13  24   0 0.00    M    M  8.8 17 180   M    M   3        23 160
 7  50  26  38  10  27   0    T    M    M 12.2 28 330   M    M   3        37 330
 8  57  28  43  15  22   0 0.00    M    M 10.1 20 310   M    M   0        27 320
 9  65  29  47  19  18   0 0.00    M    M 10.0 18 210   M    M   0        26 210
10  61  20  41  13  24   0 0.11    M    M 14.9 43 350   M    M   4 1      55 330
11  38  11  25  -4  40   0 0.00    M    M 14.2 33 350   M    M   2        45 360
12  42  18  30   1  35   0 0.02    M    M 11.0 25  10   M    M   9 1      36 310
13  47  12  30   1  35   0 0.02    M    M  9.1 24  10   M    M   6 1      34 340
14  47  24  36   7  29   0 0.01    M    M 10.5 23  20   M    M   5 1      29  20
15  32  -5  14 -15  51   0 0.02    M    M 12.4 30 340   M    M   4 1      36 360
16  27  -9   9 -20  56   0 0.00    M    M  9.2 14 220   M    M   0        18 220
17  48  11  30   1  35   0 0.00    M    M 10.8 20 270   M    M   0        23 280
18  59  21  40  11  25   0 0.00    M    M 11.1 17 240   M    M   0        21 250
19  56  37  47  18  18   0 0.00    M    M 11.6 17 250   M    M   0        22 250
20  44  27  36   7  29   0 0.00    M    M 10.6 18  10   M    M   2        24  10
21  28  23  26  -3  39   0    M    M    M 23.0 35 330   M    M  10 126    47 340
================================================================================
SM  960  358       699   0  0.18    M    239.0          M       52
================================================================================
AV 45.7 17.1                              11.4 FASTST   M    M   2    MAX(MPH)
                                 MISC ---->  # 43 350               # 55  330
================================================================================
NOTES:
# LAST OF SEVERAL OCCURRENCES

COLUMN 17 PEAK WIND IN M.P.H.

PRELIMINARY LOCAL CLIMATOLOGICAL DATA (WS FORM: F-6) , PAGE 2

                                          STATION:  AKRON CO
                                          MONTH:    JANUARY
                                          YEAR:     2018
                                          LATITUDE:   40 10 N
                                          LONGITUDE: 103 13 W

[TEMPERATURE DATA]      [PRECIPITATION DATA]       SYMBOLS USED IN COLUMN 16

AVERAGE MONTHLY: 31.4   TOTAL FOR MONTH:   0.18    1 = FOG OR MIST
DPTR FM NORMAL:   2.9   DPTR FM NORMAL:    0.00    2 = FOG REDUCING VISIBILITY
HIGHEST:    65 ON  9    GRTST 24HR  0.11 ON 10-10      TO 1/4 MILE OR LESS
LOWEST:     -9 ON 16                               3 = THUNDER
                        SNOW, ICE PELLETS, HAIL    4 = ICE PELLETS
                        TOTAL MONTH:    M          5 = HAIL
                        GRTST 24HR    M  ON   M    6 = FREEZING RAIN OR DRIZZLE
                        GRTST DEPTH:  M  ON   M    7 = DUSTSTORM OR SANDSTORM:
                                                       VSBY 1/2 MILE OR LESS
                                                   8 = SMOKE OR HAZE
[NO. OF DAYS WITH]      [WEATHER - DAYS WITH]      9 = BLOWING SNOW
                                                   X = TORNADO
MAX 32 OR BELOW:   4    0.01 INCH OR MORE:   5
MAX 90 OR ABOVE:   0    0.10 INCH OR MORE:   1
MIN 32 OR BELOW:  20    0.50 INCH OR MORE:   0
MIN  0 OR BELOW:   4    1.00 INCH OR MORE:   0

[HDD (BASE 65) ]
TOTAL THIS MO.   699    CLEAR  (SCALE 0-3)  15
DPTR FM NORMAL   -66    PTCLDY (SCALE 4-7)   4
TOTAL FM JUL 1  3032    CLOUDY (SCALE 8-10)  2
DPTR FM NORMAL  -313

[CDD (BASE 65) ]
TOTAL THIS MO.     0
DPTR FM NORMAL     0    [PRESSURE DATA]
TOTAL FM JAN 1     0    HIGHEST SLP M ON M
DPTR FM NORMAL     0    LOWEST  SLP 29.27 ON 10

[REMARKS]
