025
CXUS55 KBOU 280759
CF6AKO
PRELIMINARY LOCAL CLIMATOLOGICAL DATA (WS FORM: F-6)

                                          STATION:   AKRON CO
                                          MONTH:     MAY
                                          YEAR:      2016
                                          LATITUDE:   40 10 N
                                          LONGITUDE: 103 13 W

  TEMPERATURE IN F:       :PCPN:    SNOW:  WIND      :SUNSHINE: SKY     :PK WND
================================================================================
1   2   3   4   5  6A  6B    7    8   9   10  11  12  13   14  15   16   17  18
                                     12Z  AVG MX 2MIN
DY MAX MIN AVG DEP HDD CDD  WTR  SNW DPTH SPD SPD DIR MIN PSBL S-S WX    SPD DR
================================================================================

 1  41  29  35 -17  30   0 0.02    M    M 12.6 26 360   M    M   5 1      33 350
 2  58  28  43  -9  22   0    T    M    M 11.1 28 350   M    M   2 8      33 350
 3  68  36  52  -1  13   0 0.00    M    M 12.9 25 360   M    M   1        34 350
 4  73  41  57   4   8   0 0.00    M    M  9.2 18 270   M    M   0        21 270
 5  81  50  66  12   0   1 0.00    M    M 13.2 23 170   M    M   0        30 170
 6  85  45  65  11   0   0 0.00    M    M 12.4 23 160   M    M   0 3      31 150
 7  71  40  56   2   9   0 0.33    M    M 15.8 43 270   M    M   2 13     52 270
 8  63  40  52  -3  13   0 0.18    M    M  6.3 31 230   M    M   7 138    37 230
 9  67  39  53  -2  12   0 0.01    M    M  7.3 22 340   M    M   3        27 310
10  60  40  50  -5  15   0 0.14    M    M  9.2 23  10   M    M   6 1      32  10
11  62  34  48  -8  17   0 0.00    M    M  7.3 18 350   M    M   5        23 350
12  69  38  54  -2  11   0 0.00    M    M  7.5 16 280   M    M   1        20 270
13  58  44  51  -5  14   0 0.00    M    M 16.1 33 350   M    M   2        41 350
14  52  37  45 -11  20   0 0.00    M    M 15.1 23 120   M    M  10 18     30 110
15  56  40  48  -9  17   0    T    M    M 18.4 29 130   M    M   9        35 170
16  42  39  41 -16  24   0 0.31    M    M 11.4 23  80   M    M  10 123    29  80
17  50  39  45 -13  20   0 0.07    M    M  8.7 14  50   M    M  10 1      18  60
18  61  39  50  -8  15   0 0.00    M    M 13.7 25 180   M    M   5        31 170
19  72  41  57  -1   8   0 0.00    M    M 16.2 24 160   M    M   0        41 310
20  76  46  61   3   4   0 0.00    M    M 17.4 28 140   M    M   2 12     36 150
21  80  56  68   9   0   3 0.00    M    M 23.5 35 150   M    M   4        44 150
22  84  47  66   7   0   1 0.00    M    M 15.9 41 350   M    M   0        49 350
23  73  45  59   0   6   0 0.18    M    M  7.9 33 280   M    M   5 3      50 270
24  74  47  61   1   4   0 0.11    M    M 12.7 48 300   M    M   4 13     61 290
25  74  51  63   3   2   0    T    M    M  9.0 25  20   M    M   6 13     29  20
26  72  47  60   0   5   0 0.68    M    M 13.9 38 340   M    M   5 13     42 340
27  60  44  52  -8  13   0 0.99    M    M 17.7 33 360   M    M   6 13     40 360
================================================================================
SM 1782 1122       302   5  3.02    M    342.4          M      110
================================================================================
AV 66.0 41.6                              12.7 FASTST   M    M   4    MAX(MPH)
                                 MISC ---->  # 48 300               # 61  290
================================================================================
NOTES:
# LAST OF SEVERAL OCCURRENCES

COLUMN 17 PEAK WIND IN M.P.H.

PRELIMINARY LOCAL CLIMATOLOGICAL DATA (WS FORM: F-6) , PAGE 2

                                          STATION:  AKRON CO
                                          MONTH:    MAY
                                          YEAR:     2016
                                          LATITUDE:   40 10 N
                                          LONGITUDE: 103 13 W

[TEMPERATURE DATA]      [PRECIPITATION DATA]       SYMBOLS USED IN COLUMN 16

AVERAGE MONTHLY: 53.8   TOTAL FOR MONTH:   3.02    1 = FOG OR MIST
DPTR FM NORMAL:  -2.7   DPTR FM NORMAL:    0.51    2 = FOG REDUCING VISIBILITY
HIGHEST:    85 ON  6    GRTST 24HR  1.67 ON 26-27      TO 1/4 MILE OR LESS
LOWEST:     28 ON  2                               3 = THUNDER
                        SNOW, ICE PELLETS, HAIL    4 = ICE PELLETS
                        TOTAL MONTH:    M          5 = HAIL
                        GRTST 24HR    M  ON   M    6 = FREEZING RAIN OR DRIZZLE
                        GRTST DEPTH:  M  ON   M    7 = DUSTSTORM OR SANDSTORM:
                                                       VSBY 1/2 MILE OR LESS
                                                   8 = SMOKE OR HAZE
[NO. OF DAYS WITH]      [WEATHER - DAYS WITH]      9 = BLOWING SNOW
                                                   X = TORNADO
MAX 32 OR BELOW:   0    0.01 INCH OR MORE:  11
MAX 90 OR ABOVE:   0    0.10 INCH OR MORE:   8
MIN 32 OR BELOW:   2    0.50 INCH OR MORE:   2
MIN  0 OR BELOW:   0    1.00 INCH OR MORE:   0

[HDD (BASE 65) ]
TOTAL THIS MO.   302    CLEAR  (SCALE 0-3)  12
DPTR FM NORMAL    56    PTCLDY (SCALE 4-7)  11
TOTAL FM JUL 1  5585    CLOUDY (SCALE 8-10)  4
DPTR FM NORMAL  -654

[CDD (BASE 65) ]
TOTAL THIS MO.     5
DPTR FM NORMAL    -9    [PRESSURE DATA]
TOTAL FM JAN 1     5    HIGHEST SLP M ON M
DPTR FM NORMAL   -11    LOWEST  SLP 29.47 ON M

[REMARKS]
