000
CXUS55 KALY 280710
CF6ALB
PRELIMINARY LOCAL CLIMATOLOGICAL DATA (WS FORM: F-6)

                                          STATION:   ALBANY NY
                                          MONTH:     MAY
                                          YEAR:      2016
                                          LATITUDE:   42 45 N
                                          LONGITUDE:  73 48 W

  TEMPERATURE IN F:       :PCPN:    SNOW:  WIND      :SUNSHINE: SKY     :PK WND
================================================================================
1   2   3   4   5  6A  6B    7    8   9   10  11  12  13   14  15   16   17  18
                                     12Z  AVG MX 2MIN
DY MAX MIN AVG DEP HDD CDD  WTR  SNW DPTH SPD SPD DIR MIN PSBL S-S WX    SPD DR
================================================================================

 1  54  44  49  -5  16   0 0.11  0.0    0  8.2 17 160   M    M  10 1      27 170
 2  53  44  49  -5  16   0 0.39  0.0    0  4.7 12 180   M    M  10 1      16 170
 3  55  46  51  -3  14   0 0.02  0.0    0  5.2 12  40   M    M   8 1      16  10
 4  52  48  50  -5  15   0 0.29  0.0    0  4.3 12 190   M    M  10 18     16 180
 5  58  47  53  -2  12   0 0.00  0.0    0  7.5 15  20   M    M  10        21  40
 6  63  50  57   2   8   0 0.24  0.0    0  5.7 15  10   M    M   9 1      19  20
 7  66  43  55  -1  10   0 0.00  0.0    0  6.0 15 170   M    M   7 1      22 180
 8  59  45  52  -4  13   0 0.19  0.0    0 16.1 32 300   M    M   7 1      42 280
 9  61  39  50  -6  15   0 0.00  0.0    0 10.8 28 320   M    M   2        35 290
10  69  34  52  -4  13   0 0.00  0.0    0  5.6 15 280   M    M   3        22 290
11  75  40  58   1   7   0 0.00  0.0    0  2.7  9  20   M    M   1        12  60
12  80  43  62   5   3   0 0.00  0.0    0  5.6 18 170   M    M   4        25 170
13  64  52  58   1   7   0 0.46  0.0    0  8.5 23 180   M    M   8 1      29 190
14  73  46  60   2   5   0 0.09  0.0    0  9.8 30 290   M    M   6 1      42 290
15  52  39  46 -12  19   0    T  0.0    0 17.3 29 290   M    M   7        37 280
16  59  39  49  -9  16   0    T  0.0    0 13.7 35 290   M    M   6        47 290
17  66  40  53  -6  12   0 0.00  0.0    0  6.9 20 270   M    M   8        27 270
18  69  38  54  -5  11   0 0.00  0.0    0  4.1 12  30   M    M   6        15  20
19  70  49  60   1   5   0    T  0.0    0  3.6 18 300   M    M   7        25 300
20  75  42  59   0   6   0 0.00  0.0    0  2.5 12 310   M    M   3        15  10
21  69  45  57  -3   8   0    T  0.0    0  4.2 13 190   M    M   8 1      15 190
22  75  54  65   5   0   0    T  0.0    0  5.0 24  50   M    M   9        33  70
23  81  51  66   6   0   1 0.00  0.0    0  6.8 21  40   M    M   4 1      26  30
24  67  53  60  -1   5   0 0.03  0.0    0  3.6 10 300   M    M   9 1      14 140
25  88  51  70   9   0   5    T  0.0    0  7.8 25 310   M    M   3 1      34 240
26  88  58  73  12   0   8 0.00  0.0    0  4.1 14 180   M    M   7        20 170
27  87  71  79  17   0  14    T  0.0    0  8.3 20 200   M    M   8 3      25 190
================================================================================
SM 1828 1251       236  28  1.82     0.0 188.6          M      180
================================================================================
AV 67.7 46.3                               7.0 FASTST   M    M   7    MAX(MPH)
                                 MISC ---->  # 35 290               # 47  290
================================================================================
NOTES:
# LAST OF SEVERAL OCCURRENCES

COLUMN 17 PEAK WIND IN M.P.H.

PRELIMINARY LOCAL CLIMATOLOGICAL DATA (WS FORM: F-6) , PAGE 2

                                          STATION:  ALBANY NY
                                          MONTH:    MAY
                                          YEAR:     2016
                                          LATITUDE:   42 45 N
                                          LONGITUDE:  73 48 W

[TEMPERATURE DATA]      [PRECIPITATION DATA]       SYMBOLS USED IN COLUMN 16

AVERAGE MONTHLY: 57.0   TOTAL FOR MONTH:   1.82    1 = FOG OR MIST
DPTR FM NORMAL:  -0.6   DPTR FM NORMAL:   -1.29    2 = FOG REDUCING VISIBILITY
HIGHEST:    88 ON 26,25 GRTST 24HR  0.46 ON 13-13      TO 1/4 MILE OR LESS
LOWEST:     34 ON 10                               3 = THUNDER
                        SNOW, ICE PELLETS, HAIL    4 = ICE PELLETS
                        TOTAL MONTH:   0.0 INCH    5 = HAIL
                        GRTST 24HR     0.0         6 = FREEZING RAIN OR DRIZZLE
                        GRTST DEPTH:   0           7 = DUSTSTORM OR SANDSTORM:
                                                       VSBY 1/2 MILE OR LESS
                                                   8 = SMOKE OR HAZE
[NO. OF DAYS WITH]      [WEATHER - DAYS WITH]      9 = BLOWING SNOW
                                                   X = TORNADO
MAX 32 OR BELOW:   0    0.01 INCH OR MORE:   9
MAX 90 OR ABOVE:   0    0.10 INCH OR MORE:   6
MIN 32 OR BELOW:   0    0.50 INCH OR MORE:   0
MIN  0 OR BELOW:   0    1.00 INCH OR MORE:   0

[HDD (BASE 65) ]
TOTAL THIS MO.   236    CLEAR  (SCALE 0-3)   3
DPTR FM NORMAL    19    PTCLDY (SCALE 4-7)  15
TOTAL FM JUL 1  5416    CLOUDY (SCALE 8-10)  9
DPTR FM NORMAL -1194

[CDD (BASE 65) ]
TOTAL THIS MO.    28
DPTR FM NORMAL    12    [PRESSURE DATA]
TOTAL FM JAN 1    30    HIGHEST SLP M ON M
DPTR FM NORMAL    10    LOWEST  SLP 29.53 ON 14

[REMARKS]
