000
CXUS54 KAMA 011912
CF6AMA
PRELIMINARY LOCAL CLIMATOLOGICAL DATA (WS FORM: F-6)

                                          STATION:   AMARILLO
                                          MONTH:     FEBRUARY
                                          YEAR:      2015
                                          LATITUDE:   35 13 N
                                          LONGITUDE: 101 42 W

  TEMPERATURE IN F:       :PCPN:    SNOW:  WIND      :SUNSHINE: SKY     :PK WND
================================================================================
1   2   3   4   5  6A  6B    7    8   9   10  11  12  13   14  15   16   17  18
                                     12Z  AVG MX 2MIN
DY MAX MIN AVG DEP HDD CDD  WTR  SNW DPTH SPD SPD DIR MIN PSBL S-S WX    SPD DR
================================================================================

 1  43  25  34  -4  31   0 0.00  0.0    0 14.7 31 360   M    M   6        37  10
 2  57  20  39   1  26   0 0.00  0.0    0 12.8 29 190   M    M   3        36 210
 3  64  26  45   7  20   0 0.00  0.0    0 10.2 18 210   M    M   0        22 210
 4  53  21  37  -1  28   0    T    T    0 16.5 37  10   M    M   6 12     45  10
 5  50  21  36  -2  29   0 0.00  0.0    0  9.6 16 210   M    M   6 1      20 210
 6  82  29  56  17   9   0 0.00  0.0    0 12.2 20 230   M    M   0        25 230
 7  83  35  59  20   6   0 0.00  0.0    0  9.7 17 290   M    M   0        22 290
 8  76  43  60  21   5   0 0.00  0.0    0 10.5 26  20   M    M   0        31  10
 9  78  39  59  20   6   0 0.00  0.0    0 11.9 25 200   M    M   0        33 200
10  72  39  56  17   9   0 0.00  0.0    0 10.9 17  20   M    M   0        22  20
11  45  33  39   0  26   0    T    T    0 16.2 37  20   M    M   6        44  20
12  54  25  40   0  25   0 0.00  0.0    0  9.8 22 200   M    M   0        28 180
13  70  33  52  12  13   0 0.00  0.0    0  8.9 17 250   M    M   0        22 250
14  76  37  57  17   8   0 0.00  0.0    0 13.5 24 230   M    M   0        31 230
15  51  24  38  -2  27   0 0.00  0.0    0 14.6 25 360   M    M   3        32  20
16  43  22  33  -7  32   0    T    T    0 11.9 23 360   M    M   7 1      29 360
17  45  24  35  -6  30   0 0.02    T    T  9.4 26  10   M    M   6 18     32  10
18  56  21  39  -2  26   0 0.00  0.0    0  7.1 15  30   M    M   0        19  30
19  74  28  51  10  14   0 0.00  0.0    0 15.6 31 190   M    M   0        37 190
20  75  30  53  12  12   0 0.00  0.0    0 10.7 38 360   M    M   0 8      52 360
21  54  30  42   0  23   0 0.00  0.0    0 11.5 24  10   M    M   0        32  20
22  40  13  27 -15  38   0 0.04  0.3    0 19.5 31  20   M    M  10 1      45  60
23  19  11  15 -27  50   0 0.15  3.5    3  9.4 22  20   M    M  10 128    27  30
24  45  14  30 -12  35   0 0.00  0.0    2 10.5 24 360   M    M   3        29  20
25  58  24  41  -2  24   0 0.01    T    0 13.4 25  40   M    M   3 1      32 360
26  36  19  28 -15  37   0    T    T    T 16.5 26  30   M    M   9 1      32  30
27  20  11  16 -27  49   0 0.23  2.8    2 13.0 18 120   M    M  10 1      22 110
28  25  11  18 -26  47   0 0.02  0.2    2 10.4 15 200   M    M  10 1      19 170
================================================================================
SM 1544  708       685   0  0.47     6.8 340.9          M       98
================================================================================
AV 55.1 25.3                              12.2 FASTST   M    M   4    MAX(MPH)
                                 MISC ---->  # 38 360               # 52  360
================================================================================
NOTES:
# LAST OF SEVERAL OCCURRENCES

COLUMN 17 PEAK WIND IN M.P.H.

PRELIMINARY LOCAL CLIMATOLOGICAL DATA (WS FORM: F-6) , PAGE 2

                                          STATION:  AMARILLO
                                          MONTH:    FEBRUARY
                                          YEAR:     2015
                                          LATITUDE:   35 13 N
                                          LONGITUDE: 101 42 W

[TEMPERATURE DATA]      [PRECIPITATION DATA]       SYMBOLS USED IN COLUMN 16

AVERAGE MONTHLY: 40.2   TOTAL FOR MONTH:   0.47    1 = FOG OR MIST
DPTR FM NORMAL:  -0.1   DPTR FM NORMAL:   -0.09    2 = FOG REDUCING VISIBILITY
HIGHEST:    83 ON  7    GRTST 24HR  0.31 ON 31- 1      TO 1/4 MILE OR LESS
LOWEST:     11 ON 28,27                            3 = THUNDER
                        SNOW, ICE PELLETS, HAIL    4 = ICE PELLETS
                        TOTAL MONTH:   6.8 INCHES  5 = HAIL
                        GRTST 24HR   3.5 ON 23-23  6 = FREEZING RAIN OR DRIZZLE
                        GRTST DEPTH:   3 ON 23     7 = DUSTSTORM OR SANDSTORM:
                                                       VSBY 1/2 MILE OR LESS
                                                   8 = SMOKE OR HAZE
[NO. OF DAYS WITH]      [WEATHER - DAYS WITH]      9 = BLOWING SNOW
                                                   X = TORNADO
MAX 32 OR BELOW:   3    0.01 INCH OR MORE:   6
MAX 90 OR ABOVE:   0    0.10 INCH OR MORE:   2
MIN 32 OR BELOW:  21    0.50 INCH OR MORE:   0
MIN  0 OR BELOW:   0    1.00 INCH OR MORE:   0

[HDD (BASE 65) ]
TOTAL THIS MO.   685    CLEAR  (SCALE 0-3)  16
DPTR FM NORMAL    -7    PTCLDY (SCALE 4-7)   7
TOTAL FM JUL 1  3125    CLOUDY (SCALE 8-10)  5
DPTR FM NORMAL  -152

[CDD (BASE 65) ]
TOTAL THIS MO.     0
DPTR FM NORMAL     0    [PRESSURE DATA]
TOTAL FM JAN 1     0    HIGHEST SLP 30.67 ON 23
DPTR FM NORMAL     0    LOWEST  SLP 29.54 ON 20

[REMARKS]
#FINAL-02-15#
