000
CXUS53 KDMX 300920
CF6AMW
PRELIMINARY LOCAL CLIMATOLOGICAL DATA (WS FORM: F-6)

                                          STATION:   AMES IA
                                          MONTH:     JUNE
                                          YEAR:      2015
                                          LATITUDE:   41 59 N
                                          LONGITUDE:  93 37 W

  TEMPERATURE IN F:       :PCPN:    SNOW:  WIND      :SUNSHINE: SKY     :PK WND
================================================================================
1   2   3   4   5  6A  6B    7    8   9   10  11  12  13   14  15   16   17  18
                                     12Z  AVG MX 2MIN
DY MAX MIN AVG DEP HDD CDD  WTR  SNW DPTH SPD SPD DIR MIN PSBL S-S WX    SPD DR
================================================================================

 1  73  48  61  -5   4   0 0.00  0.0    0  6.8 13 140   M    M   1        19 180
 2  72  50  61  -5   4   0 0.00  0.0    0 11.2 21 160   M    M   3 1      28 160
 3  79  59  69   2   0   4 0.31  0.0    0  9.3 18 150   M    M   5 13     24 150
 4  82  57  70   3   0   5 0.00  0.0    0  3.5 15 190   M    M   1 128    18 190
 5  86  64  75   8   0  10 0.00  0.0    0  6.3 14  60   M    M   4        17  60
 6  75  62  69   1   0   4 0.01  0.0    0 11.3 18 150   M    M   4        24 150
 7  85  64  75   7   0  10 0.91  0.0    0  8.9 44 240   M    M   4 13     56 240
 8  86  58  72   4   0   7 0.00  0.0    0  9.0 22 320   M    M   1 8      30 320
 9  95  60  78   9   0  13 0.00  0.0    0 10.0 22 240   M    M   1 18     31 180
10  90  67  79  10   0  14 0.00  0.0    0  8.7 16 350   M    M   1        21 350
11  74  62  68  -1   0   3 1.48  0.0    0  8.0 29 290   M    M   9 13     36 290
12  68  61  65  -4   0   0 0.03  0.0    0  7.8 15  10   M    M  10 1      19  20
13  76  63  70   0   0   5 0.05  0.0    0  4.6 13 190   M    M   8 1      17 200
14  80  65  73   3   0   8 0.15  0.0    0  3.7 14 190   M    M   6 1      19 160
15  74  60  67  -3   0   2 0.66  0.0    0  8.9 21  10   M    M   6 1      27  10
16  79  55  67  -3   0   2 0.00  0.0    0  5.8 14 130   M    M   0        19 140
17  84  66  75   4   0  10    T  0.0    0  7.3 17 210   M    M   6 1      21 210
18  77  57  67  -4   0   2 0.00  0.0    0  7.0 15  20   M    M   1 18     18  20
19  80  56  68  -3   0   3 0.00  0.0    0  7.3 16 120   M    M   0 8      21 130
20  83  60  72   1   0   7    T  0.0    0  8.1 21 150   M    M   3 13     26 140
21  85  60  73   1   0   8 0.03  0.0    0  5.0 14 150   M    M   1 1      21 130
22  89  67  78   6   0  13 0.06  0.0    0 11.9 23 340   M    M   6 13     33 340
23  80  59  70  -2   0   5 0.15  0.0    0  5.1 15 350   M    M   1 138    19 350
24  72  61  67  -5   0   2 2.86  0.0    0  8.2 21 130   M    M   7 13     27 130
25  78  65  72   0   0   7 0.01  0.0    0  5.3 13  40   M    M   5 13     15  30
26  74  59  67  -5   0   2 0.06  0.0    0  5.1 20  20   M    M   5 1      25  30
27  82  57  70  -2   0   5 0.00  0.0    0  3.2 12 350   M    M   2 1      16  10
28  83  62  73   0   0   8 0.53  0.0    0  9.4 23 340   M    M   4 13     29 350
29  81  61  71  -2   0   6 0.00  0.0    0  8.3 17 340   M    M   0 8      22 310
================================================================================
SM 2322 1745         8 165  7.30     0.0 215.0          M      105
================================================================================
AV 80.1 60.2                               7.4 FASTST   M    M   4    MAX(MPH)
                                 MISC ---->  # 44 240               # 56  240
================================================================================
NOTES:
# LAST OF SEVERAL OCCURRENCES

COLUMN 17 PEAK WIND IN M.P.H.

PRELIMINARY LOCAL CLIMATOLOGICAL DATA (WS FORM: F-6) , PAGE 2

                                          STATION:  AMES IA
                                          MONTH:    JUNE
                                          YEAR:     2015
                                          LATITUDE:   41 59 N
                                          LONGITUDE:  93 37 W

[TEMPERATURE DATA]      [PRECIPITATION DATA]       SYMBOLS USED IN COLUMN 16

AVERAGE MONTHLY: 70.1   TOTAL FOR MONTH:   7.30    1 = FOG OR MIST
DPTR FM NORMAL:   0.2   DPTR FM NORMAL:    2.45    2 = FOG REDUCING VISIBILITY
HIGHEST:    95 ON  9    GRTST 24HR  3.00 ON 23-24      TO 1/4 MILE OR LESS
LOWEST:     48 ON  1                               3 = THUNDER
                        SNOW, ICE PELLETS, HAIL    4 = ICE PELLETS
                        TOTAL MONTH:   0.0 INCH    5 = HAIL
                        GRTST 24HR     0.0         6 = FREEZING RAIN OR DRIZZLE
                        GRTST DEPTH:   0           7 = DUSTSTORM OR SANDSTORM:
                                                       VSBY 1/2 MILE OR LESS
                                                   8 = SMOKE OR HAZE
[NO. OF DAYS WITH]      [WEATHER - DAYS WITH]      9 = BLOWING SNOW
                                                   X = TORNADO
MAX 32 OR BELOW:   0    0.01 INCH OR MORE:  15
MAX 90 OR ABOVE:   2    0.10 INCH OR MORE:   8
MIN 32 OR BELOW:   0    0.50 INCH OR MORE:   5
MIN  0 OR BELOW:   0    1.00 INCH OR MORE:   2

[HDD (BASE 65) ]
TOTAL THIS MO.     8    CLEAR  (SCALE 0-3)  12
DPTR FM NORMAL   -13    PTCLDY (SCALE 4-7)  14
TOTAL FM JUL 1  6836    CLOUDY (SCALE 8-10)  3
DPTR FM NORMAL     8

[CDD (BASE 65) ]
TOTAL THIS MO.   165
DPTR FM NORMAL    -1    [PRESSURE DATA]
TOTAL FM JAN 1   203    HIGHEST SLP M ON M
DPTR FM NORMAL   -12    LOWEST  SLP 29.63 ON 11

[REMARKS]
