000
CXUS53 KDMX 300920
CF6AMW
PRELIMINARY LOCAL CLIMATOLOGICAL DATA (WS FORM: F-6)

                                          STATION:   AMES IA
                                          MONTH:     JULY
                                          YEAR:      2015
                                          LATITUDE:   41 59 N
                                          LONGITUDE:  93 37 W

  TEMPERATURE IN F:       :PCPN:    SNOW:  WIND      :SUNSHINE: SKY     :PK WND
================================================================================
1   2   3   4   5  6A  6B    7    8   9   10  11  12  13   14  15   16   17  18
                                     12Z  AVG MX 2MIN
DY MAX MIN AVG DEP HDD CDD  WTR  SNW DPTH SPD SPD DIR MIN PSBL S-S WX    SPD DR
================================================================================

 1  76  59  68  -5   0   3 0.00  0.0    0  7.4 16 100   M    M   3 1      21  90
 2  70  54  62 -11   3   0 0.00  0.0    0  4.2 13 130   M    M   1        18  90
 3  79  51  65  -8   0   0 0.00  0.0    0  2.6 12 280   M    M   0 18     18 150
 4  81  52  67  -6   0   2 0.00  0.0    0  4.4 12 210   M    M   0 1      21 160
 5  84  58  71  -2   0   6 0.00  0.0    0  9.8 20 150   M    M   0 18     26 160
 6  76  63  70  -3   0   5 1.91  0.0    0  8.5 21 350   M    M   7 138    27 360
 7  72  53  63 -10   2   0 0.00  0.0    0  9.3 20  30   M    M   2 8      30 230
 8  72  51  62 -11   3   0 0.00  0.0    0  4.2 17 140   M    M   3 18     20 140
 9  77  54  66  -8   0   1 0.00  0.0    0  4.0 12 190   M    M   0 18     15 170
10  81  57  69  -5   0   4 0.00  0.0    M  6.2 15 160   M    M   1 1      23 270
11  82  68  75   1   0  10 0.80  0.0    0  7.6 16 150   M    M   7 13     22 150
12  91  71  81   7   0  16 0.00  0.0    0  7.8 14 180   M    M   4 12     17 150
13  91  72  82   8   0  17 0.00  0.0    0  8.5 18 300   M    M   0        24 310
14  87  69  78   4   0  13 0.00  0.0    0  7.6 16 330   M    M   1        21 360
15  80  66  73  -1   0   8 0.13  0.0    0  4.9 12 180   M    M   3 1      14 170
16  84  69  77   3   0  12 0.54  0.0    0  9.4 18 150   M    M   7 1      24 150
17  92  67  80   6   0  15 0.00  0.0    M  4.3 12 190   M    M   0 12     15 180
18  87  70  79   5   0  14 0.00  0.0    0  7.2 15 230   M    M   1        18 220
19  84  65  75   1   0  10 0.00  0.0    0  4.0 13 350   M    M   0        17 350
20  84  62  73  -1   0   8 0.17  0.0    0  7.5 23 340   M    M   2 1      28 350
21  80  58  69  -5   0   4 0.00  0.0    0  4.3 10  20   M    M   1 18     14  20
22  78  56  67  -6   0   2 0.00  0.0    0  3.2 10 180   M    M   1 1      14 190
23  84  56  70  -3   0   5 0.00  0.0    M  5.2 14 160   M    M   2 128    18 170
24  86  65  76   3   0  11 0.04  0.0    M  7.6 30  40   M    M   2 13     41  30
25  89  71  80   7   0  15 0.00  0.0    M  5.6 16  50   M    M   2 1      20  50
26  87  68  78   5   0  13 0.83  0.0    M  4.3 26 320   M    M   3 13     35 320
27  80  69  75   2   0  10 1.13  0.0    0  6.2 24 160   M    M   5 13     31 170
28  78  70  74   1   0   9 2.44  0.0    0  7.6 26 150   M    M   7 13     33 160
29  82  63  73   0   0   8 0.00  0.0    0  8.8 22 310   M    M   2        28 310
================================================================================
SM 2374 1807         8 221  7.99     0.0 182.2          M       67
================================================================================
AV 81.9 62.3                               6.3 FASTST   M    M   2    MAX(MPH)
                                 MISC ---->  # 30  40               # 41   30
================================================================================
NOTES:
# LAST OF SEVERAL OCCURRENCES

COLUMN 17 PEAK WIND IN M.P.H.

PRELIMINARY LOCAL CLIMATOLOGICAL DATA (WS FORM: F-6) , PAGE 2

                                          STATION:  AMES IA
                                          MONTH:    JULY
                                          YEAR:     2015
                                          LATITUDE:   41 59 N
                                          LONGITUDE:  93 37 W

[TEMPERATURE DATA]      [PRECIPITATION DATA]       SYMBOLS USED IN COLUMN 16

AVERAGE MONTHLY: 72.1   TOTAL FOR MONTH:   7.99    1 = FOG OR MIST
DPTR FM NORMAL:  -1.4   DPTR FM NORMAL:    3.57    2 = FOG REDUCING VISIBILITY
HIGHEST:    92 ON 17    GRTST 24HR  2.44 ON 28-28      TO 1/4 MILE OR LESS
LOWEST:     51 ON  8, 3                            3 = THUNDER
                        SNOW, ICE PELLETS, HAIL    4 = ICE PELLETS
                        TOTAL MONTH:   0.0 INCH    5 = HAIL
                        GRTST 24HR     0.0         6 = FREEZING RAIN OR DRIZZLE
                        GRTST DEPTH:   0           7 = DUSTSTORM OR SANDSTORM:
                                                       VSBY 1/2 MILE OR LESS
                                                   8 = SMOKE OR HAZE
[NO. OF DAYS WITH]      [WEATHER - DAYS WITH]      9 = BLOWING SNOW
                                                   X = TORNADO
MAX 32 OR BELOW:   0    0.01 INCH OR MORE:   9
MAX 90 OR ABOVE:   3    0.10 INCH OR MORE:   8
MIN 32 OR BELOW:   0    0.50 INCH OR MORE:   6
MIN  0 OR BELOW:   0    1.00 INCH OR MORE:   3

[HDD (BASE 65) ]
TOTAL THIS MO.     8    CLEAR  (SCALE 0-3)  19
DPTR FM NORMAL     8    PTCLDY (SCALE 4-7)  10
TOTAL FM JUL 1     8    CLOUDY (SCALE 8-10)  0
DPTR FM NORMAL     8

[CDD (BASE 65) ]
TOTAL THIS MO.   221
DPTR FM NORMAL   -28    [PRESSURE DATA]
TOTAL FM JAN 1   431    HIGHEST SLP M ON M
DPTR FM NORMAL   -41    LOWEST  SLP 29.65 ON 13

[REMARKS]
