000
CXUS52 KGSP 300817
CF6AND
PRELIMINARY LOCAL CLIMATOLOGICAL DATA (WS FORM: F-6)

                                          STATION:   ANDERSON SC
                                          MONTH:     MARCH
                                          YEAR:      2015
                                          LATITUDE:   34 30 N
                                          LONGITUDE:  82 43 W

  TEMPERATURE IN F:       :PCPN:    SNOW:  WIND      :SUNSHINE: SKY     :PK WND
================================================================================
1   2   3   4   5  6A  6B    7    8   9   10  11  12  13   14  15   16   17  18
                                     12Z  AVG MX 2MIN
DY MAX MIN AVG DEP HDD CDD  WTR  SNW DPTH SPD SPD DIR MIN PSBL S-S WX    SPD DR
================================================================================

 1  45  34  40  -9  25   0 0.09    M    M  5.2 14  60   M    M  10 12     18  70
 2  75  42  59  10   6   0    T    M    M  6.1 14 220   M    M   5 12     16 220
 3  57  43  50   1  15   0 0.03    M    M  6.4 17  60   M    M  10 12     22  70
 4  72  45  59   9   6   0 0.00    M    M  8.9 22 220   M    M   8 12     26 220
 5  68  39  54   4  11   0 0.14    M    M 11.6 33 280   M    M  10 1      40 280
 6  49  32  41  -9  24   0 0.00    M    M  6.8 18  50   M    M   5        23  50
 7  63  26  45  -5  20   0 0.00    M    M  5.8 17 230   M    M   0        23 240
 8  72  34  53   3  12   0 0.00    M    M  5.5 16 210   M    M   1        21 230
 9  68  51  60   9   5   0    T    M    M  3.1 10 360   M    M   9        16 350
10  74  53  64  13   1   0 0.02    M    M  3.1 10 310   M    M   8 8      12 310
11  79  52  66  15   0   1 0.14    M    M  4.8 22 200   M    M   5 12     26 220
12  67  58  63  11   2   0    T    M    M 10.2 20  80   M    M   9 1      25  70
13  59  44  52   0  13   0 0.52    M    M  9.9 16  60   M    M  10 1      22  30
14  65  46  56   4   9   0 0.17    M    M  7.7 18 220   M    M   7 1      22 220
15  78  46  62  10   3   0 0.00    M    M  3.8 13 210   M    M   1 12     15 200
16  84  37  61   8   4   0 0.00    M    M  6.0 17 210   M    M   0        20 220
17  84  56  70  17   0   5 0.00    M    M  9.3 20 300   M    M   0        24 310
18  68  53  61   8   4   0 0.00    M    M  6.1 15  70   0    0   0        23  90
19  56  44  50  -3  15   0 0.53    M    M  7.7 16  60   M    M   9 1      20  60
20  70  44  57   3   8   0    T    M    M  5.0 14 230   M    M   7 1      18 230
21  74  44  59   5   6   0 0.00    M    M  2.7 10 250   M    M   1 12     13 210
22  64  54  59   5   6   0 0.17    M    M  3.5 10 240   M    M  10 1      13 240
23  70  50  60   6   5   0 0.02    M    M  5.2 15  60   M    M   6        19 110
24  73  43  58   3   7   0 0.00    M    M  3.7 12 200   M    M   0 1      15 180
25  67  53  60   5   5   0 0.02    M    M  5.4 10  60   M    M   9 18     13  20
26  74  53  64   9   1   0 0.00    M    M  6.4 17 210   M    M   4 12     22 220
27  64  43  54  -1  11   0 0.02    M    M  6.4 17 310   M    M   9 1      22 320
28  55  35  45 -11  20   0 0.00    M    M  8.9 21 230   M    M   0        26 230
29  57  27  42 -14  23   0 0.00    M    M  5.3 14 230   M    M   1        19 250
================================================================================
SM 1951 1281       267   6  1.87    M    180.5            0    154
================================================================================
AV 67.3 44.2                               6.2 FASTST    0   0   5    MAX(MPH)
                                 MISC ---->  # 33 280               # 40  280
================================================================================
NOTES:
# LAST OF SEVERAL OCCURRENCES

COLUMN 17 PEAK WIND IN M.P.H.

PRELIMINARY LOCAL CLIMATOLOGICAL DATA (WS FORM: F-6) , PAGE 2

                                          STATION:  ANDERSON SC
                                          MONTH:    MARCH
                                          YEAR:     2015
                                          LATITUDE:   34 30 N
                                          LONGITUDE:  82 43 W

[TEMPERATURE DATA]      [PRECIPITATION DATA]       SYMBOLS USED IN COLUMN 16

AVERAGE MONTHLY: 55.7   TOTAL FOR MONTH:   1.87    1 = FOG OR MIST
DPTR FM NORMAL:   3.4   DPTR FM NORMAL:   -2.22    2 = FOG REDUCING VISIBILITY
HIGHEST:    84 ON 17,16 GRTST 24HR  0.53 ON 19-19      TO 1/4 MILE OR LESS
LOWEST:     26 ON  7                               3 = THUNDER
                        SNOW, ICE PELLETS, HAIL    4 = ICE PELLETS
                        TOTAL MONTH:    M          5 = HAIL
                        GRTST 24HR    M  ON   M    6 = FREEZING RAIN OR DRIZZLE
                        GRTST DEPTH:  M  ON   M    7 = DUSTSTORM OR SANDSTORM:
                                                       VSBY 1/2 MILE OR LESS
                                                   8 = SMOKE OR HAZE
[NO. OF DAYS WITH]      [WEATHER - DAYS WITH]      9 = BLOWING SNOW
                                                   X = TORNADO
MAX 32 OR BELOW:   0    0.01 INCH OR MORE:  12
MAX 90 OR ABOVE:   0    0.10 INCH OR MORE:   6
MIN 32 OR BELOW:   3    0.50 INCH OR MORE:   2
MIN  0 OR BELOW:   0    1.00 INCH OR MORE:   0

[HDD (BASE 65) ]
TOTAL THIS MO.   267    CLEAR  (SCALE 0-3)  10
DPTR FM NORMAL  -106    PTCLDY (SCALE 4-7)   9
TOTAL FM JUL 1  2885    CLOUDY (SCALE 8-10) 10
DPTR FM NORMAL    17

[CDD (BASE 65) ]
TOTAL THIS MO.     6
DPTR FM NORMAL     6    [PRESSURE DATA]
TOTAL FM JAN 1     6    HIGHEST SLP  0.00 ON 18
DPTR FM NORMAL     6    LOWEST  SLP  0.00 ON 18

[REMARKS]
