404
CXUS52 KGSP 280817
CF6AND
PRELIMINARY LOCAL CLIMATOLOGICAL DATA (WS FORM: F-6)

                                          STATION:   ANDERSON SC
                                          MONTH:     APRIL
                                          YEAR:      2017
                                          LATITUDE:   34 30 N
                                          LONGITUDE:  82 43 W

  TEMPERATURE IN F:       :PCPN:    SNOW:  WIND      :SUNSHINE: SKY     :PK WND
================================================================================
1   2   3   4   5  6A  6B    7    8   9   10  11  12  13   14  15   16   17  18
                                     12Z  AVG MX 2MIN
DY MAX MIN AVG DEP HDD CDD  WTR  SNW DPTH SPD SPD DIR MIN PSBL S-S WX    SPD DR
================================================================================

 1  78  50  64   7   1   0 0.00    M    M  5.4 13 220   M    M   0        17 250
 2  78  52  65   8   0   0 0.00    M    M  7.3 17  60   M    M   0        23  60
 3  69  60  65   8   0   0 0.65    M    M  8.8 29 280   M    M   7 13     39 270
 4  80  60  70  13   0   5 0.00    M    M 10.9 21 240   M    M   2        29 240
 5  64  55  60   2   5   0 1.38    M    M  6.0 41 300   M    M   6 13     70 300
 6  61  47  54  -4  11   0    T    M    M 19.0 33 280   M    M   5 3      43 280
 7  63  41  52  -6  13   0 0.00    M    M 11.9 24 270   M    M   0        31 290
 8  69  34  52  -6  13   0 0.00    M    M  2.2 14 270   M    M   0        17 250
 9  75  37  56  -3   9   0 0.00    M    M  2.8 13 170   M    M   0        16 230
10  77  46  62   3   3   0 0.00    M    M  3.9 13 260   M    M   0        16 240
11  80  51  66   7   0   1 0.00    M    M  5.2 15 240   M    M   0        21 230
12  82  55  69  10   0   4    T    M    M  2.8 17  70   M    M   2 3      23  70
13  83  53  68   8   0   3 0.00    M    M  3.4 15  80   M    M   1        20  30
14  83  57  70  10   0   5 0.00    M    M  5.0 14 230   M    M   4 3      21 190
15  81  57  69   9   0   4 0.00    M    M  5.1 16 200   M    M   2        23 160
16  81  57  69   9   0   4 0.00    M    M  5.2 16 220   M    M   3        27 230
17  85  56  71  10   0   6 0.10    M    M  6.5 21 340   M    M   5 1      30 330
18  71  61  66   5   0   1 0.09    M    M  8.3 18  70   M    M   8 1      23  60
19  68  59  64   3   1   0 0.65    M    M  4.9 14  70   M    M   9 1      18  60
20  81  56  69   8   0   4 0.00    M    M  4.6 17 210   M    M   3 1      21 200
21  86  59  73  11   0   8 0.07    M    M  6.4 17 230   M    M   1        22 210
22  84  61  73  11   0   8 0.00    M    M  8.9 24 250   M    M   3 1      32 230
23  68  51  60  -2   5   0 2.35    M    M 14.2 28  70   M    M  10 1      34  70
24  57  50  54  -8  11   0 0.63    M    M 10.1 23  50   M    M  10 13     32  40
25  77  55  66   3   0   1 0.00    M    M  5.0 14 180   M    M   5        17 270
26  82  54  68   5   0   3 0.00    M    M  4.1 16 230   M    M   3 12     22 210
27  75  61  68   5   0   3 0.02    M    M  4.6 14 170   M    M   7 1      19 170
================================================================================
SM 2038 1435        72  60  5.94    M    182.5          M       96
================================================================================
AV 75.5 53.2                               6.8 FASTST   M    M   4    MAX(MPH)
                                 MISC ---->  # 41 300               # 70  300
================================================================================
NOTES:
# LAST OF SEVERAL OCCURRENCES

COLUMN 17 PEAK WIND IN M.P.H.

PRELIMINARY LOCAL CLIMATOLOGICAL DATA (WS FORM: F-6) , PAGE 2

                                          STATION:  ANDERSON SC
                                          MONTH:    APRIL
                                          YEAR:     2017
                                          LATITUDE:   34 30 N
                                          LONGITUDE:  82 43 W

[TEMPERATURE DATA]      [PRECIPITATION DATA]       SYMBOLS USED IN COLUMN 16

AVERAGE MONTHLY: 64.3   TOTAL FOR MONTH:   5.94    1 = FOG OR MIST
DPTR FM NORMAL:   4.4   DPTR FM NORMAL:    3.12    2 = FOG REDUCING VISIBILITY
HIGHEST:    86 ON 21    GRTST 24HR  2.35 ON 23-23      TO 1/4 MILE OR LESS
LOWEST:     34 ON  8                               3 = THUNDER
                        SNOW, ICE PELLETS, HAIL    4 = ICE PELLETS
                        TOTAL MONTH:    M          5 = HAIL
                        GRTST 24HR    M  ON   M    6 = FREEZING RAIN OR DRIZZLE
                        GRTST DEPTH:  M  ON   M    7 = DUSTSTORM OR SANDSTORM:
                                                       VSBY 1/2 MILE OR LESS
                                                   8 = SMOKE OR HAZE
[NO. OF DAYS WITH]      [WEATHER - DAYS WITH]      9 = BLOWING SNOW
                                                   X = TORNADO
MAX 32 OR BELOW:   0    0.01 INCH OR MORE:   9
MAX 90 OR ABOVE:   0    0.10 INCH OR MORE:   6
MIN 32 OR BELOW:   0    0.50 INCH OR MORE:   5
MIN  0 OR BELOW:   0    1.00 INCH OR MORE:   2

[HDD (BASE 65) ]
TOTAL THIS MO.    72    CLEAR  (SCALE 0-3)  14
DPTR FM NORMAL   -93    PTCLDY (SCALE 4-7)  10
TOTAL FM JUL 1  2066    CLOUDY (SCALE 8-10)  3
DPTR FM NORMAL  -985

[CDD (BASE 65) ]
TOTAL THIS MO.    60
DPTR FM NORMAL    31    [PRESSURE DATA]
TOTAL FM JAN 1    78    HIGHEST SLP M ON M
DPTR FM NORMAL    44    LOWEST  SLP 29.54 ON  6

[REMARKS]
