000
CXUS53 KAPX 310631
CF6ANJ
PRELIMINARY LOCAL CLIMATOLOGICAL DATA (WS FORM: F-6)

                                          STATION:   SAULT STE MARIE MI
                                          MONTH:     AUGUST
                                          YEAR:      2015
                                          LATITUDE:   46 28 N
                                          LONGITUDE:  84 21 W

  TEMPERATURE IN F:       :PCPN:    SNOW:  WIND      :SUNSHINE: SKY     :PK WND
================================================================================
1   2   3   4   5  6A  6B    7    8   9   10  11  12  13   14  15   16   17  18
                                     12Z  AVG MX 2MIN
DY MAX MIN AVG DEP HDD CDD  WTR  SNW DPTH SPD SPD DIR MIN PSBL S-S WX    SPD DR
================================================================================

 1  74  54  64  -2   1   0 0.00  0.0    0  6.5 14 320   M    M   1        19 310
 2  73  59  66   0   0   1 0.09  0.0    0  5.3 10 280   M    M   4 13     15 200
 3  68  57  63  -3   2   0    T  0.0    0  8.4 16 310   M    M   8        22 270
 4  66  53  60  -6   5   0 0.00  0.0    0  8.6 17 320   M    M   6        24 320
 5  71  51  61  -5   4   0 0.00  0.0    0  8.6 16 310   M    M   1        24 320
 6  74  50  62  -4   3   0 0.00  0.0    0  2.0  9 150   M    M   1 1      11 100
 7  74  56  65  -1   0   0    T  0.0    0  3.9 12 150   M    M   4        16 170
 8  79  61  70   4   0   5    T  0.0    0  6.6 17 140   M    M   3        22 160
 9  79  58  69   3   0   4 0.00  0.0    0  6.3 15 150   M    M   4        21 140
10  78  59  69   3   0   4 0.15  0.0    0  5.1 16 300   M    M   9 13     22 320
11  70  58  64  -1   1   0 0.00  0.0    0  9.4 20 320   M    M   6        26 310
12  76  55  66   1   0   1 0.00  0.0    0  5.8 15 290   M    M   3        20 300
13  85  61  73   8   0   8 0.10  0.0    0  4.3 16 220   M    M   6 1      23 220
14  86  64  75  10   0  10 0.01  0.0    0  3.5 12 310   M    M   2 13     16 310
15  88  62  75  10   0  10 0.00  0.0    0  3.4 12 190   M    M   1 12     16 190
16  87  64  76  11   0  11 0.00  0.0    0  8.2 21 220   M    M   1 1      28 230
17  76  63  70   5   0   5 0.07  0.0    0  5.5 13 330   M    M   6 1      17 330
18  78  63  71   6   0   6 0.10  0.0    0  4.5 10 130   M    M   8 1      14 100
19  82  64  73   9   0   8 0.86  0.0    0  9.4 33 140   M    M   8 13     45 140
20  72  58  65   1   0   0 0.18  0.0    0  8.7 21 230   M    M   9 1      28 230
21  75  56  66   2   0   1 0.02  0.0    0  7.1 14 290   M    M   5        20 270
22  81  59  70   6   0   5 0.00  0.0    0  5.5 16 200   M    M   2        21 200
23  76  60  68   4   0   3 0.56  0.0    0  9.6 23 140   M    M   4        34 150
24  64  52  58  -6   7   0 0.25  0.0    0  8.0 16 280   M    M  10        23 270
25  56  53  55  -9  10   0 0.08  0.0    0 11.8 17 300   M    M  10        26 300
26  61  52  57  -6   8   0 0.02  0.0    0  9.2 17 310   M    M  10        26 310
27  68  52  60  -3   5   0 0.01  0.0    0  4.2 13 180   M    M   6 1      15 180
28  75  53  64   1   1   0 0.00  0.0    0  6.2 18 200   M    M   8 12     24 210
29  72  60  66   3   0   1 0.27  0.0    0  5.3 15 220   M    M   8 1      19 230
30  77  59  68   6   0   3 0.00  0.0    0  5.8 16 230   M    M   5 12     22 220
================================================================================
SM 2241 1726        47  86  2.77     0.0 196.7          M      159
================================================================================
AV 74.7 57.5                               6.6 FASTST   M    M   5    MAX(MPH)
                                 MISC ---->  # 33 140               # 45  140
================================================================================
NOTES:
# LAST OF SEVERAL OCCURRENCES

COLUMN 17 PEAK WIND IN M.P.H.

PRELIMINARY LOCAL CLIMATOLOGICAL DATA (WS FORM: F-6) , PAGE 2

                                          STATION:  SAULT STE MARIE MI
                                          MONTH:    AUGUST
                                          YEAR:     2015
                                          LATITUDE:   46 28 N
                                          LONGITUDE:  84 21 W

[TEMPERATURE DATA]      [PRECIPITATION DATA]       SYMBOLS USED IN COLUMN 16

AVERAGE MONTHLY: 66.1   TOTAL FOR MONTH:   2.77    1 = FOG OR MIST
DPTR FM NORMAL:   1.4   DPTR FM NORMAL:   -0.29    2 = FOG REDUCING VISIBILITY
HIGHEST:    88 ON 15    GRTST 24HR  0.91 ON 19-20      TO 1/4 MILE OR LESS
LOWEST:     50 ON  6                               3 = THUNDER
                        SNOW, ICE PELLETS, HAIL    4 = ICE PELLETS
                        TOTAL MONTH:   0.0 INCH    5 = HAIL
                        GRTST 24HR     0.0         6 = FREEZING RAIN OR DRIZZLE
                        GRTST DEPTH:   0           7 = DUSTSTORM OR SANDSTORM:
                                                       VSBY 1/2 MILE OR LESS
                                                   8 = SMOKE OR HAZE
[NO. OF DAYS WITH]      [WEATHER - DAYS WITH]      9 = BLOWING SNOW
                                                   X = TORNADO
MAX 32 OR BELOW:   0    0.01 INCH OR MORE:  15
MAX 90 OR ABOVE:   0    0.10 INCH OR MORE:   8
MIN 32 OR BELOW:   0    0.50 INCH OR MORE:   2
MIN  0 OR BELOW:   0    1.00 INCH OR MORE:   0

[HDD (BASE 65) ]
TOTAL THIS MO.    47    CLEAR  (SCALE 0-3)   8
DPTR FM NORMAL   -26    PTCLDY (SCALE 4-7)  15
TOTAL FM JUL 1   101    CLOUDY (SCALE 8-10)  7
DPTR FM NORMAL   -41

[CDD (BASE 65) ]
TOTAL THIS MO.    86
DPTR FM NORMAL    20    [PRESSURE DATA]
TOTAL FM JAN 1   187    HIGHEST SLP M ON M
DPTR FM NORMAL     8    LOWEST  SLP 29.51 ON  2

[REMARKS]
