000
CXAK56 PANT 011207
CF6ANN

PRELIMINARY LOCAL CLIMATOLOGICAL DATA (WS FORM: F-6)

                                          STATION:   ANNETTE
                                          MONTH:     06
                                          YEAR:      2015
                                          LATITUDE:   55 02 N
                                          LONGITUDE: 131 34 W

  TEMPERATURE IN F:       :PCPN:    SNOW:  WIND      :SUNSHINE: SKY     :PK WND
================================================================================
1   2   3   4   5  6A  6B    7     8   9   10  11  12  13   14  15   16  17  18
                                      12Z  AVG MX 2MIN
DY MAX MIN AVG DEP HDD CDD  WTR   SNW DPTH SPD SPD DIR MIN PSBL S-S WX   SPD DR
================================================================================

 1  72  49  61   8   4   0  0.00  0.0   0  4.6 10  140   M    M   M 12   14 220
 2  58  50  54   1  11   0  0.01  0.0   0  7.9 15  120   M    M   M 1    22 130
 3  57  52  55   1  10   0     T  0.0   0  6.9 10  130   M    M   M 1    16 160
 4  58  51  55   1  10   0  0.75  0.0   0 12.3 20  150   M    M   M 1    33 110
 5  63  52  58   4   7   0  0.12  0.0   0  5.9 18  150   M    M   M 1    30 160
 6  56  53  55   1  10   0  0.33  0.0   0  7.2 15  150   M    M   M 1    23 140
 7  55  49  52  -2  13   0  1.10  0.0   0 10.5 20  140   M    M   M 1    29 140
 8  67  45  56   2   9   0  0.00  0.0   0  5.8 13  310   M    M   M      16 320
 9  69  47  58   4   7   0  0.00  0.0   0  6.3 13  330   M    M   M      17 320
10  54  50  52  -3  13   0  0.09  0.0   0  5.5 12  140   M    M   M 1    17 150
11  62  46  54  -1  11   0  0.20  0.0   0  5.5 12  320   M    M   M      18 190
12  62  44  53  -2  12   0  0.00  0.0   0  5.4 13  320   M    M   M      18 330
13  68  52  60   5   5   0  0.00  0.0   0  4.6 12  320   M    M   M      15 310
14  80  51  66  11   0   1  0.00  0.0   0  2.8 10  130   M    M   M      15 140
15  74  54  64   9   1   0  0.02  0.0   0  4.9 13  150   M    M   M 3    16 140
16  63  54  59   4   6   0  0.00  0.0   0  0.0 12  160   M    M   M      16 150
17  69  46  58   3   7   0  0.00  0.0   0  0.0 12  180   M    M   M 1    15 160
18  66  48  57   1   8   0  0.01  0.0   0  2.3  9  140   M    M   M      13 240
19  61  48  55  -1  10   0  0.01  0.0   0  3.3  9  130   M    M   M      14 160
20  64  54  59   3   6   0     T  0.0   0  0.6  7  220   M    M   M      10 230
21  75  53  64   8   1   0  0.00  0.0   0  4.0 12  330   M    M   M      14 320
22  70  51  61   5   4   0  0.00  0.0   0  4.3  9  150   M    M   M 1    13 160
23  65  56  61   5   4   0  0.00  0.0   0  7.3 12  140   M    M   M      19 200
24  63  55  59   3   6   0  0.49  0.0   0  6.2 14  130   M    M   M 1    18 130
25  63  55  59   3   6   0  0.83  0.0   0 10.2 23  140   M    M   M 1    33 150
26  69  55  62   6   3   0  0.01  0.0   0  4.4 10  130   M    M   M      13 150
27  69  55  62   5   3   0  0.00  0.0   0  3.3  9  150   M    M   M      15 220
28  75  55  65   8   0   0  0.00  0.0   0  2.9  8  310   M    M   M      12 280
29  74  58  66   9   0   1  0.02  0.0   0  4.5 14  330   M    M   M      18 320
30  73  55  64   7   1   0  0.00  0.0   0  8.0 15  320   M    M   M      19 330
================================================================================
SM 1974 1543       188   2  3.99  0.0    157.4           M        M
================================================================================
AV 65.8 51.4                              5.2 FASTST  PSBL  %   M    MAX(MPH)
                                 MISC ---->     23  140               # 33 150
================================================================================
NOTES:
# LAST OF SEVERAL OCCURRENCES

COLUMN 17 PEAK WIND IN M.P.H.

PRELIMINARY LOCAL CLIMATOLOGICAL DATA (WS FORM: F-6) , PAGE 2

                                          STATION:   ANNETTE
                                          MONTH:     06
                                          YEAR:      2015
                                          LATITUDE:  55 02 N
                                          LONGITUDE: 131 34 W

[TEMPERATURE DATA]      [PRECIPITATION DATA]       SYMBOLS USED IN COLUMN 16

AVERAGE MONTHLY:58.6   TOTAL FOR MONTH: 3.99       1 = FOG
DPTR FM NORMAL:  3.4   DPTR FM NORMAL: -0.89       2 = FOG REDUCING VISIBILITY
HIGHEST:    80 ON 14    GRTST 24HR   1.10 ON  7        TO 1/4 MILE OR LESS
LOWEST:     44 ON 12                               3 = THUNDER
                        SNOW, ICE PELLETS, HAIL    4 = ICE PELLETS
                        TOTAL MONTH:  0.0         5 = HAIL
                        GRTST 24HR   0.0           6 = GLAZE OR RIME
                        GRTST DEPTH:    0          7 = BLOWING DUST OR SAND:
                                                       VSBY 1/2 MILE OR LESS
                                                   8 = SMOKE OR HAZE
[NO. OF DAYS WITH]      [WEATHER - DAYS WITH]      9 = BLOWING SNOW
                                                   X = TORNADO
MAX 32 OR BELOW:   0    0.01 INCH OR MORE:  14
MAX 70 OR ABOVE:   8    0.10 INCH OR MORE:   7
MIN 32 OR BELOW:   0    0.50 INCH OR MORE:   3
MIN  0 OR BELOW:   0    1.00 INCH OR MORE:   1

[HDD (BASE 65) ]
TOTAL THIS MO.   188    CLEAR  (SCALE 0-3)   M
DPTR FM NORMAL  -110    PTCLDY (SCALE 4-7)   M
SEASONAL TOTAL  5807    CLOUDY (SCALE 8-10)  M
DPTR FM NORMAL  -897

[CDD (BASE 65) ]
TOTAL THIS MO.     2
DPTR FM NORMAL     2    [PRESSURE DATA]
SEASONAL TOTAL     2    HIGHEST SLP     M
DPTR FM NORMAL     2    LOWEST  SLP     M

[REMARKS]
#FINAL-06-15#
