000
CXUS53 KIWX 210800
CF6AOH
PRELIMINARY LOCAL CLIMATOLOGICAL DATA (WS FORM: F-6)

                                          STATION:   LIMA
                                          MONTH:     JANUARY
                                          YEAR:      2018
                                          LATITUDE:   40 42 N
                                          LONGITUDE:  84  1 W

  TEMPERATURE IN F:       :PCPN:    SNOW:  WIND      :SUNSHINE: SKY     :PK WND
================================================================================
1   2   3   4   5  6A  6B    7    8   9   10  11  12  13   14  15   16   17  18
                                     12Z  AVG MX 2MIN
DY MAX MIN AVG DEP HDD CDD  WTR  SNW DPTH SPD SPD DIR MIN PSBL S-S WX    SPD DR
================================================================================

 1   5  -4   1 -26  64   0    T    M    M 11.5 17 250   M    M   8 1      20 250
 2   6 -12  -3 -30  68   0    T    M    M 10.5 16 220   M    M   2        19 220
 3   M   3   M   M   M   M    T    M    M 12.7 18 230   M    M   7 8      23 220
 4   M   M   M   M   M   M    T    M    M 11.3 15 320   M    M   8        22 330
 5   M   M   M   M   M   M    T    M    0  7.4 10 310   M    M  10 18      M  M
 6  12  -1   6 -21  59   0    T    M    M  6.1  9 160   M    M   6 1      11 240
 7  33   0  17 -10  48   0    T    M    M 14.1 21 180   M    M   6        27 180
 8  35  30  33   7  32   0 0.18    M    M 17.1 23 230   M    M  10 16     30 210
 9  32  27  30   4  35   0 0.00  0.0    M  6.9 16 250   M    M   8 1      19 250
10  53  28  41  15  24   0 0.02    M    M 12.2 18 190   M    M   8 1      23 200
11  57  52  55  29  10   0 0.07  0.0    0 14.5 23 180   M    M   9 1      34 170
12  56  15  36  10  29   0 0.60    M    0 17.7 28 360   M    M  10 1      36 360
13  16   8  12 -14  53   0    T    M    M  9.8 23 350   M    M   6        30 350
14  18   4  11 -15  54   0    T    M    M  6.8 13 150   M    M   3        16 190
15  25  11  18  -8  47   0 0.01    M    M 12.3 24 260   M    M  10 1      27 270
16  11   0   6 -20  59   0    T    M    M 12.7 22 270   M    M   8 18     27 270
17  16   7  12 -14  53   0    T    M    M 11.1 20 230   M    M   5 18     23 220
18  27  11  19  -7  46   0 0.00  0.0    0 16.4 21 210   M    M   0        30 240
19  34  21  28   2  37   0 0.00  0.0    0 15.5 23 200   M    M   0        30 200
20  40  32  36  10  29   0 0.00  0.0    0 13.0 22 220   M    M   2        29 220
================================================================================
SM  476  232       747   0  0.88     0.0 239.6          M      126
================================================================================
AV 28.0 12.9                              12.0 FASTST   M    M   6    MAX(MPH)
                                 MISC ---->  # 28 360               # 36  360
================================================================================
NOTES:
# LAST OF SEVERAL OCCURRENCES

COLUMN 17 PEAK WIND IN M.P.H.

PRELIMINARY LOCAL CLIMATOLOGICAL DATA (WS FORM: F-6) , PAGE 2

                                          STATION:  LIMA
                                          MONTH:    JANUARY
                                          YEAR:     2018
                                          LATITUDE:   40 42 N
                                          LONGITUDE:  84  1 W

[TEMPERATURE DATA]      [PRECIPITATION DATA]       SYMBOLS USED IN COLUMN 16

AVERAGE MONTHLY: 20.4   TOTAL FOR MONTH:   0.88    1 = FOG OR MIST
DPTR FM NORMAL:  -5.9   DPTR FM NORMAL:   -0.03    2 = FOG REDUCING VISIBILITY
HIGHEST:    57 ON 11    GRTST 24HR  0.60 ON 12-12      TO 1/4 MILE OR LESS
LOWEST:    -12 ON  2                               3 = THUNDER
                        SNOW, ICE PELLETS, HAIL    4 = ICE PELLETS
                        TOTAL MONTH:   0.0 INCH    5 = HAIL
                        GRTST 24HR     0.0         6 = FREEZING RAIN OR DRIZZLE
                        GRTST DEPTH:   0           7 = DUSTSTORM OR SANDSTORM:
                                                       VSBY 1/2 MILE OR LESS
                                                   8 = SMOKE OR HAZE
[NO. OF DAYS WITH]      [WEATHER - DAYS WITH]      9 = BLOWING SNOW
                                                   X = TORNADO
MAX 32 OR BELOW:  10    0.01 INCH OR MORE:   5
MAX 90 OR ABOVE:   0    0.10 INCH OR MORE:   2
MIN 32 OR BELOW:  17    0.50 INCH OR MORE:   1
MIN  0 OR BELOW:   5    1.00 INCH OR MORE:   0

[HDD (BASE 65) ]
TOTAL THIS MO.   747    CLEAR  (SCALE 0-3)   5
DPTR FM NORMAL   -25    PTCLDY (SCALE 4-7)   9
TOTAL FM JUL 1  2959    CLOUDY (SCALE 8-10)  6
DPTR FM NORMAL   -44

[CDD (BASE 65) ]
TOTAL THIS MO.     0
DPTR FM NORMAL     0    [PRESSURE DATA]
TOTAL FM JAN 1     0    HIGHEST SLP M ON M
DPTR FM NORMAL     0    LOWEST  SLP 29.66 ON 11

[REMARKS]
